{"id":12043,"date":"2022-04-24T15:01:34","date_gmt":"2022-04-24T13:01:34","guid":{"rendered":"https:\/\/www.lohschule-datteln.de\/?page_id=12043"},"modified":"2022-04-24T15:09:20","modified_gmt":"2022-04-24T13:09:20","slug":"gottesdienst-im-klassenraum-2021-22","status":"publish","type":"page","link":"https:\/\/www.lohschule-datteln.de\/index.php\/gottesdienst-im-klassenraum-2021-22\/","title":{"rendered":"Gottesdienst im Klassenraum 2021\/22"},"content":{"rendered":"<h2>Unsere Gottesdienste im Klassenraum: R\u00fcckblick<\/h2>\n<p><span style=\"color: #808080;\">In den beiden letzten Wochen vor den Osterferien freuten sich alle sehr, als Pfarrer Pla\u00dfmann wieder zu einem Klassenraum-Gottesdienst in jede unserer Klassen kam. In allen Klassenr\u00e4umen lud ein fastenzeitlich geschm\u00fcckter Altar sowie eine besinnliche Stimmung Gro\u00df und Klein ein, im Schulalltag innezuhalten und in der Fastenzeit \u00fcber sich und u.a. die Bedeutung des Chrisam \u00d6ls nachzudenken, den Duft des \u00d6ls wahrzunehmen, gemeinsam zu singen und zu beten. Diese Momente genossen alle sehr und konnten, wie im Eingangslied der Gottesdienste gesungen, sp\u00fcren: &#8222;Wo 2 oder 3 in meinem Namen versammelt sind, da bin ich mitten unter ihnen&#8230;&#8220;<\/span><\/p>\n<p><span style=\"color: #808080;\">HERZLICHEN DANK, lieber Pfarrer Pla\u00dfmann, f\u00fcr all die sch\u00f6nen Klassenraum-Gottesdienste und die Zeit, die Sie sich dabei wieder f\u00fcr jede unserer Klassen genommen haben!!!<\/span><\/p>\n\n\n<div class=\"wp-block-image is-style-rounded\"><figure class=\"aligncenter size-full is-resized\"><img loading=\"lazy\" decoding=\"async\" src=\"https:\/\/www.lohschule-datteln.de\/wp-content\/uploads\/2022\/04\/Altar_Fastenzeitgottesdienst.jpg\" alt=\"\" class=\"wp-image-12048\" width=\"287\" height=\"215\" srcset=\"https:\/\/www.lohschule-datteln.de\/wp-content\/uploads\/2022\/04\/Altar_Fastenzeitgottesdienst.jpg 600w, https:\/\/www.lohschule-datteln.de\/wp-content\/uploads\/2022\/04\/Altar_Fastenzeitgottesdienst-300x225.jpg 300w\" sizes=\"auto, (max-width: 287px) 100vw, 287px\" \/><\/figure><\/div>\n","protected":false},"excerpt":{"rendered":"<p>Unsere Gottesdienste im Klassenraum: R\u00fcckblick In den beiden letzten Wochen vor den Osterferien freuten sich alle sehr, als Pfarrer Pla\u00dfmann wieder zu einem Klassenraum-Gottesdienst in jede unserer Klassen kam. In allen Klassenr\u00e4umen lud ein fastenzeitlich geschm\u00fcckter Altar sowie eine besinnliche Stimmung Gro\u00df und Klein ein, im Schulalltag innezuhalten und in der Fastenzeit \u00fcber sich und [&hellip;]<\/p>\n","protected":false},"author":3,"featured_media":0,"parent":0,"menu_order":0,"comment_status":"closed","ping_status":"closed","template":"","meta":{"footnotes":""},"class_list":["post-12043","page","type-page","status-publish","hentry"],"yoast_head":"<!-- This site is optimized with the Yoast SEO plugin v27.5 - https:\/\/yoast.com\/product\/yoast-seo-wordpress\/ -->\n<title>Gottesdienst im Klassenraum 2021\/22 - Lohschule Datteln<\/title>\n<meta name=\"robots\" content=\"index, follow, max-snippet:-1, max-image-preview:large, max-video-preview:-1\" \/>\n<link rel=\"canonical\" href=\"https:\/\/www.lohschule-datteln.de\/index.php\/gottesdienst-im-klassenraum-2021-22\/\" \/>\n<meta property=\"og:locale\" content=\"de_DE\" \/>\n<meta property=\"og:type\" content=\"article\" \/>\n<meta property=\"og:title\" content=\"Gottesdienst im Klassenraum 2021\/22 - Lohschule Datteln\" \/>\n<meta property=\"og:description\" content=\"Unsere Gottesdienste im Klassenraum: R\u00fcckblick In den beiden letzten Wochen vor den Osterferien freuten sich alle sehr, als Pfarrer Pla\u00dfmann wieder zu einem Klassenraum-Gottesdienst in jede unserer Klassen kam. In allen Klassenr\u00e4umen lud ein fastenzeitlich geschm\u00fcckter Altar sowie eine besinnliche Stimmung Gro\u00df und Klein ein, im Schulalltag innezuhalten und in der Fastenzeit \u00fcber sich und [&hellip;]\" \/>\n<meta property=\"og:url\" content=\"https:\/\/www.lohschule-datteln.de\/index.php\/gottesdienst-im-klassenraum-2021-22\/\" \/>\n<meta property=\"og:site_name\" content=\"Lohschule Datteln\" \/>\n<meta property=\"article:modified_time\" content=\"2022-04-24T13:09:20+00:00\" \/>\n<meta property=\"og:image\" content=\"https:\/\/www.lohschule-datteln.de\/wp-content\/uploads\/2022\/04\/Altar_Fastenzeitgottesdienst.jpg\" \/>\n<meta name=\"twitter:card\" content=\"summary_large_image\" \/>\n<meta name=\"twitter:label1\" content=\"Gesch\u00e4tzte Lesezeit\" \/>\n\t<meta name=\"twitter:data1\" content=\"1\u00a0Minute\" \/>\n<script type=\"application\/ld+json\" class=\"yoast-schema-graph\">{\"@context\":\"https:\\\/\\\/schema.org\",\"@graph\":[{\"@type\":\"WebPage\",\"@id\":\"https:\\\/\\\/www.lohschule-datteln.de\\\/index.php\\\/gottesdienst-im-klassenraum-2021-22\\\/\",\"url\":\"https:\\\/\\\/www.lohschule-datteln.de\\\/index.php\\\/gottesdienst-im-klassenraum-2021-22\\\/\",\"name\":\"Gottesdienst im Klassenraum 2021\\\/22 - Lohschule Datteln\",\"isPartOf\":{\"@id\":\"https:\\\/\\\/www.lohschule-datteln.de\\\/#website\"},\"primaryImageOfPage\":{\"@id\":\"https:\\\/\\\/www.lohschule-datteln.de\\\/index.php\\\/gottesdienst-im-klassenraum-2021-22\\\/#primaryimage\"},\"image\":{\"@id\":\"https:\\\/\\\/www.lohschule-datteln.de\\\/index.php\\\/gottesdienst-im-klassenraum-2021-22\\\/#primaryimage\"},\"thumbnailUrl\":\"https:\\\/\\\/www.lohschule-datteln.de\\\/wp-content\\\/uploads\\\/2022\\\/04\\\/Altar_Fastenzeitgottesdienst.jpg\",\"datePublished\":\"2022-04-24T13:01:34+00:00\",\"dateModified\":\"2022-04-24T13:09:20+00:00\",\"breadcrumb\":{\"@id\":\"https:\\\/\\\/www.lohschule-datteln.de\\\/index.php\\\/gottesdienst-im-klassenraum-2021-22\\\/#breadcrumb\"},\"inLanguage\":\"de\",\"potentialAction\":[{\"@type\":\"ReadAction\",\"target\":[\"https:\\\/\\\/www.lohschule-datteln.de\\\/index.php\\\/gottesdienst-im-klassenraum-2021-22\\\/\"]}]},{\"@type\":\"ImageObject\",\"inLanguage\":\"de\",\"@id\":\"https:\\\/\\\/www.lohschule-datteln.de\\\/index.php\\\/gottesdienst-im-klassenraum-2021-22\\\/#primaryimage\",\"url\":\"https:\\\/\\\/www.lohschule-datteln.de\\\/wp-content\\\/uploads\\\/2022\\\/04\\\/Altar_Fastenzeitgottesdienst.jpg\",\"contentUrl\":\"https:\\\/\\\/www.lohschule-datteln.de\\\/wp-content\\\/uploads\\\/2022\\\/04\\\/Altar_Fastenzeitgottesdienst.jpg\",\"width\":600,\"height\":450},{\"@type\":\"BreadcrumbList\",\"@id\":\"https:\\\/\\\/www.lohschule-datteln.de\\\/index.php\\\/gottesdienst-im-klassenraum-2021-22\\\/#breadcrumb\",\"itemListElement\":[{\"@type\":\"ListItem\",\"position\":1,\"name\":\"Startseite\",\"item\":\"https:\\\/\\\/www.lohschule-datteln.de\\\/\"},{\"@type\":\"ListItem\",\"position\":2,\"name\":\"Gottesdienst im Klassenraum 2021\\\/22\"}]},{\"@type\":\"WebSite\",\"@id\":\"https:\\\/\\\/www.lohschule-datteln.de\\\/#website\",\"url\":\"https:\\\/\\\/www.lohschule-datteln.de\\\/\",\"name\":\"Lohschule Datteln\",\"description\":\"kath. Grundschule\",\"publisher\":{\"@id\":\"https:\\\/\\\/www.lohschule-datteln.de\\\/#organization\"},\"potentialAction\":[{\"@type\":\"SearchAction\",\"target\":{\"@type\":\"EntryPoint\",\"urlTemplate\":\"https:\\\/\\\/www.lohschule-datteln.de\\\/?s={search_term_string}\"},\"query-input\":{\"@type\":\"PropertyValueSpecification\",\"valueRequired\":true,\"valueName\":\"search_term_string\"}}],\"inLanguage\":\"de\"},{\"@type\":\"Organization\",\"@id\":\"https:\\\/\\\/www.lohschule-datteln.de\\\/#organization\",\"name\":\"Lohschule -katholische Grundschule Datteln\",\"url\":\"https:\\\/\\\/www.lohschule-datteln.de\\\/\",\"logo\":{\"@type\":\"ImageObject\",\"inLanguage\":\"de\",\"@id\":\"https:\\\/\\\/www.lohschule-datteln.de\\\/#\\\/schema\\\/logo\\\/image\\\/\",\"url\":\"http:\\\/\\\/www.lohschule-datteln.de\\\/wp-content\\\/uploads\\\/2016\\\/02\\\/Loh-neu-2016.jpg\",\"contentUrl\":\"http:\\\/\\\/www.lohschule-datteln.de\\\/wp-content\\\/uploads\\\/2016\\\/02\\\/Loh-neu-2016.jpg\",\"width\":448,\"height\":252,\"caption\":\"Lohschule -katholische Grundschule Datteln\"},\"image\":{\"@id\":\"https:\\\/\\\/www.lohschule-datteln.de\\\/#\\\/schema\\\/logo\\\/image\\\/\"}}]}<\/script>\n<!-- \/ Yoast SEO plugin. -->","yoast_head_json":{"title":"Gottesdienst im Klassenraum 2021\/22 - Lohschule Datteln","robots":{"index":"index","follow":"follow","max-snippet":"max-snippet:-1","max-image-preview":"max-image-preview:large","max-video-preview":"max-video-preview:-1"},"canonical":"https:\/\/www.lohschule-datteln.de\/index.php\/gottesdienst-im-klassenraum-2021-22\/","og_locale":"de_DE","og_type":"article","og_title":"Gottesdienst im Klassenraum 2021\/22 - Lohschule Datteln","og_description":"Unsere Gottesdienste im Klassenraum: R\u00fcckblick In den beiden letzten Wochen vor den Osterferien freuten sich alle sehr, als Pfarrer Pla\u00dfmann wieder zu einem Klassenraum-Gottesdienst in jede unserer Klassen kam. In allen Klassenr\u00e4umen lud ein fastenzeitlich geschm\u00fcckter Altar sowie eine besinnliche Stimmung Gro\u00df und Klein ein, im Schulalltag innezuhalten und in der Fastenzeit \u00fcber sich und [&hellip;]","og_url":"https:\/\/www.lohschule-datteln.de\/index.php\/gottesdienst-im-klassenraum-2021-22\/","og_site_name":"Lohschule Datteln","article_modified_time":"2022-04-24T13:09:20+00:00","og_image":[{"url":"https:\/\/www.lohschule-datteln.de\/wp-content\/uploads\/2022\/04\/Altar_Fastenzeitgottesdienst.jpg","type":"","width":"","height":""}],"twitter_card":"summary_large_image","twitter_misc":{"Gesch\u00e4tzte Lesezeit":"1\u00a0Minute"},"schema":{"@context":"https:\/\/schema.org","@graph":[{"@type":"WebPage","@id":"https:\/\/www.lohschule-datteln.de\/index.php\/gottesdienst-im-klassenraum-2021-22\/","url":"https:\/\/www.lohschule-datteln.de\/index.php\/gottesdienst-im-klassenraum-2021-22\/","name":"Gottesdienst im Klassenraum 2021\/22 - Lohschule Datteln","isPartOf":{"@id":"https:\/\/www.lohschule-datteln.de\/#website"},"primaryImageOfPage":{"@id":"https:\/\/www.lohschule-datteln.de\/index.php\/gottesdienst-im-klassenraum-2021-22\/#primaryimage"},"image":{"@id":"https:\/\/www.lohschule-datteln.de\/index.php\/gottesdienst-im-klassenraum-2021-22\/#primaryimage"},"thumbnailUrl":"https:\/\/www.lohschule-datteln.de\/wp-content\/uploads\/2022\/04\/Altar_Fastenzeitgottesdienst.jpg","datePublished":"2022-04-24T13:01:34+00:00","dateModified":"2022-04-24T13:09:20+00:00","breadcrumb":{"@id":"https:\/\/www.lohschule-datteln.de\/index.php\/gottesdienst-im-klassenraum-2021-22\/#breadcrumb"},"inLanguage":"de","potentialAction":[{"@type":"ReadAction","target":["https:\/\/www.lohschule-datteln.de\/index.php\/gottesdienst-im-klassenraum-2021-22\/"]}]},{"@type":"ImageObject","inLanguage":"de","@id":"https:\/\/www.lohschule-datteln.de\/index.php\/gottesdienst-im-klassenraum-2021-22\/#primaryimage","url":"https:\/\/www.lohschule-datteln.de\/wp-content\/uploads\/2022\/04\/Altar_Fastenzeitgottesdienst.jpg","contentUrl":"https:\/\/www.lohschule-datteln.de\/wp-content\/uploads\/2022\/04\/Altar_Fastenzeitgottesdienst.jpg","width":600,"height":450},{"@type":"BreadcrumbList","@id":"https:\/\/www.lohschule-datteln.de\/index.php\/gottesdienst-im-klassenraum-2021-22\/#breadcrumb","itemListElement":[{"@type":"ListItem","position":1,"name":"Startseite","item":"https:\/\/www.lohschule-datteln.de\/"},{"@type":"ListItem","position":2,"name":"Gottesdienst im Klassenraum 2021\/22"}]},{"@type":"WebSite","@id":"https:\/\/www.lohschule-datteln.de\/#website","url":"https:\/\/www.lohschule-datteln.de\/","name":"Lohschule Datteln","description":"kath. Grundschule","publisher":{"@id":"https:\/\/www.lohschule-datteln.de\/#organization"},"potentialAction":[{"@type":"SearchAction","target":{"@type":"EntryPoint","urlTemplate":"https:\/\/www.lohschule-datteln.de\/?s={search_term_string}"},"query-input":{"@type":"PropertyValueSpecification","valueRequired":true,"valueName":"search_term_string"}}],"inLanguage":"de"},{"@type":"Organization","@id":"https:\/\/www.lohschule-datteln.de\/#organization","name":"Lohschule -katholische Grundschule Datteln","url":"https:\/\/www.lohschule-datteln.de\/","logo":{"@type":"ImageObject","inLanguage":"de","@id":"https:\/\/www.lohschule-datteln.de\/#\/schema\/logo\/image\/","url":"http:\/\/www.lohschule-datteln.de\/wp-content\/uploads\/2016\/02\/Loh-neu-2016.jpg","contentUrl":"http:\/\/www.lohschule-datteln.de\/wp-content\/uploads\/2016\/02\/Loh-neu-2016.jpg","width":448,"height":252,"caption":"Lohschule -katholische Grundschule Datteln"},"image":{"@id":"https:\/\/www.lohschule-datteln.de\/#\/schema\/logo\/image\/"}}]}},"_links":{"self":[{"href":"https:\/\/www.lohschule-datteln.de\/index.php\/wp-json\/wp\/v2\/pages\/12043","targetHints":{"allow":["GET"]}}],"collection":[{"href":"https:\/\/www.lohschule-datteln.de\/index.php\/wp-json\/wp\/v2\/pages"}],"about":[{"href":"https:\/\/www.lohschule-datteln.de\/index.php\/wp-json\/wp\/v2\/types\/page"}],"author":[{"embeddable":true,"href":"https:\/\/www.lohschule-datteln.de\/index.php\/wp-json\/wp\/v2\/users\/3"}],"replies":[{"embeddable":true,"href":"https:\/\/www.lohschule-datteln.de\/index.php\/wp-json\/wp\/v2\/comments?post=12043"}],"version-history":[{"count":3,"href":"https:\/\/www.lohschule-datteln.de\/index.php\/wp-json\/wp\/v2\/pages\/12043\/revisions"}],"predecessor-version":[{"id":12050,"href":"https:\/\/www.lohschule-datteln.de\/index.php\/wp-json\/wp\/v2\/pages\/12043\/revisions\/12050"}],"wp:attachment":[{"href":"https:\/\/www.lohschule-datteln.de\/index.php\/wp-json\/wp\/v2\/media?parent=12043"}],"curies":[{"name":"wp","href":"https:\/\/api.w.org\/{rel}","templated":true}]}}

<h2>Unsere Gottesdienste im Klassenraum: Rückblick</h2>
<p><span style="color: #808080;">In den beiden letzten Wochen vor den Osterferien freuten sich alle sehr, als Pfarrer Plaßmann wieder zu einem Klassenraum-Gottesdienst in jede unserer Klassen kam. In allen Klassenräumen lud ein fastenzeitlich geschmückter Altar sowie eine besinnliche Stimmung Groß und Klein ein, im Schulalltag innezuhalten und in der Fastenzeit über sich und u.a. die Bedeutung des Chrisam Öls nachzudenken, den Duft des Öls wahrzunehmen, gemeinsam zu singen und zu beten. Diese Momente genossen alle sehr und konnten, wie im Eingangslied der Gottesdienste gesungen, spüren: &#8222;Wo 2 oder 3 in meinem Namen versammelt sind, da bin ich mitten unter ihnen&#8230;&#8220;</span></p>
<p><span style="color: #808080;">HERZLICHEN DANK, lieber Pfarrer Plaßmann, für all die schönen Klassenraum-Gottesdienste und die Zeit, die Sie sich dabei wieder für jede unserer Klassen genommen haben!!!</span></p>


<div class="wp-block-image is-style-rounded"><figure class="aligncenter size-full is-resized"><img loading="lazy" decoding="async" src="https://www.lohschule-datteln.de/wp-content/uploads/2022/04/Altar_Fastenzeitgottesdienst.jpg" alt="" class="wp-image-12048" width="287" height="215" srcset="https://www.lohschule-datteln.de/wp-content/uploads/2022/04/Altar_Fastenzeitgottesdienst.jpg 600w, https://www.lohschule-datteln.de/wp-content/uploads/2022/04/Altar_Fastenzeitgottesdienst-300x225.jpg 300w" sizes="auto, (max-width: 287px) 100vw, 287px" /></figure></div>

<p>Unsere Gottesdienste im Klassenraum: Rückblick In den beiden letzten Wochen vor den Osterferien freuten sich alle sehr, als Pfarrer Plaßmann wieder zu einem Klassenraum-Gottesdienst in jede unserer Klassen kam. In allen Klassenräumen lud ein fastenzeitlich geschmückter Altar sowie eine besinnliche Stimmung Groß und Klein ein, im Schulalltag innezuhalten und in der Fastenzeit über sich und [&hellip;]</p>

<!-- This site is optimized with the Yoast SEO plugin v27.5 - https://yoast.com/product/yoast-seo-wordpress/ -->
<title>Gottesdienst im Klassenraum 2021/22 - Lohschule Datteln</title>
<meta name="robots" content="index, follow, max-snippet:-1, max-image-preview:large, max-video-preview:-1" />
<link rel="canonical" href="https://www.lohschule-datteln.de/index.php/gottesdienst-im-klassenraum-2021-22/" />
<meta property="og:locale" content="de_DE" />
<meta property="og:type" content="article" />
<meta property="og:title" content="Gottesdienst im Klassenraum 2021/22 - Lohschule Datteln" />
<meta property="og:description" content="Unsere Gottesdienste im Klassenraum: Rückblick In den beiden letzten Wochen vor den Osterferien freuten sich alle sehr, als Pfarrer Plaßmann wieder zu einem Klassenraum-Gottesdienst in jede unserer Klassen kam. In allen Klassenräumen lud ein fastenzeitlich geschmückter Altar sowie eine besinnliche Stimmung Groß und Klein ein, im Schulalltag innezuhalten und in der Fastenzeit über sich und [&hellip;]" />
<meta property="og:url" content="https://www.lohschule-datteln.de/index.php/gottesdienst-im-klassenraum-2021-22/" />
<meta property="og:site_name" content="Lohschule Datteln" />
<meta property="article:modified_time" content="2022-04-24T13:09:20+00:00" />
<meta property="og:image" content="https://www.lohschule-datteln.de/wp-content/uploads/2022/04/Altar_Fastenzeitgottesdienst.jpg" />
<meta name="twitter:card" content="summary_large_image" />
<meta name="twitter:label1" content="Geschätzte Lesezeit" />
	<meta name="twitter:data1" content="1 Minute" />
<script type="application/ld+json" class="yoast-schema-graph">{"@context":"https:\/\/schema.org","@graph":[{"@type":"WebPage","@id":"https:\/\/www.lohschule-datteln.de\/index.php\/gottesdienst-im-klassenraum-2021-22\/","url":"https:\/\/www.lohschule-datteln.de\/index.php\/gottesdienst-im-klassenraum-2021-22\/","name":"Gottesdienst im Klassenraum 2021\/22 - Lohschule Datteln","isPartOf":{"@id":"https:\/\/www.lohschule-datteln.de\/#website"},"primaryImageOfPage":{"@id":"https:\/\/www.lohschule-datteln.de\/index.php\/gottesdienst-im-klassenraum-2021-22\/#primaryimage"},"image":{"@id":"https:\/\/www.lohschule-datteln.de\/index.php\/gottesdienst-im-klassenraum-2021-22\/#primaryimage"},"thumbnailUrl":"https:\/\/www.lohschule-datteln.de\/wp-content\/uploads\/2022\/04\/Altar_Fastenzeitgottesdienst.jpg","datePublished":"2022-04-24T13:01:34+00:00","dateModified":"2022-04-24T13:09:20+00:00","breadcrumb":{"@id":"https:\/\/www.lohschule-datteln.de\/index.php\/gottesdienst-im-klassenraum-2021-22\/#breadcrumb"},"inLanguage":"de","potentialAction":[{"@type":"ReadAction","target":["https:\/\/www.lohschule-datteln.de\/index.php\/gottesdienst-im-klassenraum-2021-22\/"]}]},{"@type":"ImageObject","inLanguage":"de","@id":"https:\/\/www.lohschule-datteln.de\/index.php\/gottesdienst-im-klassenraum-2021-22\/#primaryimage","url":"https:\/\/www.lohschule-datteln.de\/wp-content\/uploads\/2022\/04\/Altar_Fastenzeitgottesdienst.jpg","contentUrl":"https:\/\/www.lohschule-datteln.de\/wp-content\/uploads\/2022\/04\/Altar_Fastenzeitgottesdienst.jpg","width":600,"height":450},{"@type":"BreadcrumbList","@id":"https:\/\/www.lohschule-datteln.de\/index.php\/gottesdienst-im-klassenraum-2021-22\/#breadcrumb","itemListElement":[{"@type":"ListItem","position":1,"name":"Startseite","item":"https:\/\/www.lohschule-datteln.de\/"},{"@type":"ListItem","position":2,"name":"Gottesdienst im Klassenraum 2021\/22"}]},{"@type":"WebSite","@id":"https:\/\/www.lohschule-datteln.de\/#website","url":"https:\/\/www.lohschule-datteln.de\/","name":"Lohschule Datteln","description":"kath. Grundschule","publisher":{"@id":"https:\/\/www.lohschule-datteln.de\/#organization"},"potentialAction":[{"@type":"SearchAction","target":{"@type":"EntryPoint","urlTemplate":"https:\/\/www.lohschule-datteln.de\/?s={search_term_string}"},"query-input":{"@type":"PropertyValueSpecification","valueRequired":true,"valueName":"search_term_string"}}],"inLanguage":"de"},{"@type":"Organization","@id":"https:\/\/www.lohschule-datteln.de\/#organization","name":"Lohschule -katholische Grundschule Datteln","url":"https:\/\/www.lohschule-datteln.de\/","logo":{"@type":"ImageObject","inLanguage":"de","@id":"https:\/\/www.lohschule-datteln.de\/#\/schema\/logo\/image\/","url":"http:\/\/www.lohschule-datteln.de\/wp-content\/uploads\/2016\/02\/Loh-neu-2016.jpg","contentUrl":"http:\/\/www.lohschule-datteln.de\/wp-content\/uploads\/2016\/02\/Loh-neu-2016.jpg","width":448,"height":252,"caption":"Lohschule -katholische Grundschule Datteln"},"image":{"@id":"https:\/\/www.lohschule-datteln.de\/#\/schema\/logo\/image\/"}}]}</script>
<!-- / Yoast SEO plugin. -->

Unsere Gottesdienste im Klassenraum: Rückblick In den beiden letzten Wochen vor den Osterferien freuten sich alle sehr, als Pfarrer Plaßmann wieder zu einem Klassenraum-Gottesdienst in jede unserer Klassen kam. In allen Klassenräumen lud ein fastenzeitlich geschmückter Altar sowie eine besinnliche Stimmung Groß und Klein ein, im Schulalltag innezuhalten und in der Fastenzeit über sich und [&hellip;]
