{"id":12402,"date":"2022-11-16T21:09:45","date_gmt":"2022-11-16T20:09:45","guid":{"rendered":"https:\/\/www.lohschule-datteln.de\/?page_id=12402"},"modified":"2022-11-16T21:26:27","modified_gmt":"2022-11-16T20:26:27","slug":"adventsbasteln-2022","status":"publish","type":"page","link":"https:\/\/www.lohschule-datteln.de\/index.php\/adventsbasteln-2022\/","title":{"rendered":"Adventsbasteln 2022"},"content":{"rendered":"<h3>Schneidern, H\u00e4mmern, Basteln&#8230; \u00fcberall im Haus&#8230;<\/h3>\n<p><span style=\"color: #808080;\">Mitte November, dieses Jahr etwas fr\u00fcher, hie\u00df es bei uns wieder ADVENTSBASTELN. Zum Teil unterst\u00fctzt durch elterliche H\u00e4nde machten die Kinder sich mit den Lehrerinnen und Lehrern daran, f\u00fcr Klassenzimmer und G\u00e4nge adventliche und winterliche Basteleien herzustellen.<\/span><\/p>\n<p><span style=\"color: #808080;\">Ein kleiner Einblick in Bildern:<\/span><\/p>\n<div id='gallery-1' class='gallery galleryid-12402 gallery-columns-3 gallery-size-medium'><figure class='gallery-item'>\n\t\t\t<div class='gallery-icon landscape'>\n\t\t\t\t<img loading=\"lazy\" decoding=\"async\" width=\"300\" height=\"225\" src=\"https:\/\/www.lohschule-datteln.de\/wp-content\/uploads\/2022\/11\/IMG_3315-300x225.jpg\" class=\"attachment-medium size-medium\" alt=\"\" srcset=\"https:\/\/www.lohschule-datteln.de\/wp-content\/uploads\/2022\/11\/IMG_3315-300x225.jpg 300w, https:\/\/www.lohschule-datteln.de\/wp-content\/uploads\/2022\/11\/IMG_3315-768x576.jpg 768w, https:\/\/www.lohschule-datteln.de\/wp-content\/uploads\/2022\/11\/IMG_3315.jpg 800w\" sizes=\"auto, (max-width: 300px) 100vw, 300px\" \/>\n\t\t\t<\/div><\/figure><figure class='gallery-item'>\n\t\t\t<div class='gallery-icon portrait'>\n\t\t\t\t<img loading=\"lazy\" decoding=\"async\" width=\"225\" height=\"300\" src=\"https:\/\/www.lohschule-datteln.de\/wp-content\/uploads\/2022\/11\/IMG_3316-225x300.jpg\" class=\"attachment-medium size-medium\" alt=\"\" srcset=\"https:\/\/www.lohschule-datteln.de\/wp-content\/uploads\/2022\/11\/IMG_3316-225x300.jpg 225w, https:\/\/www.lohschule-datteln.de\/wp-content\/uploads\/2022\/11\/IMG_3316-768x1024.jpg 768w, https:\/\/www.lohschule-datteln.de\/wp-content\/uploads\/2022\/11\/IMG_3316.jpg 800w\" sizes=\"auto, (max-width: 225px) 100vw, 225px\" \/>\n\t\t\t<\/div><\/figure><figure class='gallery-item'>\n\t\t\t<div class='gallery-icon landscape'>\n\t\t\t\t<img loading=\"lazy\" decoding=\"async\" width=\"300\" height=\"225\" src=\"https:\/\/www.lohschule-datteln.de\/wp-content\/uploads\/2022\/11\/IMG_3317-300x225.jpg\" class=\"attachment-medium size-medium\" alt=\"\" srcset=\"https:\/\/www.lohschule-datteln.de\/wp-content\/uploads\/2022\/11\/IMG_3317-300x225.jpg 300w, https:\/\/www.lohschule-datteln.de\/wp-content\/uploads\/2022\/11\/IMG_3317-768x576.jpg 768w, https:\/\/www.lohschule-datteln.de\/wp-content\/uploads\/2022\/11\/IMG_3317.jpg 800w\" sizes=\"auto, (max-width: 300px) 100vw, 300px\" \/>\n\t\t\t<\/div><\/figure>\n\t\t<\/div>\n\n<div id='gallery-2' class='gallery galleryid-12402 gallery-columns-3 gallery-size-medium'><figure class='gallery-item'>\n\t\t\t<div class='gallery-icon portrait'>\n\t\t\t\t<img loading=\"lazy\" decoding=\"async\" width=\"225\" height=\"300\" src=\"https:\/\/www.lohschule-datteln.de\/wp-content\/uploads\/2022\/11\/IMG_3318-225x300.jpg\" class=\"attachment-medium size-medium\" alt=\"\" srcset=\"https:\/\/www.lohschule-datteln.de\/wp-content\/uploads\/2022\/11\/IMG_3318-225x300.jpg 225w, https:\/\/www.lohschule-datteln.de\/wp-content\/uploads\/2022\/11\/IMG_3318-768x1024.jpg 768w, https:\/\/www.lohschule-datteln.de\/wp-content\/uploads\/2022\/11\/IMG_3318.jpg 800w\" sizes=\"auto, (max-width: 225px) 100vw, 225px\" \/>\n\t\t\t<\/div><\/figure><figure class='gallery-item'>\n\t\t\t<div class='gallery-icon landscape'>\n\t\t\t\t<img loading=\"lazy\" decoding=\"async\" width=\"300\" height=\"225\" src=\"https:\/\/www.lohschule-datteln.de\/wp-content\/uploads\/2022\/11\/IMG_3319-300x225.jpg\" class=\"attachment-medium size-medium\" alt=\"\" srcset=\"https:\/\/www.lohschule-datteln.de\/wp-content\/uploads\/2022\/11\/IMG_3319-300x225.jpg 300w, https:\/\/www.lohschule-datteln.de\/wp-content\/uploads\/2022\/11\/IMG_3319-768x576.jpg 768w, https:\/\/www.lohschule-datteln.de\/wp-content\/uploads\/2022\/11\/IMG_3319.jpg 800w\" sizes=\"auto, (max-width: 300px) 100vw, 300px\" \/>\n\t\t\t<\/div><\/figure><figure class='gallery-item'>\n\t\t\t<div class='gallery-icon landscape'>\n\t\t\t\t<img loading=\"lazy\" decoding=\"async\" width=\"300\" height=\"225\" src=\"https:\/\/www.lohschule-datteln.de\/wp-content\/uploads\/2022\/11\/IMG_3332-300x225.jpg\" class=\"attachment-medium size-medium\" alt=\"\" srcset=\"https:\/\/www.lohschule-datteln.de\/wp-content\/uploads\/2022\/11\/IMG_3332-300x225.jpg 300w, https:\/\/www.lohschule-datteln.de\/wp-content\/uploads\/2022\/11\/IMG_3332-768x576.jpg 768w, https:\/\/www.lohschule-datteln.de\/wp-content\/uploads\/2022\/11\/IMG_3332.jpg 800w\" sizes=\"auto, (max-width: 300px) 100vw, 300px\" \/>\n\t\t\t<\/div><\/figure>\n\t\t<\/div>\n\n<div id='gallery-3' class='gallery galleryid-12402 gallery-columns-3 gallery-size-medium'><figure class='gallery-item'>\n\t\t\t<div class='gallery-icon landscape'>\n\t\t\t\t<img loading=\"lazy\" decoding=\"async\" width=\"300\" height=\"225\" src=\"https:\/\/www.lohschule-datteln.de\/wp-content\/uploads\/2022\/11\/IMG_3333-300x225.jpg\" class=\"attachment-medium size-medium\" alt=\"\" srcset=\"https:\/\/www.lohschule-datteln.de\/wp-content\/uploads\/2022\/11\/IMG_3333-300x225.jpg 300w, https:\/\/www.lohschule-datteln.de\/wp-content\/uploads\/2022\/11\/IMG_3333-768x576.jpg 768w, https:\/\/www.lohschule-datteln.de\/wp-content\/uploads\/2022\/11\/IMG_3333.jpg 800w\" sizes=\"auto, (max-width: 300px) 100vw, 300px\" \/>\n\t\t\t<\/div><\/figure><figure class='gallery-item'>\n\t\t\t<div class='gallery-icon landscape'>\n\t\t\t\t<img loading=\"lazy\" decoding=\"async\" width=\"300\" height=\"225\" src=\"https:\/\/www.lohschule-datteln.de\/wp-content\/uploads\/2022\/11\/IMG_3331-300x225.jpg\" class=\"attachment-medium size-medium\" alt=\"\" srcset=\"https:\/\/www.lohschule-datteln.de\/wp-content\/uploads\/2022\/11\/IMG_3331-300x225.jpg 300w, https:\/\/www.lohschule-datteln.de\/wp-content\/uploads\/2022\/11\/IMG_3331-768x576.jpg 768w, https:\/\/www.lohschule-datteln.de\/wp-content\/uploads\/2022\/11\/IMG_3331.jpg 800w\" sizes=\"auto, (max-width: 300px) 100vw, 300px\" \/>\n\t\t\t<\/div><\/figure><figure class='gallery-item'>\n\t\t\t<div class='gallery-icon landscape'>\n\t\t\t\t<img loading=\"lazy\" decoding=\"async\" width=\"300\" height=\"225\" src=\"https:\/\/www.lohschule-datteln.de\/wp-content\/uploads\/2022\/11\/IMG_3330-300x225.jpg\" class=\"attachment-medium size-medium\" alt=\"\" srcset=\"https:\/\/www.lohschule-datteln.de\/wp-content\/uploads\/2022\/11\/IMG_3330-300x225.jpg 300w, https:\/\/www.lohschule-datteln.de\/wp-content\/uploads\/2022\/11\/IMG_3330-768x576.jpg 768w, https:\/\/www.lohschule-datteln.de\/wp-content\/uploads\/2022\/11\/IMG_3330.jpg 800w\" sizes=\"auto, (max-width: 300px) 100vw, 300px\" \/>\n\t\t\t<\/div><\/figure>\n\t\t<\/div>\n\n<div id='gallery-4' class='gallery galleryid-12402 gallery-columns-3 gallery-size-medium'><figure class='gallery-item'>\n\t\t\t<div class='gallery-icon landscape'>\n\t\t\t\t<img loading=\"lazy\" decoding=\"async\" width=\"300\" height=\"225\" src=\"https:\/\/www.lohschule-datteln.de\/wp-content\/uploads\/2022\/11\/IMG_3321-300x225.jpg\" class=\"attachment-medium size-medium\" alt=\"\" srcset=\"https:\/\/www.lohschule-datteln.de\/wp-content\/uploads\/2022\/11\/IMG_3321-300x225.jpg 300w, https:\/\/www.lohschule-datteln.de\/wp-content\/uploads\/2022\/11\/IMG_3321-768x576.jpg 768w, https:\/\/www.lohschule-datteln.de\/wp-content\/uploads\/2022\/11\/IMG_3321.jpg 800w\" sizes=\"auto, (max-width: 300px) 100vw, 300px\" \/>\n\t\t\t<\/div><\/figure><figure class='gallery-item'>\n\t\t\t<div class='gallery-icon portrait'>\n\t\t\t\t<img loading=\"lazy\" decoding=\"async\" width=\"225\" height=\"300\" src=\"https:\/\/www.lohschule-datteln.de\/wp-content\/uploads\/2022\/11\/IMG_3322-225x300.jpg\" class=\"attachment-medium size-medium\" alt=\"\" srcset=\"https:\/\/www.lohschule-datteln.de\/wp-content\/uploads\/2022\/11\/IMG_3322-225x300.jpg 225w, https:\/\/www.lohschule-datteln.de\/wp-content\/uploads\/2022\/11\/IMG_3322-768x1024.jpg 768w, https:\/\/www.lohschule-datteln.de\/wp-content\/uploads\/2022\/11\/IMG_3322.jpg 800w\" sizes=\"auto, (max-width: 225px) 100vw, 225px\" \/>\n\t\t\t<\/div><\/figure><figure class='gallery-item'>\n\t\t\t<div class='gallery-icon landscape'>\n\t\t\t\t<img loading=\"lazy\" decoding=\"async\" width=\"300\" height=\"225\" src=\"https:\/\/www.lohschule-datteln.de\/wp-content\/uploads\/2022\/11\/IMG_3323-300x225.jpg\" class=\"attachment-medium size-medium\" alt=\"\" srcset=\"https:\/\/www.lohschule-datteln.de\/wp-content\/uploads\/2022\/11\/IMG_3323-300x225.jpg 300w, https:\/\/www.lohschule-datteln.de\/wp-content\/uploads\/2022\/11\/IMG_3323-768x576.jpg 768w, https:\/\/www.lohschule-datteln.de\/wp-content\/uploads\/2022\/11\/IMG_3323.jpg 800w\" sizes=\"auto, (max-width: 300px) 100vw, 300px\" \/>\n\t\t\t<\/div><\/figure>\n\t\t<\/div>\n\n<div id='gallery-5' class='gallery galleryid-12402 gallery-columns-3 gallery-size-medium'><figure class='gallery-item'>\n\t\t\t<div class='gallery-icon landscape'>\n\t\t\t\t<img loading=\"lazy\" decoding=\"async\" width=\"300\" height=\"225\" src=\"https:\/\/www.lohschule-datteln.de\/wp-content\/uploads\/2022\/11\/IMG_3324-300x225.jpg\" class=\"attachment-medium size-medium\" alt=\"\" srcset=\"https:\/\/www.lohschule-datteln.de\/wp-content\/uploads\/2022\/11\/IMG_3324-300x225.jpg 300w, https:\/\/www.lohschule-datteln.de\/wp-content\/uploads\/2022\/11\/IMG_3324-768x576.jpg 768w, https:\/\/www.lohschule-datteln.de\/wp-content\/uploads\/2022\/11\/IMG_3324.jpg 800w\" sizes=\"auto, (max-width: 300px) 100vw, 300px\" \/>\n\t\t\t<\/div><\/figure><figure class='gallery-item'>\n\t\t\t<div class='gallery-icon landscape'>\n\t\t\t\t<img loading=\"lazy\" decoding=\"async\" width=\"300\" height=\"225\" src=\"https:\/\/www.lohschule-datteln.de\/wp-content\/uploads\/2022\/11\/IMG_3320-300x225.jpg\" class=\"attachment-medium size-medium\" alt=\"\" srcset=\"https:\/\/www.lohschule-datteln.de\/wp-content\/uploads\/2022\/11\/IMG_3320-300x225.jpg 300w, https:\/\/www.lohschule-datteln.de\/wp-content\/uploads\/2022\/11\/IMG_3320-768x576.jpg 768w, https:\/\/www.lohschule-datteln.de\/wp-content\/uploads\/2022\/11\/IMG_3320.jpg 800w\" sizes=\"auto, (max-width: 300px) 100vw, 300px\" \/>\n\t\t\t<\/div><\/figure><figure class='gallery-item'>\n\t\t\t<div class='gallery-icon portrait'>\n\t\t\t\t<img loading=\"lazy\" decoding=\"async\" width=\"225\" height=\"300\" src=\"https:\/\/www.lohschule-datteln.de\/wp-content\/uploads\/2022\/11\/IMG_3318-Kopie-225x300.jpg\" class=\"attachment-medium size-medium\" alt=\"\" srcset=\"https:\/\/www.lohschule-datteln.de\/wp-content\/uploads\/2022\/11\/IMG_3318-Kopie-225x300.jpg 225w, https:\/\/www.lohschule-datteln.de\/wp-content\/uploads\/2022\/11\/IMG_3318-Kopie-768x1024.jpg 768w, https:\/\/www.lohschule-datteln.de\/wp-content\/uploads\/2022\/11\/IMG_3318-Kopie.jpg 800w\" sizes=\"auto, (max-width: 225px) 100vw, 225px\" \/>\n\t\t\t<\/div><\/figure>\n\t\t<\/div>\n\n\n\n<p><\/p>\n","protected":false},"excerpt":{"rendered":"<p>Schneidern, H\u00e4mmern, Basteln&#8230; \u00fcberall im Haus&#8230; Mitte November, dieses Jahr etwas fr\u00fcher, hie\u00df es bei uns wieder ADVENTSBASTELN. Zum Teil unterst\u00fctzt durch elterliche H\u00e4nde machten die Kinder sich mit den Lehrerinnen und Lehrern daran, f\u00fcr Klassenzimmer und G\u00e4nge adventliche und winterliche Basteleien herzustellen. Ein kleiner Einblick in Bildern:<\/p>\n","protected":false},"author":3,"featured_media":0,"parent":0,"menu_order":0,"comment_status":"closed","ping_status":"closed","template":"","meta":{"footnotes":""},"class_list":["post-12402","page","type-page","status-publish","hentry"],"yoast_head":"<!-- This site is optimized with the Yoast SEO plugin v27.4 - https:\/\/yoast.com\/product\/yoast-seo-wordpress\/ -->\n<title>Adventsbasteln 2022 - Lohschule Datteln<\/title>\n<meta name=\"robots\" content=\"index, follow, max-snippet:-1, max-image-preview:large, max-video-preview:-1\" \/>\n<link rel=\"canonical\" href=\"https:\/\/www.lohschule-datteln.de\/index.php\/adventsbasteln-2022\/\" \/>\n<meta property=\"og:locale\" content=\"de_DE\" \/>\n<meta property=\"og:type\" content=\"article\" \/>\n<meta property=\"og:title\" content=\"Adventsbasteln 2022 - Lohschule Datteln\" \/>\n<meta property=\"og:description\" content=\"Schneidern, H\u00e4mmern, Basteln&#8230; \u00fcberall im Haus&#8230; Mitte November, dieses Jahr etwas fr\u00fcher, hie\u00df es bei uns wieder ADVENTSBASTELN. Zum Teil unterst\u00fctzt durch elterliche H\u00e4nde machten die Kinder sich mit den Lehrerinnen und Lehrern daran, f\u00fcr Klassenzimmer und G\u00e4nge adventliche und winterliche Basteleien herzustellen. Ein kleiner Einblick in Bildern:\" \/>\n<meta property=\"og:url\" content=\"https:\/\/www.lohschule-datteln.de\/index.php\/adventsbasteln-2022\/\" \/>\n<meta property=\"og:site_name\" content=\"Lohschule Datteln\" \/>\n<meta property=\"article:modified_time\" content=\"2022-11-16T20:26:27+00:00\" \/>\n<meta property=\"og:image\" content=\"https:\/\/www.lohschule-datteln.de\/wp-content\/uploads\/2022\/11\/IMG_3315-300x225.jpg\" \/>\n<meta name=\"twitter:card\" content=\"summary_large_image\" \/>\n<meta name=\"twitter:label1\" content=\"Gesch\u00e4tzte Lesezeit\" \/>\n\t<meta name=\"twitter:data1\" content=\"1\u00a0Minute\" \/>\n<script type=\"application\/ld+json\" class=\"yoast-schema-graph\">{\"@context\":\"https:\\\/\\\/schema.org\",\"@graph\":[{\"@type\":\"WebPage\",\"@id\":\"https:\\\/\\\/www.lohschule-datteln.de\\\/index.php\\\/adventsbasteln-2022\\\/\",\"url\":\"https:\\\/\\\/www.lohschule-datteln.de\\\/index.php\\\/adventsbasteln-2022\\\/\",\"name\":\"Adventsbasteln 2022 - Lohschule Datteln\",\"isPartOf\":{\"@id\":\"https:\\\/\\\/www.lohschule-datteln.de\\\/#website\"},\"datePublished\":\"2022-11-16T20:09:45+00:00\",\"dateModified\":\"2022-11-16T20:26:27+00:00\",\"breadcrumb\":{\"@id\":\"https:\\\/\\\/www.lohschule-datteln.de\\\/index.php\\\/adventsbasteln-2022\\\/#breadcrumb\"},\"inLanguage\":\"de\",\"potentialAction\":[{\"@type\":\"ReadAction\",\"target\":[\"https:\\\/\\\/www.lohschule-datteln.de\\\/index.php\\\/adventsbasteln-2022\\\/\"]}]},{\"@type\":\"BreadcrumbList\",\"@id\":\"https:\\\/\\\/www.lohschule-datteln.de\\\/index.php\\\/adventsbasteln-2022\\\/#breadcrumb\",\"itemListElement\":[{\"@type\":\"ListItem\",\"position\":1,\"name\":\"Startseite\",\"item\":\"https:\\\/\\\/www.lohschule-datteln.de\\\/\"},{\"@type\":\"ListItem\",\"position\":2,\"name\":\"Adventsbasteln 2022\"}]},{\"@type\":\"WebSite\",\"@id\":\"https:\\\/\\\/www.lohschule-datteln.de\\\/#website\",\"url\":\"https:\\\/\\\/www.lohschule-datteln.de\\\/\",\"name\":\"Lohschule Datteln\",\"description\":\"kath. Grundschule\",\"publisher\":{\"@id\":\"https:\\\/\\\/www.lohschule-datteln.de\\\/#organization\"},\"potentialAction\":[{\"@type\":\"SearchAction\",\"target\":{\"@type\":\"EntryPoint\",\"urlTemplate\":\"https:\\\/\\\/www.lohschule-datteln.de\\\/?s={search_term_string}\"},\"query-input\":{\"@type\":\"PropertyValueSpecification\",\"valueRequired\":true,\"valueName\":\"search_term_string\"}}],\"inLanguage\":\"de\"},{\"@type\":\"Organization\",\"@id\":\"https:\\\/\\\/www.lohschule-datteln.de\\\/#organization\",\"name\":\"Lohschule -katholische Grundschule Datteln\",\"url\":\"https:\\\/\\\/www.lohschule-datteln.de\\\/\",\"logo\":{\"@type\":\"ImageObject\",\"inLanguage\":\"de\",\"@id\":\"https:\\\/\\\/www.lohschule-datteln.de\\\/#\\\/schema\\\/logo\\\/image\\\/\",\"url\":\"http:\\\/\\\/www.lohschule-datteln.de\\\/wp-content\\\/uploads\\\/2016\\\/02\\\/Loh-neu-2016.jpg\",\"contentUrl\":\"http:\\\/\\\/www.lohschule-datteln.de\\\/wp-content\\\/uploads\\\/2016\\\/02\\\/Loh-neu-2016.jpg\",\"width\":448,\"height\":252,\"caption\":\"Lohschule -katholische Grundschule Datteln\"},\"image\":{\"@id\":\"https:\\\/\\\/www.lohschule-datteln.de\\\/#\\\/schema\\\/logo\\\/image\\\/\"}}]}<\/script>\n<!-- \/ Yoast SEO plugin. -->","yoast_head_json":{"title":"Adventsbasteln 2022 - Lohschule Datteln","robots":{"index":"index","follow":"follow","max-snippet":"max-snippet:-1","max-image-preview":"max-image-preview:large","max-video-preview":"max-video-preview:-1"},"canonical":"https:\/\/www.lohschule-datteln.de\/index.php\/adventsbasteln-2022\/","og_locale":"de_DE","og_type":"article","og_title":"Adventsbasteln 2022 - Lohschule Datteln","og_description":"Schneidern, H\u00e4mmern, Basteln&#8230; \u00fcberall im Haus&#8230; Mitte November, dieses Jahr etwas fr\u00fcher, hie\u00df es bei uns wieder ADVENTSBASTELN. Zum Teil unterst\u00fctzt durch elterliche H\u00e4nde machten die Kinder sich mit den Lehrerinnen und Lehrern daran, f\u00fcr Klassenzimmer und G\u00e4nge adventliche und winterliche Basteleien herzustellen. Ein kleiner Einblick in Bildern:","og_url":"https:\/\/www.lohschule-datteln.de\/index.php\/adventsbasteln-2022\/","og_site_name":"Lohschule Datteln","article_modified_time":"2022-11-16T20:26:27+00:00","og_image":[{"url":"https:\/\/www.lohschule-datteln.de\/wp-content\/uploads\/2022\/11\/IMG_3315-300x225.jpg","type":"","width":"","height":""}],"twitter_card":"summary_large_image","twitter_misc":{"Gesch\u00e4tzte Lesezeit":"1\u00a0Minute"},"schema":{"@context":"https:\/\/schema.org","@graph":[{"@type":"WebPage","@id":"https:\/\/www.lohschule-datteln.de\/index.php\/adventsbasteln-2022\/","url":"https:\/\/www.lohschule-datteln.de\/index.php\/adventsbasteln-2022\/","name":"Adventsbasteln 2022 - Lohschule Datteln","isPartOf":{"@id":"https:\/\/www.lohschule-datteln.de\/#website"},"datePublished":"2022-11-16T20:09:45+00:00","dateModified":"2022-11-16T20:26:27+00:00","breadcrumb":{"@id":"https:\/\/www.lohschule-datteln.de\/index.php\/adventsbasteln-2022\/#breadcrumb"},"inLanguage":"de","potentialAction":[{"@type":"ReadAction","target":["https:\/\/www.lohschule-datteln.de\/index.php\/adventsbasteln-2022\/"]}]},{"@type":"BreadcrumbList","@id":"https:\/\/www.lohschule-datteln.de\/index.php\/adventsbasteln-2022\/#breadcrumb","itemListElement":[{"@type":"ListItem","position":1,"name":"Startseite","item":"https:\/\/www.lohschule-datteln.de\/"},{"@type":"ListItem","position":2,"name":"Adventsbasteln 2022"}]},{"@type":"WebSite","@id":"https:\/\/www.lohschule-datteln.de\/#website","url":"https:\/\/www.lohschule-datteln.de\/","name":"Lohschule Datteln","description":"kath. Grundschule","publisher":{"@id":"https:\/\/www.lohschule-datteln.de\/#organization"},"potentialAction":[{"@type":"SearchAction","target":{"@type":"EntryPoint","urlTemplate":"https:\/\/www.lohschule-datteln.de\/?s={search_term_string}"},"query-input":{"@type":"PropertyValueSpecification","valueRequired":true,"valueName":"search_term_string"}}],"inLanguage":"de"},{"@type":"Organization","@id":"https:\/\/www.lohschule-datteln.de\/#organization","name":"Lohschule -katholische Grundschule Datteln","url":"https:\/\/www.lohschule-datteln.de\/","logo":{"@type":"ImageObject","inLanguage":"de","@id":"https:\/\/www.lohschule-datteln.de\/#\/schema\/logo\/image\/","url":"http:\/\/www.lohschule-datteln.de\/wp-content\/uploads\/2016\/02\/Loh-neu-2016.jpg","contentUrl":"http:\/\/www.lohschule-datteln.de\/wp-content\/uploads\/2016\/02\/Loh-neu-2016.jpg","width":448,"height":252,"caption":"Lohschule -katholische Grundschule Datteln"},"image":{"@id":"https:\/\/www.lohschule-datteln.de\/#\/schema\/logo\/image\/"}}]}},"_links":{"self":[{"href":"https:\/\/www.lohschule-datteln.de\/index.php\/wp-json\/wp\/v2\/pages\/12402","targetHints":{"allow":["GET"]}}],"collection":[{"href":"https:\/\/www.lohschule-datteln.de\/index.php\/wp-json\/wp\/v2\/pages"}],"about":[{"href":"https:\/\/www.lohschule-datteln.de\/index.php\/wp-json\/wp\/v2\/types\/page"}],"author":[{"embeddable":true,"href":"https:\/\/www.lohschule-datteln.de\/index.php\/wp-json\/wp\/v2\/users\/3"}],"replies":[{"embeddable":true,"href":"https:\/\/www.lohschule-datteln.de\/index.php\/wp-json\/wp\/v2\/comments?post=12402"}],"version-history":[{"count":3,"href":"https:\/\/www.lohschule-datteln.de\/index.php\/wp-json\/wp\/v2\/pages\/12402\/revisions"}],"predecessor-version":[{"id":12426,"href":"https:\/\/www.lohschule-datteln.de\/index.php\/wp-json\/wp\/v2\/pages\/12402\/revisions\/12426"}],"wp:attachment":[{"href":"https:\/\/www.lohschule-datteln.de\/index.php\/wp-json\/wp\/v2\/media?parent=12402"}],"curies":[{"name":"wp","href":"https:\/\/api.w.org\/{rel}","templated":true}]}}