{"id":12467,"date":"2022-12-06T21:19:51","date_gmt":"2022-12-06T20:19:51","guid":{"rendered":"https:\/\/www.lohschule-datteln.de\/?page_id=12467"},"modified":"2022-12-06T21:50:42","modified_gmt":"2022-12-06T20:50:42","slug":"nikolaustag-2022","status":"publish","type":"page","link":"https:\/\/www.lohschule-datteln.de\/index.php\/nikolaustag-2022\/","title":{"rendered":"Nikolaustag 2022"},"content":{"rendered":"\n<p><\/p>\n\n\n<h2>Besuch vom Nikolaus an der Lohschule<\/h2>\n<p><span style=\"color: #008000;\">Am 06. Dezember 2022 haben sich alle Kinder und Lehrkr\u00e4fte zu einer kleinen Nikolausfeier in der Turnhalle getroffen. Nach einer kleinen Begr\u00fc\u00dfung durch die Schulleiterin Frau Schneider sangen alle zusammen das Lied \u201eLasst uns froh und munter sein\u201c. Kaum begann das Lied trat schon der Nikolaus durch den Eingang der Turnhalle. Er begr\u00fc\u00dfte die Kinder und diese bekamen sofort ganz strahlende Augen und ein gro\u00dfes L\u00e4cheln ins Gesicht gezaubert. Aus jedem Jahrgang bereiteten Kinder dem Nikolaus eine Freude: sie sagten ganz ehrf\u00fcrchtig ein Gedicht auf. Auch der Lohschulchor machte dem Nikolaus noch eine Freude: er stellte ihm \u201eUnser Lohschullied\u201c vor. Der Nikolaus war begeistert! Nun machte auch er den Kindern der Lohschule eine Freude, denn jedes Kind bekam einen Stutenkerl. Mit den Kl\u00e4ngen des Liedes \u201eWir sagen euch an den lieben Advent\u201c musste sich der Nikolaus dann auf den Weg zu den anderen Kindern in Datteln machen. Ein ganz besonders sch\u00f6nes Erlebnis und eine Freude f\u00fcr ALLE an der Lohschule. Wir hoffen sehr, dass der Nikolaus auch im n\u00e4chsten Jahr wieder an die Kinder der Lohschule denken wird und auf seinem Weg auf der Erde bei uns am Gr\u00fcnen Weg stoppt.<\/span><\/p>\n<p><span style=\"color: #008000;\">Ein kleiner Einblick in Bildern:<\/span><\/p>\n<p><img loading=\"lazy\" decoding=\"async\" class=\"aligncenter wp-image-12483 size-full\" src=\"https:\/\/www.lohschule-datteln.de\/wp-content\/uploads\/2022\/12\/12.jpg\" alt=\"\" width=\"800\" height=\"600\" srcset=\"https:\/\/www.lohschule-datteln.de\/wp-content\/uploads\/2022\/12\/12.jpg 800w, https:\/\/www.lohschule-datteln.de\/wp-content\/uploads\/2022\/12\/12-300x225.jpg 300w, https:\/\/www.lohschule-datteln.de\/wp-content\/uploads\/2022\/12\/12-768x576.jpg 768w\" sizes=\"auto, (max-width: 800px) 100vw, 800px\" \/><\/p>\n<div id='gallery-1' class='gallery galleryid-12467 gallery-columns-3 gallery-size-medium'><figure class='gallery-item'>\n\t\t\t<div class='gallery-icon landscape'>\n\t\t\t\t<img loading=\"lazy\" decoding=\"async\" width=\"300\" height=\"169\" src=\"https:\/\/www.lohschule-datteln.de\/wp-content\/uploads\/2022\/12\/7-300x169.jpg\" class=\"attachment-medium size-medium\" alt=\"\" srcset=\"https:\/\/www.lohschule-datteln.de\/wp-content\/uploads\/2022\/12\/7-300x169.jpg 300w, https:\/\/www.lohschule-datteln.de\/wp-content\/uploads\/2022\/12\/7-768x432.jpg 768w, https:\/\/www.lohschule-datteln.de\/wp-content\/uploads\/2022\/12\/7.jpg 800w\" sizes=\"auto, (max-width: 300px) 100vw, 300px\" \/>\n\t\t\t<\/div><\/figure><figure class='gallery-item'>\n\t\t\t<div class='gallery-icon portrait'>\n\t\t\t\t<img loading=\"lazy\" decoding=\"async\" width=\"169\" height=\"300\" src=\"https:\/\/www.lohschule-datteln.de\/wp-content\/uploads\/2022\/12\/9-169x300.jpg\" class=\"attachment-medium size-medium\" alt=\"\" srcset=\"https:\/\/www.lohschule-datteln.de\/wp-content\/uploads\/2022\/12\/9-169x300.jpg 169w, https:\/\/www.lohschule-datteln.de\/wp-content\/uploads\/2022\/12\/9-576x1024.jpg 576w, https:\/\/www.lohschule-datteln.de\/wp-content\/uploads\/2022\/12\/9-768x1365.jpg 768w, https:\/\/www.lohschule-datteln.de\/wp-content\/uploads\/2022\/12\/9.jpg 800w\" sizes=\"auto, (max-width: 169px) 100vw, 169px\" \/>\n\t\t\t<\/div><\/figure><figure class='gallery-item'>\n\t\t\t<div class='gallery-icon landscape'>\n\t\t\t\t<img loading=\"lazy\" decoding=\"async\" width=\"300\" height=\"169\" src=\"https:\/\/www.lohschule-datteln.de\/wp-content\/uploads\/2022\/12\/10-300x169.jpg\" class=\"attachment-medium size-medium\" alt=\"\" srcset=\"https:\/\/www.lohschule-datteln.de\/wp-content\/uploads\/2022\/12\/10-300x169.jpg 300w, https:\/\/www.lohschule-datteln.de\/wp-content\/uploads\/2022\/12\/10-768x432.jpg 768w, https:\/\/www.lohschule-datteln.de\/wp-content\/uploads\/2022\/12\/10.jpg 800w\" sizes=\"auto, (max-width: 300px) 100vw, 300px\" \/>\n\t\t\t<\/div><\/figure>\n\t\t<\/div>\n\n<div id='gallery-2' class='gallery galleryid-12467 gallery-columns-3 gallery-size-medium'><figure class='gallery-item'>\n\t\t\t<div class='gallery-icon landscape'>\n\t\t\t\t<img loading=\"lazy\" decoding=\"async\" width=\"300\" height=\"169\" src=\"https:\/\/www.lohschule-datteln.de\/wp-content\/uploads\/2022\/12\/5-300x169.jpg\" class=\"attachment-medium size-medium\" alt=\"\" srcset=\"https:\/\/www.lohschule-datteln.de\/wp-content\/uploads\/2022\/12\/5-300x169.jpg 300w, https:\/\/www.lohschule-datteln.de\/wp-content\/uploads\/2022\/12\/5-768x432.jpg 768w, https:\/\/www.lohschule-datteln.de\/wp-content\/uploads\/2022\/12\/5.jpg 800w\" sizes=\"auto, (max-width: 300px) 100vw, 300px\" \/>\n\t\t\t<\/div><\/figure><figure class='gallery-item'>\n\t\t\t<div class='gallery-icon landscape'>\n\t\t\t\t<img loading=\"lazy\" decoding=\"async\" width=\"300\" height=\"225\" src=\"https:\/\/www.lohschule-datteln.de\/wp-content\/uploads\/2022\/12\/3-300x225.jpg\" class=\"attachment-medium size-medium\" alt=\"\" srcset=\"https:\/\/www.lohschule-datteln.de\/wp-content\/uploads\/2022\/12\/3-300x225.jpg 300w, https:\/\/www.lohschule-datteln.de\/wp-content\/uploads\/2022\/12\/3-768x576.jpg 768w, https:\/\/www.lohschule-datteln.de\/wp-content\/uploads\/2022\/12\/3.jpg 800w\" sizes=\"auto, (max-width: 300px) 100vw, 300px\" \/>\n\t\t\t<\/div><\/figure><figure class='gallery-item'>\n\t\t\t<div class='gallery-icon landscape'>\n\t\t\t\t<img loading=\"lazy\" decoding=\"async\" width=\"300\" height=\"225\" src=\"https:\/\/www.lohschule-datteln.de\/wp-content\/uploads\/2022\/12\/2-300x225.jpg\" class=\"attachment-medium size-medium\" alt=\"\" srcset=\"https:\/\/www.lohschule-datteln.de\/wp-content\/uploads\/2022\/12\/2-300x225.jpg 300w, https:\/\/www.lohschule-datteln.de\/wp-content\/uploads\/2022\/12\/2-768x576.jpg 768w, https:\/\/www.lohschule-datteln.de\/wp-content\/uploads\/2022\/12\/2.jpg 800w\" sizes=\"auto, (max-width: 300px) 100vw, 300px\" \/>\n\t\t\t<\/div><\/figure>\n\t\t<\/div>\n\n<div id='gallery-3' class='gallery galleryid-12467 gallery-columns-3 gallery-size-medium'><figure class='gallery-item'>\n\t\t\t<div class='gallery-icon landscape'>\n\t\t\t\t<img loading=\"lazy\" decoding=\"async\" width=\"300\" height=\"225\" src=\"https:\/\/www.lohschule-datteln.de\/wp-content\/uploads\/2022\/12\/4-300x225.jpg\" class=\"attachment-medium size-medium\" alt=\"\" srcset=\"https:\/\/www.lohschule-datteln.de\/wp-content\/uploads\/2022\/12\/4-300x225.jpg 300w, https:\/\/www.lohschule-datteln.de\/wp-content\/uploads\/2022\/12\/4-768x576.jpg 768w, https:\/\/www.lohschule-datteln.de\/wp-content\/uploads\/2022\/12\/4.jpg 800w\" sizes=\"auto, (max-width: 300px) 100vw, 300px\" \/>\n\t\t\t<\/div><\/figure><figure class='gallery-item'>\n\t\t\t<div class='gallery-icon landscape'>\n\t\t\t\t<img loading=\"lazy\" decoding=\"async\" width=\"300\" height=\"169\" src=\"https:\/\/www.lohschule-datteln.de\/wp-content\/uploads\/2022\/12\/6-300x169.jpg\" class=\"attachment-medium size-medium\" alt=\"\" srcset=\"https:\/\/www.lohschule-datteln.de\/wp-content\/uploads\/2022\/12\/6-300x169.jpg 300w, https:\/\/www.lohschule-datteln.de\/wp-content\/uploads\/2022\/12\/6-768x432.jpg 768w, https:\/\/www.lohschule-datteln.de\/wp-content\/uploads\/2022\/12\/6.jpg 800w\" sizes=\"auto, (max-width: 300px) 100vw, 300px\" \/>\n\t\t\t<\/div><\/figure><figure class='gallery-item'>\n\t\t\t<div class='gallery-icon landscape'>\n\t\t\t\t<img loading=\"lazy\" decoding=\"async\" width=\"300\" height=\"225\" src=\"https:\/\/www.lohschule-datteln.de\/wp-content\/uploads\/2022\/12\/11-300x225.jpg\" class=\"attachment-medium size-medium\" alt=\"\" srcset=\"https:\/\/www.lohschule-datteln.de\/wp-content\/uploads\/2022\/12\/11-300x225.jpg 300w, https:\/\/www.lohschule-datteln.de\/wp-content\/uploads\/2022\/12\/11-768x576.jpg 768w, https:\/\/www.lohschule-datteln.de\/wp-content\/uploads\/2022\/12\/11.jpg 800w\" sizes=\"auto, (max-width: 300px) 100vw, 300px\" \/>\n\t\t\t<\/div><\/figure>\n\t\t<\/div>\n","protected":false},"excerpt":{"rendered":"<p>Besuch vom Nikolaus an der Lohschule Am 06. Dezember 2022 haben sich alle Kinder und Lehrkr\u00e4fte zu einer kleinen Nikolausfeier in der Turnhalle getroffen. Nach einer kleinen Begr\u00fc\u00dfung durch die Schulleiterin Frau Schneider sangen alle zusammen das Lied \u201eLasst uns froh und munter sein\u201c. Kaum begann das Lied trat schon der Nikolaus durch den Eingang [&hellip;]<\/p>\n","protected":false},"author":3,"featured_media":0,"parent":0,"menu_order":0,"comment_status":"closed","ping_status":"closed","template":"","meta":{"footnotes":""},"class_list":["post-12467","page","type-page","status-publish","hentry"],"yoast_head":"<!-- This site is optimized with the Yoast SEO plugin v27.5 - https:\/\/yoast.com\/product\/yoast-seo-wordpress\/ -->\n<title>Nikolaustag 2022 - Lohschule Datteln<\/title>\n<meta name=\"robots\" content=\"index, follow, max-snippet:-1, max-image-preview:large, max-video-preview:-1\" \/>\n<link rel=\"canonical\" href=\"https:\/\/www.lohschule-datteln.de\/index.php\/nikolaustag-2022\/\" \/>\n<meta property=\"og:locale\" content=\"de_DE\" \/>\n<meta property=\"og:type\" content=\"article\" \/>\n<meta property=\"og:title\" content=\"Nikolaustag 2022 - Lohschule Datteln\" \/>\n<meta property=\"og:description\" content=\"Besuch vom Nikolaus an der Lohschule Am 06. Dezember 2022 haben sich alle Kinder und Lehrkr\u00e4fte zu einer kleinen Nikolausfeier in der Turnhalle getroffen. Nach einer kleinen Begr\u00fc\u00dfung durch die Schulleiterin Frau Schneider sangen alle zusammen das Lied \u201eLasst uns froh und munter sein\u201c. Kaum begann das Lied trat schon der Nikolaus durch den Eingang [&hellip;]\" \/>\n<meta property=\"og:url\" content=\"https:\/\/www.lohschule-datteln.de\/index.php\/nikolaustag-2022\/\" \/>\n<meta property=\"og:site_name\" content=\"Lohschule Datteln\" \/>\n<meta property=\"article:modified_time\" content=\"2022-12-06T20:50:42+00:00\" \/>\n<meta property=\"og:image\" content=\"https:\/\/www.lohschule-datteln.de\/wp-content\/uploads\/2022\/12\/7-300x169.jpg\" \/>\n<meta name=\"twitter:card\" content=\"summary_large_image\" \/>\n<meta name=\"twitter:label1\" content=\"Gesch\u00e4tzte Lesezeit\" \/>\n\t<meta name=\"twitter:data1\" content=\"2\u00a0Minuten\" \/>\n<script type=\"application\/ld+json\" class=\"yoast-schema-graph\">{\"@context\":\"https:\\\/\\\/schema.org\",\"@graph\":[{\"@type\":\"WebPage\",\"@id\":\"https:\\\/\\\/www.lohschule-datteln.de\\\/index.php\\\/nikolaustag-2022\\\/\",\"url\":\"https:\\\/\\\/www.lohschule-datteln.de\\\/index.php\\\/nikolaustag-2022\\\/\",\"name\":\"Nikolaustag 2022 - Lohschule Datteln\",\"isPartOf\":{\"@id\":\"https:\\\/\\\/www.lohschule-datteln.de\\\/#website\"},\"primaryImageOfPage\":{\"@id\":\"https:\\\/\\\/www.lohschule-datteln.de\\\/index.php\\\/nikolaustag-2022\\\/#primaryimage\"},\"image\":{\"@id\":\"https:\\\/\\\/www.lohschule-datteln.de\\\/index.php\\\/nikolaustag-2022\\\/#primaryimage\"},\"thumbnailUrl\":\"https:\\\/\\\/www.lohschule-datteln.de\\\/wp-content\\\/uploads\\\/2022\\\/12\\\/12.jpg\",\"datePublished\":\"2022-12-06T20:19:51+00:00\",\"dateModified\":\"2022-12-06T20:50:42+00:00\",\"breadcrumb\":{\"@id\":\"https:\\\/\\\/www.lohschule-datteln.de\\\/index.php\\\/nikolaustag-2022\\\/#breadcrumb\"},\"inLanguage\":\"de\",\"potentialAction\":[{\"@type\":\"ReadAction\",\"target\":[\"https:\\\/\\\/www.lohschule-datteln.de\\\/index.php\\\/nikolaustag-2022\\\/\"]}]},{\"@type\":\"ImageObject\",\"inLanguage\":\"de\",\"@id\":\"https:\\\/\\\/www.lohschule-datteln.de\\\/index.php\\\/nikolaustag-2022\\\/#primaryimage\",\"url\":\"https:\\\/\\\/www.lohschule-datteln.de\\\/wp-content\\\/uploads\\\/2022\\\/12\\\/12.jpg\",\"contentUrl\":\"https:\\\/\\\/www.lohschule-datteln.de\\\/wp-content\\\/uploads\\\/2022\\\/12\\\/12.jpg\",\"width\":800,\"height\":600},{\"@type\":\"BreadcrumbList\",\"@id\":\"https:\\\/\\\/www.lohschule-datteln.de\\\/index.php\\\/nikolaustag-2022\\\/#breadcrumb\",\"itemListElement\":[{\"@type\":\"ListItem\",\"position\":1,\"name\":\"Startseite\",\"item\":\"https:\\\/\\\/www.lohschule-datteln.de\\\/\"},{\"@type\":\"ListItem\",\"position\":2,\"name\":\"Nikolaustag 2022\"}]},{\"@type\":\"WebSite\",\"@id\":\"https:\\\/\\\/www.lohschule-datteln.de\\\/#website\",\"url\":\"https:\\\/\\\/www.lohschule-datteln.de\\\/\",\"name\":\"Lohschule Datteln\",\"description\":\"kath. Grundschule\",\"publisher\":{\"@id\":\"https:\\\/\\\/www.lohschule-datteln.de\\\/#organization\"},\"potentialAction\":[{\"@type\":\"SearchAction\",\"target\":{\"@type\":\"EntryPoint\",\"urlTemplate\":\"https:\\\/\\\/www.lohschule-datteln.de\\\/?s={search_term_string}\"},\"query-input\":{\"@type\":\"PropertyValueSpecification\",\"valueRequired\":true,\"valueName\":\"search_term_string\"}}],\"inLanguage\":\"de\"},{\"@type\":\"Organization\",\"@id\":\"https:\\\/\\\/www.lohschule-datteln.de\\\/#organization\",\"name\":\"Lohschule -katholische Grundschule Datteln\",\"url\":\"https:\\\/\\\/www.lohschule-datteln.de\\\/\",\"logo\":{\"@type\":\"ImageObject\",\"inLanguage\":\"de\",\"@id\":\"https:\\\/\\\/www.lohschule-datteln.de\\\/#\\\/schema\\\/logo\\\/image\\\/\",\"url\":\"http:\\\/\\\/www.lohschule-datteln.de\\\/wp-content\\\/uploads\\\/2016\\\/02\\\/Loh-neu-2016.jpg\",\"contentUrl\":\"http:\\\/\\\/www.lohschule-datteln.de\\\/wp-content\\\/uploads\\\/2016\\\/02\\\/Loh-neu-2016.jpg\",\"width\":448,\"height\":252,\"caption\":\"Lohschule -katholische Grundschule Datteln\"},\"image\":{\"@id\":\"https:\\\/\\\/www.lohschule-datteln.de\\\/#\\\/schema\\\/logo\\\/image\\\/\"}}]}<\/script>\n<!-- \/ Yoast SEO plugin. -->","yoast_head_json":{"title":"Nikolaustag 2022 - Lohschule Datteln","robots":{"index":"index","follow":"follow","max-snippet":"max-snippet:-1","max-image-preview":"max-image-preview:large","max-video-preview":"max-video-preview:-1"},"canonical":"https:\/\/www.lohschule-datteln.de\/index.php\/nikolaustag-2022\/","og_locale":"de_DE","og_type":"article","og_title":"Nikolaustag 2022 - Lohschule Datteln","og_description":"Besuch vom Nikolaus an der Lohschule Am 06. Dezember 2022 haben sich alle Kinder und Lehrkr\u00e4fte zu einer kleinen Nikolausfeier in der Turnhalle getroffen. Nach einer kleinen Begr\u00fc\u00dfung durch die Schulleiterin Frau Schneider sangen alle zusammen das Lied \u201eLasst uns froh und munter sein\u201c. Kaum begann das Lied trat schon der Nikolaus durch den Eingang [&hellip;]","og_url":"https:\/\/www.lohschule-datteln.de\/index.php\/nikolaustag-2022\/","og_site_name":"Lohschule Datteln","article_modified_time":"2022-12-06T20:50:42+00:00","og_image":[{"url":"https:\/\/www.lohschule-datteln.de\/wp-content\/uploads\/2022\/12\/7-300x169.jpg","type":"","width":"","height":""}],"twitter_card":"summary_large_image","twitter_misc":{"Gesch\u00e4tzte Lesezeit":"2\u00a0Minuten"},"schema":{"@context":"https:\/\/schema.org","@graph":[{"@type":"WebPage","@id":"https:\/\/www.lohschule-datteln.de\/index.php\/nikolaustag-2022\/","url":"https:\/\/www.lohschule-datteln.de\/index.php\/nikolaustag-2022\/","name":"Nikolaustag 2022 - Lohschule Datteln","isPartOf":{"@id":"https:\/\/www.lohschule-datteln.de\/#website"},"primaryImageOfPage":{"@id":"https:\/\/www.lohschule-datteln.de\/index.php\/nikolaustag-2022\/#primaryimage"},"image":{"@id":"https:\/\/www.lohschule-datteln.de\/index.php\/nikolaustag-2022\/#primaryimage"},"thumbnailUrl":"https:\/\/www.lohschule-datteln.de\/wp-content\/uploads\/2022\/12\/12.jpg","datePublished":"2022-12-06T20:19:51+00:00","dateModified":"2022-12-06T20:50:42+00:00","breadcrumb":{"@id":"https:\/\/www.lohschule-datteln.de\/index.php\/nikolaustag-2022\/#breadcrumb"},"inLanguage":"de","potentialAction":[{"@type":"ReadAction","target":["https:\/\/www.lohschule-datteln.de\/index.php\/nikolaustag-2022\/"]}]},{"@type":"ImageObject","inLanguage":"de","@id":"https:\/\/www.lohschule-datteln.de\/index.php\/nikolaustag-2022\/#primaryimage","url":"https:\/\/www.lohschule-datteln.de\/wp-content\/uploads\/2022\/12\/12.jpg","contentUrl":"https:\/\/www.lohschule-datteln.de\/wp-content\/uploads\/2022\/12\/12.jpg","width":800,"height":600},{"@type":"BreadcrumbList","@id":"https:\/\/www.lohschule-datteln.de\/index.php\/nikolaustag-2022\/#breadcrumb","itemListElement":[{"@type":"ListItem","position":1,"name":"Startseite","item":"https:\/\/www.lohschule-datteln.de\/"},{"@type":"ListItem","position":2,"name":"Nikolaustag 2022"}]},{"@type":"WebSite","@id":"https:\/\/www.lohschule-datteln.de\/#website","url":"https:\/\/www.lohschule-datteln.de\/","name":"Lohschule Datteln","description":"kath. Grundschule","publisher":{"@id":"https:\/\/www.lohschule-datteln.de\/#organization"},"potentialAction":[{"@type":"SearchAction","target":{"@type":"EntryPoint","urlTemplate":"https:\/\/www.lohschule-datteln.de\/?s={search_term_string}"},"query-input":{"@type":"PropertyValueSpecification","valueRequired":true,"valueName":"search_term_string"}}],"inLanguage":"de"},{"@type":"Organization","@id":"https:\/\/www.lohschule-datteln.de\/#organization","name":"Lohschule -katholische Grundschule Datteln","url":"https:\/\/www.lohschule-datteln.de\/","logo":{"@type":"ImageObject","inLanguage":"de","@id":"https:\/\/www.lohschule-datteln.de\/#\/schema\/logo\/image\/","url":"http:\/\/www.lohschule-datteln.de\/wp-content\/uploads\/2016\/02\/Loh-neu-2016.jpg","contentUrl":"http:\/\/www.lohschule-datteln.de\/wp-content\/uploads\/2016\/02\/Loh-neu-2016.jpg","width":448,"height":252,"caption":"Lohschule -katholische Grundschule Datteln"},"image":{"@id":"https:\/\/www.lohschule-datteln.de\/#\/schema\/logo\/image\/"}}]}},"_links":{"self":[{"href":"https:\/\/www.lohschule-datteln.de\/index.php\/wp-json\/wp\/v2\/pages\/12467","targetHints":{"allow":["GET"]}}],"collection":[{"href":"https:\/\/www.lohschule-datteln.de\/index.php\/wp-json\/wp\/v2\/pages"}],"about":[{"href":"https:\/\/www.lohschule-datteln.de\/index.php\/wp-json\/wp\/v2\/types\/page"}],"author":[{"embeddable":true,"href":"https:\/\/www.lohschule-datteln.de\/index.php\/wp-json\/wp\/v2\/users\/3"}],"replies":[{"embeddable":true,"href":"https:\/\/www.lohschule-datteln.de\/index.php\/wp-json\/wp\/v2\/comments?post=12467"}],"version-history":[{"count":3,"href":"https:\/\/www.lohschule-datteln.de\/index.php\/wp-json\/wp\/v2\/pages\/12467\/revisions"}],"predecessor-version":[{"id":12485,"href":"https:\/\/www.lohschule-datteln.de\/index.php\/wp-json\/wp\/v2\/pages\/12467\/revisions\/12485"}],"wp:attachment":[{"href":"https:\/\/www.lohschule-datteln.de\/index.php\/wp-json\/wp\/v2\/media?parent=12467"}],"curies":[{"name":"wp","href":"https:\/\/api.w.org\/{rel}","templated":true}]}}