{"id":12869,"date":"2023-06-22T12:25:07","date_gmt":"2023-06-22T10:25:07","guid":{"rendered":"https:\/\/www.lohschule-datteln.de\/?page_id=12869"},"modified":"2024-04-02T20:37:53","modified_gmt":"2024-04-02T18:37:53","slug":"verabschiedung-des-4-jahrgangs","status":"publish","type":"page","link":"https:\/\/www.lohschule-datteln.de\/index.php\/verabschiedung-des-4-jahrgangs\/","title":{"rendered":"Verabschiedung des 4. Jahrgangs"},"content":{"rendered":"<p><span style=\"color: #808080;\">In diesem Jahr fiel der letzte Schultag auf einen Mittwoch. Am 21. Juni 2023 starteten alle Kinder und Lehrer zum Abschlussgottesdienst in der St. Amanduskirche. Wieder an der Schule war noch kurz Zeit, um die Zeugniskopie gegen das Original zu tauschen, bevor es zur Pause klingelte und f\u00fcr die Vierten die letzte Pause auf dem Schulhof begann. Nach der Fr\u00fchst\u00fcckspause machten die Schulabg\u00e4nger sich bereit und warteten im Foyer der Schule auf ihren gro\u00dfen Auftritt.<\/span><\/p>\n<p><span style=\"color: #808080;\">Vor dem Geb\u00e4ude versammelten sich derweil die anderen Klassen, Lehrer sowie viele Eltern und warteten gemeinsam auf die Gro\u00dfen der Schule.<\/span><\/p>\n<p><span style=\"color: #808080;\">Auf ein Zeichen ging es los: 4a, 4b und 4c bezogen ihre Pl\u00e4tze auf der eigens f\u00fcr sie abgesperrten <em>Schulhofb\u00fchne<\/em>. Nach Frau Schneiders Begr\u00fc\u00dfung f\u00fchrten Koalab\u00e4ren, Fr\u00f6sche und Fische ihren gemeinsamen Tanz vor. <\/span><\/p>\n<p><span style=\"color: #808080;\">An dieser Stelle sei Frau Neukirch ein gro\u00dfes Dankesch\u00f6n gesagt, die den Tanz im Musikunterricht mit allen drei Klassen einstudierte.<\/span><\/p>\n<p><span style=\"color: #808080;\">Im Anschluss hatten die Eltern der Schulabg\u00e4nger eine \u00dcberraschung f\u00fcr sie: Es gab f\u00fcr jedes Kind einen Luftballon.<\/span><\/p>\n<p><span style=\"color: #808080;\">Nach einem gemeinsamen Countdown stiegen die Luftballons dann gen Himmel, nicht ohne die W\u00fcnsche der Kinder mit auf ihre Reise zu nehmen.<\/span><\/p>\n<p><span style=\"color: #808080;\">W\u00e4hrend alle den steigenden Ballons hinterherschauten, ert\u00f6nte das Lohschullied und nach einiger Zeit zogen die Viertkl\u00e4ssler noch ein letztes Mal in ihre Klassen: f\u00fcr eine Abschlussrunde, einen letzten Abschied&#8230;<\/span><\/p>\n<p><span style=\"color: #808080;\">Auf dem vorderen Schulhof konnten die Gro\u00dfen durch ein Spalier den Schulhof verlassen&#8230;<\/span><\/p>\n<p style=\"text-align: center;\"><span style=\"color: #339966;\">Alles Liebe und Gute w\u00fcnscht das Lohschulteam allen Viertkl\u00e4sslern und ihren Familien.<\/span><\/p>\n\n\n<p><\/p>\n\n\n<p><span style=\"color: #808080;\">Zum Abschied ein Mitgebsel:<\/span><\/p>\n<div id='gallery-1' class='gallery galleryid-12869 gallery-columns-2 gallery-size-large'><figure class='gallery-item'>\n\t\t\t<div class='gallery-icon landscape'>\n\t\t\t\t<img loading=\"lazy\" decoding=\"async\" width=\"600\" height=\"424\" src=\"https:\/\/www.lohschule-datteln.de\/wp-content\/uploads\/2023\/06\/IMG_6630-1.jpeg\" class=\"attachment-large size-large\" alt=\"\" srcset=\"https:\/\/www.lohschule-datteln.de\/wp-content\/uploads\/2023\/06\/IMG_6630-1.jpeg 600w, https:\/\/www.lohschule-datteln.de\/wp-content\/uploads\/2023\/06\/IMG_6630-1-300x212.jpeg 300w\" sizes=\"auto, (max-width: 600px) 100vw, 600px\" \/>\n\t\t\t<\/div><\/figure><figure class='gallery-item'>\n\t\t\t<div class='gallery-icon portrait'>\n\t\t\t\t<img loading=\"lazy\" decoding=\"async\" width=\"600\" height=\"800\" src=\"https:\/\/www.lohschule-datteln.de\/wp-content\/uploads\/2023\/06\/IMG_6631.jpeg\" class=\"attachment-large size-large\" alt=\"\" srcset=\"https:\/\/www.lohschule-datteln.de\/wp-content\/uploads\/2023\/06\/IMG_6631.jpeg 600w, https:\/\/www.lohschule-datteln.de\/wp-content\/uploads\/2023\/06\/IMG_6631-225x300.jpeg 225w\" sizes=\"auto, (max-width: 600px) 100vw, 600px\" \/>\n\t\t\t<\/div><\/figure>\n\t\t<\/div>\n","protected":false},"excerpt":{"rendered":"<p>In diesem Jahr fiel der letzte Schultag auf einen Mittwoch. Am 21. Juni 2023 starteten alle Kinder und Lehrer zum Abschlussgottesdienst in der St. Amanduskirche. Wieder an der Schule war noch kurz Zeit, um die Zeugniskopie gegen das Original zu tauschen, bevor es zur Pause klingelte und f\u00fcr die Vierten die letzte Pause auf dem [&hellip;]<\/p>\n","protected":false},"author":3,"featured_media":0,"parent":0,"menu_order":0,"comment_status":"closed","ping_status":"closed","template":"","meta":{"footnotes":""},"class_list":["post-12869","page","type-page","status-publish","hentry"],"yoast_head":"<!-- This site is optimized with the Yoast SEO plugin v27.5 - https:\/\/yoast.com\/product\/yoast-seo-wordpress\/ -->\n<title>Verabschiedung des 4. Jahrgangs - Lohschule Datteln<\/title>\n<meta name=\"robots\" content=\"index, follow, max-snippet:-1, max-image-preview:large, max-video-preview:-1\" \/>\n<link rel=\"canonical\" href=\"https:\/\/www.lohschule-datteln.de\/index.php\/verabschiedung-des-4-jahrgangs\/\" \/>\n<meta property=\"og:locale\" content=\"de_DE\" \/>\n<meta property=\"og:type\" content=\"article\" \/>\n<meta property=\"og:title\" content=\"Verabschiedung des 4. Jahrgangs - Lohschule Datteln\" \/>\n<meta property=\"og:description\" content=\"In diesem Jahr fiel der letzte Schultag auf einen Mittwoch. Am 21. Juni 2023 starteten alle Kinder und Lehrer zum Abschlussgottesdienst in der St. Amanduskirche. Wieder an der Schule war noch kurz Zeit, um die Zeugniskopie gegen das Original zu tauschen, bevor es zur Pause klingelte und f\u00fcr die Vierten die letzte Pause auf dem [&hellip;]\" \/>\n<meta property=\"og:url\" content=\"https:\/\/www.lohschule-datteln.de\/index.php\/verabschiedung-des-4-jahrgangs\/\" \/>\n<meta property=\"og:site_name\" content=\"Lohschule Datteln\" \/>\n<meta property=\"article:modified_time\" content=\"2024-04-02T18:37:53+00:00\" \/>\n<meta property=\"og:image\" content=\"https:\/\/www.lohschule-datteln.de\/wp-content\/uploads\/2023\/06\/IMG_6630-1.jpeg\" \/>\n<meta name=\"twitter:card\" content=\"summary_large_image\" \/>\n<meta name=\"twitter:label1\" content=\"Gesch\u00e4tzte Lesezeit\" \/>\n\t<meta name=\"twitter:data1\" content=\"2\u00a0Minuten\" \/>\n<script type=\"application\/ld+json\" class=\"yoast-schema-graph\">{\"@context\":\"https:\\\/\\\/schema.org\",\"@graph\":[{\"@type\":\"WebPage\",\"@id\":\"https:\\\/\\\/www.lohschule-datteln.de\\\/index.php\\\/verabschiedung-des-4-jahrgangs\\\/\",\"url\":\"https:\\\/\\\/www.lohschule-datteln.de\\\/index.php\\\/verabschiedung-des-4-jahrgangs\\\/\",\"name\":\"Verabschiedung des 4. Jahrgangs - Lohschule Datteln\",\"isPartOf\":{\"@id\":\"https:\\\/\\\/www.lohschule-datteln.de\\\/#website\"},\"datePublished\":\"2023-06-22T10:25:07+00:00\",\"dateModified\":\"2024-04-02T18:37:53+00:00\",\"breadcrumb\":{\"@id\":\"https:\\\/\\\/www.lohschule-datteln.de\\\/index.php\\\/verabschiedung-des-4-jahrgangs\\\/#breadcrumb\"},\"inLanguage\":\"de\",\"potentialAction\":[{\"@type\":\"ReadAction\",\"target\":[\"https:\\\/\\\/www.lohschule-datteln.de\\\/index.php\\\/verabschiedung-des-4-jahrgangs\\\/\"]}]},{\"@type\":\"BreadcrumbList\",\"@id\":\"https:\\\/\\\/www.lohschule-datteln.de\\\/index.php\\\/verabschiedung-des-4-jahrgangs\\\/#breadcrumb\",\"itemListElement\":[{\"@type\":\"ListItem\",\"position\":1,\"name\":\"Startseite\",\"item\":\"https:\\\/\\\/www.lohschule-datteln.de\\\/\"},{\"@type\":\"ListItem\",\"position\":2,\"name\":\"Verabschiedung des 4. Jahrgangs\"}]},{\"@type\":\"WebSite\",\"@id\":\"https:\\\/\\\/www.lohschule-datteln.de\\\/#website\",\"url\":\"https:\\\/\\\/www.lohschule-datteln.de\\\/\",\"name\":\"Lohschule Datteln\",\"description\":\"kath. Grundschule\",\"publisher\":{\"@id\":\"https:\\\/\\\/www.lohschule-datteln.de\\\/#organization\"},\"potentialAction\":[{\"@type\":\"SearchAction\",\"target\":{\"@type\":\"EntryPoint\",\"urlTemplate\":\"https:\\\/\\\/www.lohschule-datteln.de\\\/?s={search_term_string}\"},\"query-input\":{\"@type\":\"PropertyValueSpecification\",\"valueRequired\":true,\"valueName\":\"search_term_string\"}}],\"inLanguage\":\"de\"},{\"@type\":\"Organization\",\"@id\":\"https:\\\/\\\/www.lohschule-datteln.de\\\/#organization\",\"name\":\"Lohschule -katholische Grundschule Datteln\",\"url\":\"https:\\\/\\\/www.lohschule-datteln.de\\\/\",\"logo\":{\"@type\":\"ImageObject\",\"inLanguage\":\"de\",\"@id\":\"https:\\\/\\\/www.lohschule-datteln.de\\\/#\\\/schema\\\/logo\\\/image\\\/\",\"url\":\"http:\\\/\\\/www.lohschule-datteln.de\\\/wp-content\\\/uploads\\\/2016\\\/02\\\/Loh-neu-2016.jpg\",\"contentUrl\":\"http:\\\/\\\/www.lohschule-datteln.de\\\/wp-content\\\/uploads\\\/2016\\\/02\\\/Loh-neu-2016.jpg\",\"width\":448,\"height\":252,\"caption\":\"Lohschule -katholische Grundschule Datteln\"},\"image\":{\"@id\":\"https:\\\/\\\/www.lohschule-datteln.de\\\/#\\\/schema\\\/logo\\\/image\\\/\"}}]}<\/script>\n<!-- \/ Yoast SEO plugin. -->","yoast_head_json":{"title":"Verabschiedung des 4. Jahrgangs - Lohschule Datteln","robots":{"index":"index","follow":"follow","max-snippet":"max-snippet:-1","max-image-preview":"max-image-preview:large","max-video-preview":"max-video-preview:-1"},"canonical":"https:\/\/www.lohschule-datteln.de\/index.php\/verabschiedung-des-4-jahrgangs\/","og_locale":"de_DE","og_type":"article","og_title":"Verabschiedung des 4. Jahrgangs - Lohschule Datteln","og_description":"In diesem Jahr fiel der letzte Schultag auf einen Mittwoch. Am 21. Juni 2023 starteten alle Kinder und Lehrer zum Abschlussgottesdienst in der St. Amanduskirche. Wieder an der Schule war noch kurz Zeit, um die Zeugniskopie gegen das Original zu tauschen, bevor es zur Pause klingelte und f\u00fcr die Vierten die letzte Pause auf dem [&hellip;]","og_url":"https:\/\/www.lohschule-datteln.de\/index.php\/verabschiedung-des-4-jahrgangs\/","og_site_name":"Lohschule Datteln","article_modified_time":"2024-04-02T18:37:53+00:00","og_image":[{"url":"https:\/\/www.lohschule-datteln.de\/wp-content\/uploads\/2023\/06\/IMG_6630-1.jpeg","type":"","width":"","height":""}],"twitter_card":"summary_large_image","twitter_misc":{"Gesch\u00e4tzte Lesezeit":"2\u00a0Minuten"},"schema":{"@context":"https:\/\/schema.org","@graph":[{"@type":"WebPage","@id":"https:\/\/www.lohschule-datteln.de\/index.php\/verabschiedung-des-4-jahrgangs\/","url":"https:\/\/www.lohschule-datteln.de\/index.php\/verabschiedung-des-4-jahrgangs\/","name":"Verabschiedung des 4. Jahrgangs - Lohschule Datteln","isPartOf":{"@id":"https:\/\/www.lohschule-datteln.de\/#website"},"datePublished":"2023-06-22T10:25:07+00:00","dateModified":"2024-04-02T18:37:53+00:00","breadcrumb":{"@id":"https:\/\/www.lohschule-datteln.de\/index.php\/verabschiedung-des-4-jahrgangs\/#breadcrumb"},"inLanguage":"de","potentialAction":[{"@type":"ReadAction","target":["https:\/\/www.lohschule-datteln.de\/index.php\/verabschiedung-des-4-jahrgangs\/"]}]},{"@type":"BreadcrumbList","@id":"https:\/\/www.lohschule-datteln.de\/index.php\/verabschiedung-des-4-jahrgangs\/#breadcrumb","itemListElement":[{"@type":"ListItem","position":1,"name":"Startseite","item":"https:\/\/www.lohschule-datteln.de\/"},{"@type":"ListItem","position":2,"name":"Verabschiedung des 4. Jahrgangs"}]},{"@type":"WebSite","@id":"https:\/\/www.lohschule-datteln.de\/#website","url":"https:\/\/www.lohschule-datteln.de\/","name":"Lohschule Datteln","description":"kath. Grundschule","publisher":{"@id":"https:\/\/www.lohschule-datteln.de\/#organization"},"potentialAction":[{"@type":"SearchAction","target":{"@type":"EntryPoint","urlTemplate":"https:\/\/www.lohschule-datteln.de\/?s={search_term_string}"},"query-input":{"@type":"PropertyValueSpecification","valueRequired":true,"valueName":"search_term_string"}}],"inLanguage":"de"},{"@type":"Organization","@id":"https:\/\/www.lohschule-datteln.de\/#organization","name":"Lohschule -katholische Grundschule Datteln","url":"https:\/\/www.lohschule-datteln.de\/","logo":{"@type":"ImageObject","inLanguage":"de","@id":"https:\/\/www.lohschule-datteln.de\/#\/schema\/logo\/image\/","url":"http:\/\/www.lohschule-datteln.de\/wp-content\/uploads\/2016\/02\/Loh-neu-2016.jpg","contentUrl":"http:\/\/www.lohschule-datteln.de\/wp-content\/uploads\/2016\/02\/Loh-neu-2016.jpg","width":448,"height":252,"caption":"Lohschule -katholische Grundschule Datteln"},"image":{"@id":"https:\/\/www.lohschule-datteln.de\/#\/schema\/logo\/image\/"}}]}},"_links":{"self":[{"href":"https:\/\/www.lohschule-datteln.de\/index.php\/wp-json\/wp\/v2\/pages\/12869","targetHints":{"allow":["GET"]}}],"collection":[{"href":"https:\/\/www.lohschule-datteln.de\/index.php\/wp-json\/wp\/v2\/pages"}],"about":[{"href":"https:\/\/www.lohschule-datteln.de\/index.php\/wp-json\/wp\/v2\/types\/page"}],"author":[{"embeddable":true,"href":"https:\/\/www.lohschule-datteln.de\/index.php\/wp-json\/wp\/v2\/users\/3"}],"replies":[{"embeddable":true,"href":"https:\/\/www.lohschule-datteln.de\/index.php\/wp-json\/wp\/v2\/comments?post=12869"}],"version-history":[{"count":13,"href":"https:\/\/www.lohschule-datteln.de\/index.php\/wp-json\/wp\/v2\/pages\/12869\/revisions"}],"predecessor-version":[{"id":13530,"href":"https:\/\/www.lohschule-datteln.de\/index.php\/wp-json\/wp\/v2\/pages\/12869\/revisions\/13530"}],"wp:attachment":[{"href":"https:\/\/www.lohschule-datteln.de\/index.php\/wp-json\/wp\/v2\/media?parent=12869"}],"curies":[{"name":"wp","href":"https:\/\/api.w.org\/{rel}","templated":true}]}}