{"id":13443,"date":"2024-02-13T23:21:59","date_gmt":"2024-02-13T22:21:59","guid":{"rendered":"https:\/\/www.lohschule-datteln.de\/?page_id=13443"},"modified":"2024-02-15T20:07:37","modified_gmt":"2024-02-15T19:07:37","slug":"karneval-2024","status":"publish","type":"page","link":"https:\/\/www.lohschule-datteln.de\/index.php\/karneval-2024\/","title":{"rendered":"Karneval 2024"},"content":{"rendered":"<h2><\/h2>\n<h2 style=\"font-weight: 400;\"><span style=\"color: #008000;\"><strong><span style=\"color: #ffff00;\">Loh<\/span><span style=\"color: #ffcc00;\">schul<\/span><span style=\"color: #ff9900;\">ge<\/span><span style=\"color: #ff6600;\">mein<\/span><span style=\"color: #993300;\">de<\/span> <span style=\"color: #800000;\">fei<\/span><span style=\"color: #ff0000;\">ert<\/span> <span style=\"color: #3366ff;\">Kar<\/span><span style=\"color: #cc99ff;\">ne<\/span>val<\/strong><\/span><\/h2>\n<p><strong style=\"color: #008000; font-size: revert;\">\u201eAm Freitag feiern wir Karneval. Stimmt das?\u201c<\/strong><\/p>\n<p style=\"font-weight: 400;\"><span style=\"color: #008000;\"><strong>So oder \u00e4hnlich war es in der und anderen Klasse zu h\u00f6ren, bevor es in der Tat Freitag vor Rosenmontag\u00a0auf den G\u00e4ngen und in den Klassen wieder bunt zuging.<\/strong><\/span><\/p>\n<p style=\"font-weight: 400;\"><span style=\"color: #008000;\"><strong>Die meisten Kinder kamen verkleidet und geschminkt zur Schule und strahlten, als sie das Geb\u00e4ude betraten. <\/strong><\/span><\/p>\n<p style=\"font-weight: 400;\"><span style=\"color: #008000;\"><strong>Ausgelassen feierten die Jecken in ihren Klassen und irgendwann irgendwo begann die Polonaise durch die Klassen, durch die Flure, \u00fcber den Spielplatz und zur\u00fcck.<\/strong><\/span><\/p>\n<p style=\"font-weight: 400;\"><strong><span style=\"color: #008000;\">Nur eins war anders in diesem Jahr: Das Wetter.<\/span> <\/strong><\/p>\n<p style=\"font-weight: 400;\"><span style=\"color: #008000;\"><strong>Bis 10 Uhr blieb es f\u00fcr die Kleinen und Gro\u00dfen auch offen, ob es wieder einen Umzug durch die Stadt geben w\u00fcrde. Dann endlich fiel die Entscheidung der Schulleitung: Wir gehen.<\/strong><\/span><\/p>\n<p style=\"font-weight: 400;\"><strong><span style=\"color: #008000;\">Den Anfang des langen Zuges machte die 2c mit Herrn Saamen, Frau Neukirch, Frau Klein und Frau Schneider und nat\u00fcrlich durfte die Musik nicht fehlen.<\/span> <\/strong><\/p>\n<p style=\"font-weight: 400;\"><span style=\"color: #008000;\"><strong>Mit bunter Verkleidung zogen die Erstis Hand in Hand mit ihren Paten aus dem Jahrgang 3 hinterher. Die Viertkl\u00e4ssler machten mit ihren Lehrern das Schlusslicht.<\/strong><\/span><\/p>\n<p style=\"font-weight: 400;\"><strong><span style=\"color: #008000;\">Am Wegesrand trafen die kleinen und gro\u00dfen Karnevalbegeisterten auf viele Zuschauer, die Kamelle warfen. Darauf waren die Kids vorbereitet und packten ihre Beutel aus.<\/span> <\/strong><\/p>\n<p style=\"font-weight: 400;\"><strong><span style=\"color: #008000;\">Am Ende waren in vielen Kinderh\u00e4nden gutgef\u00fcllte Beutel zu sehen.<\/span> <\/strong><\/p>\n<p style=\"font-weight: 400;\"><span style=\"color: #008000;\"><strong>Wieder an der Schule gab es zum Abschluss noch eine Polonaise auf dem Schulhof und Kamelle aus dem Lehrerzimmer. Dann ging es wieder zur\u00fcck in die Klassenr\u00e4ume. F\u00fcrs Bonbons sichten und letzte Spiele spielen war noch etwas Zeit, bevor der sch\u00f6ne Morgen endete.<\/strong><\/span><\/p>\n<p style=\"font-weight: 400;\"><strong>\u00a0<\/strong><\/p>\n<p style=\"font-weight: 400;\"><span style=\"color: #008000;\"><strong>Ein kleiner Einblick in Bildern:<\/strong><\/span><\/p>\n<p><img loading=\"lazy\" decoding=\"async\" class=\"aligncenter  wp-image-13464\" src=\"https:\/\/www.lohschule-datteln.de\/wp-content\/uploads\/2024\/02\/k7.jpeg\" alt=\"\" width=\"252\" height=\"189\" srcset=\"https:\/\/www.lohschule-datteln.de\/wp-content\/uploads\/2024\/02\/k7.jpeg 800w, https:\/\/www.lohschule-datteln.de\/wp-content\/uploads\/2024\/02\/k7-300x225.jpeg 300w, https:\/\/www.lohschule-datteln.de\/wp-content\/uploads\/2024\/02\/k7-768x576.jpeg 768w\" sizes=\"auto, (max-width: 252px) 100vw, 252px\" \/><\/p>\n<div id='gallery-1' class='gallery galleryid-13443 gallery-columns-3 gallery-size-medium'><figure class='gallery-item'>\n\t\t\t<div class='gallery-icon landscape'>\n\t\t\t\t<img loading=\"lazy\" decoding=\"async\" width=\"300\" height=\"187\" src=\"https:\/\/www.lohschule-datteln.de\/wp-content\/uploads\/2024\/02\/k2-300x187.jpeg\" class=\"attachment-medium size-medium\" alt=\"\" srcset=\"https:\/\/www.lohschule-datteln.de\/wp-content\/uploads\/2024\/02\/k2-300x187.jpeg 300w, https:\/\/www.lohschule-datteln.de\/wp-content\/uploads\/2024\/02\/k2-768x478.jpeg 768w, https:\/\/www.lohschule-datteln.de\/wp-content\/uploads\/2024\/02\/k2.jpeg 800w\" sizes=\"auto, (max-width: 300px) 100vw, 300px\" \/>\n\t\t\t<\/div><\/figure><figure class='gallery-item'>\n\t\t\t<div class='gallery-icon landscape'>\n\t\t\t\t<img loading=\"lazy\" decoding=\"async\" width=\"300\" height=\"169\" src=\"https:\/\/www.lohschule-datteln.de\/wp-content\/uploads\/2024\/02\/k3-300x169.jpeg\" class=\"attachment-medium size-medium\" alt=\"\" srcset=\"https:\/\/www.lohschule-datteln.de\/wp-content\/uploads\/2024\/02\/k3-300x169.jpeg 300w, https:\/\/www.lohschule-datteln.de\/wp-content\/uploads\/2024\/02\/k3-768x432.jpeg 768w, https:\/\/www.lohschule-datteln.de\/wp-content\/uploads\/2024\/02\/k3.jpeg 800w\" sizes=\"auto, (max-width: 300px) 100vw, 300px\" \/>\n\t\t\t<\/div><\/figure><figure class='gallery-item'>\n\t\t\t<div class='gallery-icon landscape'>\n\t\t\t\t<img loading=\"lazy\" decoding=\"async\" width=\"300\" height=\"225\" src=\"https:\/\/www.lohschule-datteln.de\/wp-content\/uploads\/2024\/02\/k4-300x225.jpeg\" class=\"attachment-medium size-medium\" alt=\"\" srcset=\"https:\/\/www.lohschule-datteln.de\/wp-content\/uploads\/2024\/02\/k4-300x225.jpeg 300w, https:\/\/www.lohschule-datteln.de\/wp-content\/uploads\/2024\/02\/k4-768x576.jpeg 768w, https:\/\/www.lohschule-datteln.de\/wp-content\/uploads\/2024\/02\/k4.jpeg 800w\" sizes=\"auto, (max-width: 300px) 100vw, 300px\" \/>\n\t\t\t<\/div><\/figure>\n\t\t<\/div>\n\n<div id='gallery-2' class='gallery galleryid-13443 gallery-columns-3 gallery-size-medium'><figure class='gallery-item'>\n\t\t\t<div class='gallery-icon landscape'>\n\t\t\t\t<img loading=\"lazy\" decoding=\"async\" width=\"300\" height=\"225\" src=\"https:\/\/www.lohschule-datteln.de\/wp-content\/uploads\/2024\/02\/k5-300x225.jpeg\" class=\"attachment-medium size-medium\" alt=\"\" srcset=\"https:\/\/www.lohschule-datteln.de\/wp-content\/uploads\/2024\/02\/k5-300x225.jpeg 300w, https:\/\/www.lohschule-datteln.de\/wp-content\/uploads\/2024\/02\/k5-768x576.jpeg 768w, https:\/\/www.lohschule-datteln.de\/wp-content\/uploads\/2024\/02\/k5.jpeg 800w\" sizes=\"auto, (max-width: 300px) 100vw, 300px\" \/>\n\t\t\t<\/div><\/figure><figure class='gallery-item'>\n\t\t\t<div class='gallery-icon landscape'>\n\t\t\t\t<img loading=\"lazy\" decoding=\"async\" width=\"300\" height=\"225\" src=\"https:\/\/www.lohschule-datteln.de\/wp-content\/uploads\/2024\/02\/k6-300x225.jpeg\" class=\"attachment-medium size-medium\" alt=\"\" srcset=\"https:\/\/www.lohschule-datteln.de\/wp-content\/uploads\/2024\/02\/k6-300x225.jpeg 300w, https:\/\/www.lohschule-datteln.de\/wp-content\/uploads\/2024\/02\/k6-768x576.jpeg 768w, https:\/\/www.lohschule-datteln.de\/wp-content\/uploads\/2024\/02\/k6.jpeg 800w\" sizes=\"auto, (max-width: 300px) 100vw, 300px\" \/>\n\t\t\t<\/div><\/figure><figure class='gallery-item'>\n\t\t\t<div class='gallery-icon portrait'>\n\t\t\t\t<img loading=\"lazy\" decoding=\"async\" width=\"225\" height=\"300\" src=\"https:\/\/www.lohschule-datteln.de\/wp-content\/uploads\/2024\/02\/K1-225x300.jpeg\" class=\"attachment-medium size-medium\" alt=\"\" srcset=\"https:\/\/www.lohschule-datteln.de\/wp-content\/uploads\/2024\/02\/K1-225x300.jpeg 225w, https:\/\/www.lohschule-datteln.de\/wp-content\/uploads\/2024\/02\/K1-768x1024.jpeg 768w, https:\/\/www.lohschule-datteln.de\/wp-content\/uploads\/2024\/02\/K1.jpeg 800w\" sizes=\"auto, (max-width: 225px) 100vw, 225px\" \/>\n\t\t\t<\/div><\/figure>\n\t\t<\/div>\n\n","protected":false},"excerpt":{"rendered":"<p>Lohschulgemeinde feiert Karneval \u201eAm Freitag feiern wir Karneval. Stimmt das?\u201c So oder \u00e4hnlich war es in der und anderen Klasse zu h\u00f6ren, bevor es in der Tat Freitag vor Rosenmontag\u00a0auf den G\u00e4ngen und in den Klassen wieder bunt zuging. Die meisten Kinder kamen verkleidet und geschminkt zur Schule und strahlten, als sie das Geb\u00e4ude betraten. [&hellip;]<\/p>\n","protected":false},"author":3,"featured_media":0,"parent":0,"menu_order":0,"comment_status":"closed","ping_status":"closed","template":"","meta":{"footnotes":""},"class_list":["post-13443","page","type-page","status-publish","hentry"],"yoast_head":"<!-- This site is optimized with the Yoast SEO plugin v27.5 - https:\/\/yoast.com\/product\/yoast-seo-wordpress\/ -->\n<title>Karneval 2024 - Lohschule Datteln<\/title>\n<meta name=\"robots\" content=\"index, follow, max-snippet:-1, max-image-preview:large, max-video-preview:-1\" \/>\n<link rel=\"canonical\" href=\"https:\/\/www.lohschule-datteln.de\/index.php\/karneval-2024\/\" \/>\n<meta property=\"og:locale\" content=\"de_DE\" \/>\n<meta property=\"og:type\" content=\"article\" \/>\n<meta property=\"og:title\" content=\"Karneval 2024 - Lohschule Datteln\" \/>\n<meta property=\"og:description\" content=\"Lohschulgemeinde feiert Karneval \u201eAm Freitag feiern wir Karneval. Stimmt das?\u201c So oder \u00e4hnlich war es in der und anderen Klasse zu h\u00f6ren, bevor es in der Tat Freitag vor Rosenmontag\u00a0auf den G\u00e4ngen und in den Klassen wieder bunt zuging. Die meisten Kinder kamen verkleidet und geschminkt zur Schule und strahlten, als sie das Geb\u00e4ude betraten. [&hellip;]\" \/>\n<meta property=\"og:url\" content=\"https:\/\/www.lohschule-datteln.de\/index.php\/karneval-2024\/\" \/>\n<meta property=\"og:site_name\" content=\"Lohschule Datteln\" \/>\n<meta property=\"article:modified_time\" content=\"2024-02-15T19:07:37+00:00\" \/>\n<meta property=\"og:image\" content=\"https:\/\/www.lohschule-datteln.de\/wp-content\/uploads\/2024\/02\/k2-300x187.jpeg\" \/>\n<meta name=\"twitter:card\" content=\"summary_large_image\" \/>\n<meta name=\"twitter:label1\" content=\"Gesch\u00e4tzte Lesezeit\" \/>\n\t<meta name=\"twitter:data1\" content=\"2\u00a0Minuten\" \/>\n<script type=\"application\/ld+json\" class=\"yoast-schema-graph\">{\"@context\":\"https:\\\/\\\/schema.org\",\"@graph\":[{\"@type\":\"WebPage\",\"@id\":\"https:\\\/\\\/www.lohschule-datteln.de\\\/index.php\\\/karneval-2024\\\/\",\"url\":\"https:\\\/\\\/www.lohschule-datteln.de\\\/index.php\\\/karneval-2024\\\/\",\"name\":\"Karneval 2024 - Lohschule Datteln\",\"isPartOf\":{\"@id\":\"https:\\\/\\\/www.lohschule-datteln.de\\\/#website\"},\"primaryImageOfPage\":{\"@id\":\"https:\\\/\\\/www.lohschule-datteln.de\\\/index.php\\\/karneval-2024\\\/#primaryimage\"},\"image\":{\"@id\":\"https:\\\/\\\/www.lohschule-datteln.de\\\/index.php\\\/karneval-2024\\\/#primaryimage\"},\"thumbnailUrl\":\"https:\\\/\\\/www.lohschule-datteln.de\\\/wp-content\\\/uploads\\\/2024\\\/02\\\/k7.jpeg\",\"datePublished\":\"2024-02-13T22:21:59+00:00\",\"dateModified\":\"2024-02-15T19:07:37+00:00\",\"breadcrumb\":{\"@id\":\"https:\\\/\\\/www.lohschule-datteln.de\\\/index.php\\\/karneval-2024\\\/#breadcrumb\"},\"inLanguage\":\"de\",\"potentialAction\":[{\"@type\":\"ReadAction\",\"target\":[\"https:\\\/\\\/www.lohschule-datteln.de\\\/index.php\\\/karneval-2024\\\/\"]}]},{\"@type\":\"ImageObject\",\"inLanguage\":\"de\",\"@id\":\"https:\\\/\\\/www.lohschule-datteln.de\\\/index.php\\\/karneval-2024\\\/#primaryimage\",\"url\":\"https:\\\/\\\/www.lohschule-datteln.de\\\/wp-content\\\/uploads\\\/2024\\\/02\\\/k7.jpeg\",\"contentUrl\":\"https:\\\/\\\/www.lohschule-datteln.de\\\/wp-content\\\/uploads\\\/2024\\\/02\\\/k7.jpeg\",\"width\":800,\"height\":600},{\"@type\":\"BreadcrumbList\",\"@id\":\"https:\\\/\\\/www.lohschule-datteln.de\\\/index.php\\\/karneval-2024\\\/#breadcrumb\",\"itemListElement\":[{\"@type\":\"ListItem\",\"position\":1,\"name\":\"Startseite\",\"item\":\"https:\\\/\\\/www.lohschule-datteln.de\\\/\"},{\"@type\":\"ListItem\",\"position\":2,\"name\":\"Karneval 2024\"}]},{\"@type\":\"WebSite\",\"@id\":\"https:\\\/\\\/www.lohschule-datteln.de\\\/#website\",\"url\":\"https:\\\/\\\/www.lohschule-datteln.de\\\/\",\"name\":\"Lohschule Datteln\",\"description\":\"kath. Grundschule\",\"publisher\":{\"@id\":\"https:\\\/\\\/www.lohschule-datteln.de\\\/#organization\"},\"potentialAction\":[{\"@type\":\"SearchAction\",\"target\":{\"@type\":\"EntryPoint\",\"urlTemplate\":\"https:\\\/\\\/www.lohschule-datteln.de\\\/?s={search_term_string}\"},\"query-input\":{\"@type\":\"PropertyValueSpecification\",\"valueRequired\":true,\"valueName\":\"search_term_string\"}}],\"inLanguage\":\"de\"},{\"@type\":\"Organization\",\"@id\":\"https:\\\/\\\/www.lohschule-datteln.de\\\/#organization\",\"name\":\"Lohschule -katholische Grundschule Datteln\",\"url\":\"https:\\\/\\\/www.lohschule-datteln.de\\\/\",\"logo\":{\"@type\":\"ImageObject\",\"inLanguage\":\"de\",\"@id\":\"https:\\\/\\\/www.lohschule-datteln.de\\\/#\\\/schema\\\/logo\\\/image\\\/\",\"url\":\"http:\\\/\\\/www.lohschule-datteln.de\\\/wp-content\\\/uploads\\\/2016\\\/02\\\/Loh-neu-2016.jpg\",\"contentUrl\":\"http:\\\/\\\/www.lohschule-datteln.de\\\/wp-content\\\/uploads\\\/2016\\\/02\\\/Loh-neu-2016.jpg\",\"width\":448,\"height\":252,\"caption\":\"Lohschule -katholische Grundschule Datteln\"},\"image\":{\"@id\":\"https:\\\/\\\/www.lohschule-datteln.de\\\/#\\\/schema\\\/logo\\\/image\\\/\"}}]}<\/script>\n<!-- \/ Yoast SEO plugin. -->","yoast_head_json":{"title":"Karneval 2024 - Lohschule Datteln","robots":{"index":"index","follow":"follow","max-snippet":"max-snippet:-1","max-image-preview":"max-image-preview:large","max-video-preview":"max-video-preview:-1"},"canonical":"https:\/\/www.lohschule-datteln.de\/index.php\/karneval-2024\/","og_locale":"de_DE","og_type":"article","og_title":"Karneval 2024 - Lohschule Datteln","og_description":"Lohschulgemeinde feiert Karneval \u201eAm Freitag feiern wir Karneval. Stimmt das?\u201c So oder \u00e4hnlich war es in der und anderen Klasse zu h\u00f6ren, bevor es in der Tat Freitag vor Rosenmontag\u00a0auf den G\u00e4ngen und in den Klassen wieder bunt zuging. Die meisten Kinder kamen verkleidet und geschminkt zur Schule und strahlten, als sie das Geb\u00e4ude betraten. [&hellip;]","og_url":"https:\/\/www.lohschule-datteln.de\/index.php\/karneval-2024\/","og_site_name":"Lohschule Datteln","article_modified_time":"2024-02-15T19:07:37+00:00","og_image":[{"url":"https:\/\/www.lohschule-datteln.de\/wp-content\/uploads\/2024\/02\/k2-300x187.jpeg","type":"","width":"","height":""}],"twitter_card":"summary_large_image","twitter_misc":{"Gesch\u00e4tzte Lesezeit":"2\u00a0Minuten"},"schema":{"@context":"https:\/\/schema.org","@graph":[{"@type":"WebPage","@id":"https:\/\/www.lohschule-datteln.de\/index.php\/karneval-2024\/","url":"https:\/\/www.lohschule-datteln.de\/index.php\/karneval-2024\/","name":"Karneval 2024 - Lohschule Datteln","isPartOf":{"@id":"https:\/\/www.lohschule-datteln.de\/#website"},"primaryImageOfPage":{"@id":"https:\/\/www.lohschule-datteln.de\/index.php\/karneval-2024\/#primaryimage"},"image":{"@id":"https:\/\/www.lohschule-datteln.de\/index.php\/karneval-2024\/#primaryimage"},"thumbnailUrl":"https:\/\/www.lohschule-datteln.de\/wp-content\/uploads\/2024\/02\/k7.jpeg","datePublished":"2024-02-13T22:21:59+00:00","dateModified":"2024-02-15T19:07:37+00:00","breadcrumb":{"@id":"https:\/\/www.lohschule-datteln.de\/index.php\/karneval-2024\/#breadcrumb"},"inLanguage":"de","potentialAction":[{"@type":"ReadAction","target":["https:\/\/www.lohschule-datteln.de\/index.php\/karneval-2024\/"]}]},{"@type":"ImageObject","inLanguage":"de","@id":"https:\/\/www.lohschule-datteln.de\/index.php\/karneval-2024\/#primaryimage","url":"https:\/\/www.lohschule-datteln.de\/wp-content\/uploads\/2024\/02\/k7.jpeg","contentUrl":"https:\/\/www.lohschule-datteln.de\/wp-content\/uploads\/2024\/02\/k7.jpeg","width":800,"height":600},{"@type":"BreadcrumbList","@id":"https:\/\/www.lohschule-datteln.de\/index.php\/karneval-2024\/#breadcrumb","itemListElement":[{"@type":"ListItem","position":1,"name":"Startseite","item":"https:\/\/www.lohschule-datteln.de\/"},{"@type":"ListItem","position":2,"name":"Karneval 2024"}]},{"@type":"WebSite","@id":"https:\/\/www.lohschule-datteln.de\/#website","url":"https:\/\/www.lohschule-datteln.de\/","name":"Lohschule Datteln","description":"kath. Grundschule","publisher":{"@id":"https:\/\/www.lohschule-datteln.de\/#organization"},"potentialAction":[{"@type":"SearchAction","target":{"@type":"EntryPoint","urlTemplate":"https:\/\/www.lohschule-datteln.de\/?s={search_term_string}"},"query-input":{"@type":"PropertyValueSpecification","valueRequired":true,"valueName":"search_term_string"}}],"inLanguage":"de"},{"@type":"Organization","@id":"https:\/\/www.lohschule-datteln.de\/#organization","name":"Lohschule -katholische Grundschule Datteln","url":"https:\/\/www.lohschule-datteln.de\/","logo":{"@type":"ImageObject","inLanguage":"de","@id":"https:\/\/www.lohschule-datteln.de\/#\/schema\/logo\/image\/","url":"http:\/\/www.lohschule-datteln.de\/wp-content\/uploads\/2016\/02\/Loh-neu-2016.jpg","contentUrl":"http:\/\/www.lohschule-datteln.de\/wp-content\/uploads\/2016\/02\/Loh-neu-2016.jpg","width":448,"height":252,"caption":"Lohschule -katholische Grundschule Datteln"},"image":{"@id":"https:\/\/www.lohschule-datteln.de\/#\/schema\/logo\/image\/"}}]}},"_links":{"self":[{"href":"https:\/\/www.lohschule-datteln.de\/index.php\/wp-json\/wp\/v2\/pages\/13443","targetHints":{"allow":["GET"]}}],"collection":[{"href":"https:\/\/www.lohschule-datteln.de\/index.php\/wp-json\/wp\/v2\/pages"}],"about":[{"href":"https:\/\/www.lohschule-datteln.de\/index.php\/wp-json\/wp\/v2\/types\/page"}],"author":[{"embeddable":true,"href":"https:\/\/www.lohschule-datteln.de\/index.php\/wp-json\/wp\/v2\/users\/3"}],"replies":[{"embeddable":true,"href":"https:\/\/www.lohschule-datteln.de\/index.php\/wp-json\/wp\/v2\/comments?post=13443"}],"version-history":[{"count":7,"href":"https:\/\/www.lohschule-datteln.de\/index.php\/wp-json\/wp\/v2\/pages\/13443\/revisions"}],"predecessor-version":[{"id":13466,"href":"https:\/\/www.lohschule-datteln.de\/index.php\/wp-json\/wp\/v2\/pages\/13443\/revisions\/13466"}],"wp:attachment":[{"href":"https:\/\/www.lohschule-datteln.de\/index.php\/wp-json\/wp\/v2\/media?parent=13443"}],"curies":[{"name":"wp","href":"https:\/\/api.w.org\/{rel}","templated":true}]}}