{"id":14592,"date":"2025-04-09T15:17:27","date_gmt":"2025-04-09T13:17:27","guid":{"rendered":"https:\/\/www.lohschule-datteln.de\/?page_id=14592"},"modified":"2025-04-21T12:41:25","modified_gmt":"2025-04-21T10:41:25","slug":"4-jahrgang-2024-25","status":"publish","type":"page","link":"https:\/\/www.lohschule-datteln.de\/index.php\/4-jahrgang-2024-25\/","title":{"rendered":"4. Jahrgang 2024\/25"},"content":{"rendered":"<h2>Klasse 4c &#8211; H\u00f6rwerbung<\/h2>\n\n\n<p><strong>H\u00f6rwerbung f\u00fcr den Lohschuljahrmarkt<\/strong><\/p>\n\n\n\n<p>In einer Unterrichtseinheit haben sich die Sch\u00fclerinnen und Sch\u00fcler der 4c intensiv mit dem Thema Werbung besch\u00e4ftigt. Ziel war es, die Bedeutung und Ziele von Werbung zu verstehen und eigene kreative Ideen zu entwickeln.<\/p>\n\n\n\n<p>Die klasseneigene Werbeagentur \u201eL\u00f6wenstark\u201c hat verschiedene Attraktionen unseres bevorstehenden Schulfestes ausgew\u00e4hlt. Mit viel Enthusiasmus haben die Sch\u00fclerinnen und Sch\u00fcler in den Werbeb\u00fcros ihre H\u00f6rwerbung geplant und geschrieben. Dabei konnten sie ihrer Kreativit\u00e4t freien Lauf lassen und unterschiedliche Werbetricks einsetzen.<\/p>\n\n\n\n<p>Ein besonderes Highlight war die Aufnahme der H\u00f6rwerbung. Die Sch\u00fclerinnen und Sch\u00fcler haben nicht nur ihre Texte vertont, sondern auch mit verschiedenen Kl\u00e4ngen und Effekten experimentiert, um ihre Botschaften noch ansprechender zu gestalten.<\/p>\n\n\n\n<p>H\u00f6ren Sie rein und lassen Sie sich von den kreativen Werbespots begeistern!<\/p>\n\n\n<p>&nbsp;<\/p>\n<p>&nbsp;<\/p>\n<audio class=\"wp-audio-shortcode\" id=\"audio-14592-1\" preload=\"none\" style=\"width: 100%;\" controls=\"controls\"><source type=\"audio\/mpeg\" src=\"https:\/\/www.lohschule-datteln.de\/wp-content\/uploads\/2025\/04\/Waffeln.mp3?_=1\" \/><a href=\"https:\/\/www.lohschule-datteln.de\/wp-content\/uploads\/2025\/04\/Waffeln.mp3\">https:\/\/www.lohschule-datteln.de\/wp-content\/uploads\/2025\/04\/Waffeln.mp3<\/a><\/audio>\n<p>Waffeln<\/p>\n<p>&nbsp;<\/p>\n<p>&nbsp;<\/p>\n<audio class=\"wp-audio-shortcode\" id=\"audio-14592-2\" preload=\"none\" style=\"width: 100%;\" controls=\"controls\"><source type=\"audio\/mpeg\" src=\"https:\/\/www.lohschule-datteln.de\/wp-content\/uploads\/2025\/04\/Kettenkarussell-\u201eWirblerwirbler.mp3?_=2\" \/><a href=\"https:\/\/www.lohschule-datteln.de\/wp-content\/uploads\/2025\/04\/Kettenkarussell-\u201eWirblerwirbler.mp3\">https:\/\/www.lohschule-datteln.de\/wp-content\/uploads\/2025\/04\/Kettenkarussell-\u201eWirblerwirbler.mp3<\/a><\/audio>\n<p>Kettenkarussell &#8211; Wirblerwirbler<\/p>\n<p>&nbsp;<\/p>\n<p>&nbsp;<\/p>\n<audio class=\"wp-audio-shortcode\" id=\"audio-14592-3\" preload=\"none\" style=\"width: 100%;\" controls=\"controls\"><source type=\"audio\/mpeg\" src=\"https:\/\/www.lohschule-datteln.de\/wp-content\/uploads\/2025\/04\/Bewegungspacours-\u201eJump-and-Run.mp3?_=3\" \/><a href=\"https:\/\/www.lohschule-datteln.de\/wp-content\/uploads\/2025\/04\/Bewegungspacours-\u201eJump-and-Run.mp3\">https:\/\/www.lohschule-datteln.de\/wp-content\/uploads\/2025\/04\/Bewegungspacours-\u201eJump-and-Run.mp3<\/a><\/audio>\n<p>Bewegungsparcours- Jump and run<\/p>\n<p>&nbsp;<\/p>\n<p>&nbsp;<\/p>\n<audio class=\"wp-audio-shortcode\" id=\"audio-14592-4\" preload=\"none\" style=\"width: 100%;\" controls=\"controls\"><source type=\"audio\/mpeg\" src=\"https:\/\/www.lohschule-datteln.de\/wp-content\/uploads\/2025\/04\/Schminkstand.mp3?_=4\" \/><a href=\"https:\/\/www.lohschule-datteln.de\/wp-content\/uploads\/2025\/04\/Schminkstand.mp3\">https:\/\/www.lohschule-datteln.de\/wp-content\/uploads\/2025\/04\/Schminkstand.mp3<\/a><\/audio>\n<p>Schminkstand<\/p>\n<p>&nbsp;<\/p>\n<p>&nbsp;<\/p>\n<audio class=\"wp-audio-shortcode\" id=\"audio-14592-5\" preload=\"none\" style=\"width: 100%;\" controls=\"controls\"><source type=\"audio\/mpeg\" src=\"https:\/\/www.lohschule-datteln.de\/wp-content\/uploads\/2025\/04\/Popcorn-\u201ePopqueeny.mp3?_=5\" \/><a href=\"https:\/\/www.lohschule-datteln.de\/wp-content\/uploads\/2025\/04\/Popcorn-\u201ePopqueeny.mp3\">https:\/\/www.lohschule-datteln.de\/wp-content\/uploads\/2025\/04\/Popcorn-\u201ePopqueeny.mp3<\/a><\/audio>\n<p>Popcorn &#8211; Popqueeny<\/p>\n<p>&nbsp;<\/p>\n<p>&nbsp;<\/p>\n<audio class=\"wp-audio-shortcode\" id=\"audio-14592-6\" preload=\"none\" style=\"width: 100%;\" controls=\"controls\"><source type=\"audio\/mpeg\" src=\"https:\/\/www.lohschule-datteln.de\/wp-content\/uploads\/2025\/04\/Bratwuerstchen.mp3?_=6\" \/><a href=\"https:\/\/www.lohschule-datteln.de\/wp-content\/uploads\/2025\/04\/Bratwuerstchen.mp3\">https:\/\/www.lohschule-datteln.de\/wp-content\/uploads\/2025\/04\/Bratwuerstchen.mp3<\/a><\/audio>\n<p>Bratw\u00fcrstchen<\/p>\n<p>&nbsp;<\/p>\n<p>&nbsp;<\/p>\n<audio class=\"wp-audio-shortcode\" id=\"audio-14592-7\" preload=\"none\" style=\"width: 100%;\" controls=\"controls\"><source type=\"audio\/mpeg\" src=\"https:\/\/www.lohschule-datteln.de\/wp-content\/uploads\/2025\/04\/Zuckerwatte.mp3?_=7\" \/><a href=\"https:\/\/www.lohschule-datteln.de\/wp-content\/uploads\/2025\/04\/Zuckerwatte.mp3\">https:\/\/www.lohschule-datteln.de\/wp-content\/uploads\/2025\/04\/Zuckerwatte.mp3<\/a><\/audio>\n<p>Zuckerwatte<\/p>\n<p>&nbsp;<\/p>\n<p>&nbsp;<\/p>\n<audio class=\"wp-audio-shortcode\" id=\"audio-14592-8\" preload=\"none\" style=\"width: 100%;\" controls=\"controls\"><source type=\"audio\/mpeg\" src=\"https:\/\/www.lohschule-datteln.de\/wp-content\/uploads\/2025\/04\/Hau-den-Lukas.mp3?_=8\" \/><a href=\"https:\/\/www.lohschule-datteln.de\/wp-content\/uploads\/2025\/04\/Hau-den-Lukas.mp3\">https:\/\/www.lohschule-datteln.de\/wp-content\/uploads\/2025\/04\/Hau-den-Lukas.mp3<\/a><\/audio>\n<p>Hau den Lukas<\/p>\n<p>&nbsp;<\/p>\n<p>&nbsp;<\/p>\n<audio class=\"wp-audio-shortcode\" id=\"audio-14592-9\" preload=\"none\" style=\"width: 100%;\" controls=\"controls\"><source type=\"audio\/mpeg\" src=\"https:\/\/www.lohschule-datteln.de\/wp-content\/uploads\/2025\/04\/Tombola.mp3?_=9\" \/><a href=\"https:\/\/www.lohschule-datteln.de\/wp-content\/uploads\/2025\/04\/Tombola.mp3\">https:\/\/www.lohschule-datteln.de\/wp-content\/uploads\/2025\/04\/Tombola.mp3<\/a><\/audio>\n<p>Tombola<\/p>\n<p>&nbsp;<\/p>\n<p>&nbsp;<\/p>\n<audio class=\"wp-audio-shortcode\" id=\"audio-14592-10\" preload=\"none\" style=\"width: 100%;\" controls=\"controls\"><source type=\"audio\/mpeg\" src=\"https:\/\/www.lohschule-datteln.de\/wp-content\/uploads\/2025\/04\/Getraenkestand.mp3?_=10\" \/><a href=\"https:\/\/www.lohschule-datteln.de\/wp-content\/uploads\/2025\/04\/Getraenkestand.mp3\">https:\/\/www.lohschule-datteln.de\/wp-content\/uploads\/2025\/04\/Getraenkestand.mp3<\/a><\/audio>\n<p>Getr\u00e4nkestand<\/p>\n<p>&nbsp;<\/p>","protected":false},"excerpt":{"rendered":"<p>Klasse 4c &#8211; H\u00f6rwerbung H\u00f6rwerbung f\u00fcr den Lohschuljahrmarkt In einer Unterrichtseinheit haben sich die Sch\u00fclerinnen und Sch\u00fcler der 4c intensiv mit dem Thema Werbung besch\u00e4ftigt. Ziel war es, die Bedeutung und Ziele von Werbung zu verstehen und eigene kreative Ideen zu entwickeln. Die klasseneigene Werbeagentur \u201eL\u00f6wenstark\u201c hat verschiedene Attraktionen unseres bevorstehenden Schulfestes ausgew\u00e4hlt. Mit viel [&hellip;]<\/p>\n","protected":false},"author":3,"featured_media":0,"parent":0,"menu_order":0,"comment_status":"closed","ping_status":"closed","template":"","meta":{"footnotes":""},"class_list":["post-14592","page","type-page","status-publish","hentry"],"yoast_head":"<!-- This site is optimized with the Yoast SEO plugin v27.4 - https:\/\/yoast.com\/product\/yoast-seo-wordpress\/ -->\n<title>4. Jahrgang 2024\/25 - Lohschule Datteln<\/title>\n<meta name=\"robots\" content=\"index, follow, max-snippet:-1, max-image-preview:large, max-video-preview:-1\" \/>\n<link rel=\"canonical\" href=\"https:\/\/www.lohschule-datteln.de\/index.php\/4-jahrgang-2024-25\/\" \/>\n<meta property=\"og:locale\" content=\"de_DE\" \/>\n<meta property=\"og:type\" content=\"article\" \/>\n<meta property=\"og:title\" content=\"4. Jahrgang 2024\/25 - Lohschule Datteln\" \/>\n<meta property=\"og:description\" content=\"Klasse 4c &#8211; H\u00f6rwerbung H\u00f6rwerbung f\u00fcr den Lohschuljahrmarkt In einer Unterrichtseinheit haben sich die Sch\u00fclerinnen und Sch\u00fcler der 4c intensiv mit dem Thema Werbung besch\u00e4ftigt. Ziel war es, die Bedeutung und Ziele von Werbung zu verstehen und eigene kreative Ideen zu entwickeln. Die klasseneigene Werbeagentur \u201eL\u00f6wenstark\u201c hat verschiedene Attraktionen unseres bevorstehenden Schulfestes ausgew\u00e4hlt. Mit viel [&hellip;]\" \/>\n<meta property=\"og:url\" content=\"https:\/\/www.lohschule-datteln.de\/index.php\/4-jahrgang-2024-25\/\" \/>\n<meta property=\"og:site_name\" content=\"Lohschule Datteln\" \/>\n<meta property=\"article:modified_time\" content=\"2025-04-21T10:41:25+00:00\" \/>\n<meta name=\"twitter:card\" content=\"summary_large_image\" \/>\n<meta name=\"twitter:label1\" content=\"Gesch\u00e4tzte Lesezeit\" \/>\n\t<meta name=\"twitter:data1\" content=\"1\u00a0Minute\" \/>\n<script type=\"application\/ld+json\" class=\"yoast-schema-graph\">{\"@context\":\"https:\\\/\\\/schema.org\",\"@graph\":[{\"@type\":\"WebPage\",\"@id\":\"https:\\\/\\\/www.lohschule-datteln.de\\\/index.php\\\/4-jahrgang-2024-25\\\/\",\"url\":\"https:\\\/\\\/www.lohschule-datteln.de\\\/index.php\\\/4-jahrgang-2024-25\\\/\",\"name\":\"4. Jahrgang 2024\\\/25 - Lohschule Datteln\",\"isPartOf\":{\"@id\":\"https:\\\/\\\/www.lohschule-datteln.de\\\/#website\"},\"datePublished\":\"2025-04-09T13:17:27+00:00\",\"dateModified\":\"2025-04-21T10:41:25+00:00\",\"breadcrumb\":{\"@id\":\"https:\\\/\\\/www.lohschule-datteln.de\\\/index.php\\\/4-jahrgang-2024-25\\\/#breadcrumb\"},\"inLanguage\":\"de\",\"potentialAction\":[{\"@type\":\"ReadAction\",\"target\":[\"https:\\\/\\\/www.lohschule-datteln.de\\\/index.php\\\/4-jahrgang-2024-25\\\/\"]}]},{\"@type\":\"BreadcrumbList\",\"@id\":\"https:\\\/\\\/www.lohschule-datteln.de\\\/index.php\\\/4-jahrgang-2024-25\\\/#breadcrumb\",\"itemListElement\":[{\"@type\":\"ListItem\",\"position\":1,\"name\":\"Startseite\",\"item\":\"https:\\\/\\\/www.lohschule-datteln.de\\\/\"},{\"@type\":\"ListItem\",\"position\":2,\"name\":\"4. Jahrgang 2024\\\/25\"}]},{\"@type\":\"WebSite\",\"@id\":\"https:\\\/\\\/www.lohschule-datteln.de\\\/#website\",\"url\":\"https:\\\/\\\/www.lohschule-datteln.de\\\/\",\"name\":\"Lohschule Datteln\",\"description\":\"kath. Grundschule\",\"publisher\":{\"@id\":\"https:\\\/\\\/www.lohschule-datteln.de\\\/#organization\"},\"potentialAction\":[{\"@type\":\"SearchAction\",\"target\":{\"@type\":\"EntryPoint\",\"urlTemplate\":\"https:\\\/\\\/www.lohschule-datteln.de\\\/?s={search_term_string}\"},\"query-input\":{\"@type\":\"PropertyValueSpecification\",\"valueRequired\":true,\"valueName\":\"search_term_string\"}}],\"inLanguage\":\"de\"},{\"@type\":\"Organization\",\"@id\":\"https:\\\/\\\/www.lohschule-datteln.de\\\/#organization\",\"name\":\"Lohschule -katholische Grundschule Datteln\",\"url\":\"https:\\\/\\\/www.lohschule-datteln.de\\\/\",\"logo\":{\"@type\":\"ImageObject\",\"inLanguage\":\"de\",\"@id\":\"https:\\\/\\\/www.lohschule-datteln.de\\\/#\\\/schema\\\/logo\\\/image\\\/\",\"url\":\"http:\\\/\\\/www.lohschule-datteln.de\\\/wp-content\\\/uploads\\\/2016\\\/02\\\/Loh-neu-2016.jpg\",\"contentUrl\":\"http:\\\/\\\/www.lohschule-datteln.de\\\/wp-content\\\/uploads\\\/2016\\\/02\\\/Loh-neu-2016.jpg\",\"width\":448,\"height\":252,\"caption\":\"Lohschule -katholische Grundschule Datteln\"},\"image\":{\"@id\":\"https:\\\/\\\/www.lohschule-datteln.de\\\/#\\\/schema\\\/logo\\\/image\\\/\"}}]}<\/script>\n<!-- \/ Yoast SEO plugin. -->","yoast_head_json":{"title":"4. Jahrgang 2024\/25 - Lohschule Datteln","robots":{"index":"index","follow":"follow","max-snippet":"max-snippet:-1","max-image-preview":"max-image-preview:large","max-video-preview":"max-video-preview:-1"},"canonical":"https:\/\/www.lohschule-datteln.de\/index.php\/4-jahrgang-2024-25\/","og_locale":"de_DE","og_type":"article","og_title":"4. Jahrgang 2024\/25 - Lohschule Datteln","og_description":"Klasse 4c &#8211; H\u00f6rwerbung H\u00f6rwerbung f\u00fcr den Lohschuljahrmarkt In einer Unterrichtseinheit haben sich die Sch\u00fclerinnen und Sch\u00fcler der 4c intensiv mit dem Thema Werbung besch\u00e4ftigt. Ziel war es, die Bedeutung und Ziele von Werbung zu verstehen und eigene kreative Ideen zu entwickeln. Die klasseneigene Werbeagentur \u201eL\u00f6wenstark\u201c hat verschiedene Attraktionen unseres bevorstehenden Schulfestes ausgew\u00e4hlt. Mit viel [&hellip;]","og_url":"https:\/\/www.lohschule-datteln.de\/index.php\/4-jahrgang-2024-25\/","og_site_name":"Lohschule Datteln","article_modified_time":"2025-04-21T10:41:25+00:00","twitter_card":"summary_large_image","twitter_misc":{"Gesch\u00e4tzte Lesezeit":"1\u00a0Minute"},"schema":{"@context":"https:\/\/schema.org","@graph":[{"@type":"WebPage","@id":"https:\/\/www.lohschule-datteln.de\/index.php\/4-jahrgang-2024-25\/","url":"https:\/\/www.lohschule-datteln.de\/index.php\/4-jahrgang-2024-25\/","name":"4. Jahrgang 2024\/25 - Lohschule Datteln","isPartOf":{"@id":"https:\/\/www.lohschule-datteln.de\/#website"},"datePublished":"2025-04-09T13:17:27+00:00","dateModified":"2025-04-21T10:41:25+00:00","breadcrumb":{"@id":"https:\/\/www.lohschule-datteln.de\/index.php\/4-jahrgang-2024-25\/#breadcrumb"},"inLanguage":"de","potentialAction":[{"@type":"ReadAction","target":["https:\/\/www.lohschule-datteln.de\/index.php\/4-jahrgang-2024-25\/"]}]},{"@type":"BreadcrumbList","@id":"https:\/\/www.lohschule-datteln.de\/index.php\/4-jahrgang-2024-25\/#breadcrumb","itemListElement":[{"@type":"ListItem","position":1,"name":"Startseite","item":"https:\/\/www.lohschule-datteln.de\/"},{"@type":"ListItem","position":2,"name":"4. Jahrgang 2024\/25"}]},{"@type":"WebSite","@id":"https:\/\/www.lohschule-datteln.de\/#website","url":"https:\/\/www.lohschule-datteln.de\/","name":"Lohschule Datteln","description":"kath. Grundschule","publisher":{"@id":"https:\/\/www.lohschule-datteln.de\/#organization"},"potentialAction":[{"@type":"SearchAction","target":{"@type":"EntryPoint","urlTemplate":"https:\/\/www.lohschule-datteln.de\/?s={search_term_string}"},"query-input":{"@type":"PropertyValueSpecification","valueRequired":true,"valueName":"search_term_string"}}],"inLanguage":"de"},{"@type":"Organization","@id":"https:\/\/www.lohschule-datteln.de\/#organization","name":"Lohschule -katholische Grundschule Datteln","url":"https:\/\/www.lohschule-datteln.de\/","logo":{"@type":"ImageObject","inLanguage":"de","@id":"https:\/\/www.lohschule-datteln.de\/#\/schema\/logo\/image\/","url":"http:\/\/www.lohschule-datteln.de\/wp-content\/uploads\/2016\/02\/Loh-neu-2016.jpg","contentUrl":"http:\/\/www.lohschule-datteln.de\/wp-content\/uploads\/2016\/02\/Loh-neu-2016.jpg","width":448,"height":252,"caption":"Lohschule -katholische Grundschule Datteln"},"image":{"@id":"https:\/\/www.lohschule-datteln.de\/#\/schema\/logo\/image\/"}}]}},"_links":{"self":[{"href":"https:\/\/www.lohschule-datteln.de\/index.php\/wp-json\/wp\/v2\/pages\/14592","targetHints":{"allow":["GET"]}}],"collection":[{"href":"https:\/\/www.lohschule-datteln.de\/index.php\/wp-json\/wp\/v2\/pages"}],"about":[{"href":"https:\/\/www.lohschule-datteln.de\/index.php\/wp-json\/wp\/v2\/types\/page"}],"author":[{"embeddable":true,"href":"https:\/\/www.lohschule-datteln.de\/index.php\/wp-json\/wp\/v2\/users\/3"}],"replies":[{"embeddable":true,"href":"https:\/\/www.lohschule-datteln.de\/index.php\/wp-json\/wp\/v2\/comments?post=14592"}],"version-history":[{"count":8,"href":"https:\/\/www.lohschule-datteln.de\/index.php\/wp-json\/wp\/v2\/pages\/14592\/revisions"}],"predecessor-version":[{"id":14665,"href":"https:\/\/www.lohschule-datteln.de\/index.php\/wp-json\/wp\/v2\/pages\/14592\/revisions\/14665"}],"wp:attachment":[{"href":"https:\/\/www.lohschule-datteln.de\/index.php\/wp-json\/wp\/v2\/media?parent=14592"}],"curies":[{"name":"wp","href":"https:\/\/api.w.org\/{rel}","templated":true}]}}