{"id":14952,"date":"2025-07-09T17:23:44","date_gmt":"2025-07-09T15:23:44","guid":{"rendered":"https:\/\/www.lohschule-datteln.de\/?page_id=14952"},"modified":"2025-07-09T17:30:47","modified_gmt":"2025-07-09T15:30:47","slug":"besuch-vom-eismobil","status":"publish","type":"page","link":"https:\/\/www.lohschule-datteln.de\/index.php\/besuch-vom-eismobil\/","title":{"rendered":"Besuch vom Eismobil"},"content":{"rendered":"\n<p>In der \u201ehei\u00dfen Phase\u201c vor dem Ferienbeginn hatten alle Kinder die M\u00f6glichkeit, sich mit leckerem Eis aus dem Eismobil abzuk\u00fchlen. Jedes Kind konnte sich zwei Kugeln in der Waffel aussuchen. <br>Die Begeisterung der Kinder \u00fcber diese \u00dcberraschung kann man auf den Bildern deutlich sehen \ud83c\udf66\ud83d\ude0e.<\/p>\n\n\n\n<figure class=\"wp-block-gallery has-nested-images columns-default is-cropped wp-block-gallery-1 is-layout-flex wp-block-gallery-is-layout-flex\">\n<figure class=\"wp-block-image size-large\"><img loading=\"lazy\" decoding=\"async\" width=\"1024\" height=\"768\" data-id=\"14954\" src=\"https:\/\/www.lohschule-datteln.de\/wp-content\/uploads\/2025\/07\/IMG_4064-1024x768.jpg\" alt=\"\" class=\"wp-image-14954\" srcset=\"https:\/\/www.lohschule-datteln.de\/wp-content\/uploads\/2025\/07\/IMG_4064-1024x768.jpg 1024w, https:\/\/www.lohschule-datteln.de\/wp-content\/uploads\/2025\/07\/IMG_4064-300x225.jpg 300w, https:\/\/www.lohschule-datteln.de\/wp-content\/uploads\/2025\/07\/IMG_4064-768x576.jpg 768w, https:\/\/www.lohschule-datteln.de\/wp-content\/uploads\/2025\/07\/IMG_4064-1536x1152.jpg 1536w, https:\/\/www.lohschule-datteln.de\/wp-content\/uploads\/2025\/07\/IMG_4064-2048x1536.jpg 2048w\" sizes=\"auto, (max-width: 1024px) 100vw, 1024px\" \/><\/figure>\n\n\n<div class=\"wp-block-image\">\n<figure class=\"aligncenter size-large\"><img loading=\"lazy\" decoding=\"async\" width=\"768\" height=\"1024\" data-id=\"14955\" src=\"https:\/\/www.lohschule-datteln.de\/wp-content\/uploads\/2025\/07\/IMG_4069-768x1024.jpg\" alt=\"\" class=\"wp-image-14955\" srcset=\"https:\/\/www.lohschule-datteln.de\/wp-content\/uploads\/2025\/07\/IMG_4069-768x1024.jpg 768w, https:\/\/www.lohschule-datteln.de\/wp-content\/uploads\/2025\/07\/IMG_4069-225x300.jpg 225w, https:\/\/www.lohschule-datteln.de\/wp-content\/uploads\/2025\/07\/IMG_4069-1152x1536.jpg 1152w, https:\/\/www.lohschule-datteln.de\/wp-content\/uploads\/2025\/07\/IMG_4069-1536x2048.jpg 1536w, https:\/\/www.lohschule-datteln.de\/wp-content\/uploads\/2025\/07\/IMG_4069-scaled.jpg 1920w\" sizes=\"auto, (max-width: 768px) 100vw, 768px\" \/><\/figure>\n<\/div>\n\n\n<figure class=\"wp-block-image size-large\"><img loading=\"lazy\" decoding=\"async\" width=\"1024\" height=\"846\" data-id=\"14953\" src=\"https:\/\/www.lohschule-datteln.de\/wp-content\/uploads\/2025\/07\/1e4d9d26-3964-4684-8908-fdf21c7f7171-1024x846.jpg\" alt=\"\" class=\"wp-image-14953\" srcset=\"https:\/\/www.lohschule-datteln.de\/wp-content\/uploads\/2025\/07\/1e4d9d26-3964-4684-8908-fdf21c7f7171-1024x846.jpg 1024w, https:\/\/www.lohschule-datteln.de\/wp-content\/uploads\/2025\/07\/1e4d9d26-3964-4684-8908-fdf21c7f7171-300x248.jpg 300w, https:\/\/www.lohschule-datteln.de\/wp-content\/uploads\/2025\/07\/1e4d9d26-3964-4684-8908-fdf21c7f7171-768x635.jpg 768w, https:\/\/www.lohschule-datteln.de\/wp-content\/uploads\/2025\/07\/1e4d9d26-3964-4684-8908-fdf21c7f7171-1536x1269.jpg 1536w, https:\/\/www.lohschule-datteln.de\/wp-content\/uploads\/2025\/07\/1e4d9d26-3964-4684-8908-fdf21c7f7171.jpg 1900w\" sizes=\"auto, (max-width: 1024px) 100vw, 1024px\" \/><\/figure>\n\n\n\n<figure class=\"wp-block-image size-large\"><img loading=\"lazy\" decoding=\"async\" width=\"1024\" height=\"768\" data-id=\"14958\" src=\"https:\/\/www.lohschule-datteln.de\/wp-content\/uploads\/2025\/07\/IMG_4065-1024x768.jpg\" alt=\"\" class=\"wp-image-14958\" srcset=\"https:\/\/www.lohschule-datteln.de\/wp-content\/uploads\/2025\/07\/IMG_4065-1024x768.jpg 1024w, https:\/\/www.lohschule-datteln.de\/wp-content\/uploads\/2025\/07\/IMG_4065-300x225.jpg 300w, https:\/\/www.lohschule-datteln.de\/wp-content\/uploads\/2025\/07\/IMG_4065-768x576.jpg 768w, https:\/\/www.lohschule-datteln.de\/wp-content\/uploads\/2025\/07\/IMG_4065-1536x1152.jpg 1536w, https:\/\/www.lohschule-datteln.de\/wp-content\/uploads\/2025\/07\/IMG_4065-2048x1536.jpg 2048w\" sizes=\"auto, (max-width: 1024px) 100vw, 1024px\" \/><\/figure>\n\n\n\n<figure class=\"wp-block-image size-large\"><img loading=\"lazy\" decoding=\"async\" width=\"768\" height=\"1024\" data-id=\"14957\" src=\"https:\/\/www.lohschule-datteln.de\/wp-content\/uploads\/2025\/07\/IMG_4059-768x1024.jpg\" alt=\"\" class=\"wp-image-14957\" srcset=\"https:\/\/www.lohschule-datteln.de\/wp-content\/uploads\/2025\/07\/IMG_4059-768x1024.jpg 768w, https:\/\/www.lohschule-datteln.de\/wp-content\/uploads\/2025\/07\/IMG_4059-225x300.jpg 225w, https:\/\/www.lohschule-datteln.de\/wp-content\/uploads\/2025\/07\/IMG_4059-1152x1536.jpg 1152w, https:\/\/www.lohschule-datteln.de\/wp-content\/uploads\/2025\/07\/IMG_4059-1536x2048.jpg 1536w, https:\/\/www.lohschule-datteln.de\/wp-content\/uploads\/2025\/07\/IMG_4059-scaled.jpg 1920w\" sizes=\"auto, (max-width: 768px) 100vw, 768px\" \/><\/figure>\n\n\n\n<figure class=\"wp-block-image size-large\"><img loading=\"lazy\" decoding=\"async\" width=\"1024\" height=\"768\" data-id=\"14956\" src=\"https:\/\/www.lohschule-datteln.de\/wp-content\/uploads\/2025\/07\/IMG_4062-1024x768.jpg\" alt=\"\" class=\"wp-image-14956\" srcset=\"https:\/\/www.lohschule-datteln.de\/wp-content\/uploads\/2025\/07\/IMG_4062-1024x768.jpg 1024w, https:\/\/www.lohschule-datteln.de\/wp-content\/uploads\/2025\/07\/IMG_4062-300x225.jpg 300w, https:\/\/www.lohschule-datteln.de\/wp-content\/uploads\/2025\/07\/IMG_4062-768x576.jpg 768w, https:\/\/www.lohschule-datteln.de\/wp-content\/uploads\/2025\/07\/IMG_4062-1536x1152.jpg 1536w, https:\/\/www.lohschule-datteln.de\/wp-content\/uploads\/2025\/07\/IMG_4062-2048x1536.jpg 2048w\" sizes=\"auto, (max-width: 1024px) 100vw, 1024px\" \/><\/figure>\n\n\n<div class=\"wp-block-image\">\n<figure class=\"aligncenter size-large\"><img loading=\"lazy\" decoding=\"async\" width=\"1024\" height=\"576\" data-id=\"14959\" src=\"https:\/\/www.lohschule-datteln.de\/wp-content\/uploads\/2025\/07\/258a8aa4-297c-4563-8da4-ecb02e895752-1024x576.jpeg\" alt=\"\" class=\"wp-image-14959\" srcset=\"https:\/\/www.lohschule-datteln.de\/wp-content\/uploads\/2025\/07\/258a8aa4-297c-4563-8da4-ecb02e895752-1024x576.jpeg 1024w, https:\/\/www.lohschule-datteln.de\/wp-content\/uploads\/2025\/07\/258a8aa4-297c-4563-8da4-ecb02e895752-300x169.jpeg 300w, https:\/\/www.lohschule-datteln.de\/wp-content\/uploads\/2025\/07\/258a8aa4-297c-4563-8da4-ecb02e895752-768x432.jpeg 768w, https:\/\/www.lohschule-datteln.de\/wp-content\/uploads\/2025\/07\/258a8aa4-297c-4563-8da4-ecb02e895752-1536x864.jpeg 1536w, https:\/\/www.lohschule-datteln.de\/wp-content\/uploads\/2025\/07\/258a8aa4-297c-4563-8da4-ecb02e895752.jpeg 2000w\" sizes=\"auto, (max-width: 1024px) 100vw, 1024px\" \/><\/figure>\n<\/div><\/figure>\n","protected":false},"excerpt":{"rendered":"<p>In der \u201ehei\u00dfen Phase\u201c vor dem Ferienbeginn hatten alle Kinder die M\u00f6glichkeit, sich mit leckerem Eis aus dem Eismobil abzuk\u00fchlen. Jedes Kind konnte sich zwei Kugeln in der Waffel aussuchen. Die Begeisterung der Kinder \u00fcber diese \u00dcberraschung kann man auf den Bildern deutlich sehen \ud83c\udf66\ud83d\ude0e.<\/p>\n","protected":false},"author":3,"featured_media":0,"parent":0,"menu_order":0,"comment_status":"closed","ping_status":"closed","template":"","meta":{"footnotes":""},"class_list":["post-14952","page","type-page","status-publish","hentry"],"yoast_head":"<!-- This site is optimized with the Yoast SEO plugin v27.4 - https:\/\/yoast.com\/product\/yoast-seo-wordpress\/ -->\n<title>Besuch vom Eismobil - Lohschule Datteln<\/title>\n<meta name=\"robots\" content=\"index, follow, max-snippet:-1, max-image-preview:large, max-video-preview:-1\" \/>\n<link rel=\"canonical\" href=\"https:\/\/www.lohschule-datteln.de\/index.php\/besuch-vom-eismobil\/\" \/>\n<meta property=\"og:locale\" content=\"de_DE\" \/>\n<meta property=\"og:type\" content=\"article\" \/>\n<meta property=\"og:title\" content=\"Besuch vom Eismobil - Lohschule Datteln\" \/>\n<meta property=\"og:description\" content=\"In der \u201ehei\u00dfen Phase\u201c vor dem Ferienbeginn hatten alle Kinder die M\u00f6glichkeit, sich mit leckerem Eis aus dem Eismobil abzuk\u00fchlen. Jedes Kind konnte sich zwei Kugeln in der Waffel aussuchen. Die Begeisterung der Kinder \u00fcber diese \u00dcberraschung kann man auf den Bildern deutlich sehen \ud83c\udf66\ud83d\ude0e.\" \/>\n<meta property=\"og:url\" content=\"https:\/\/www.lohschule-datteln.de\/index.php\/besuch-vom-eismobil\/\" \/>\n<meta property=\"og:site_name\" content=\"Lohschule Datteln\" \/>\n<meta property=\"article:modified_time\" content=\"2025-07-09T15:30:47+00:00\" \/>\n<meta property=\"og:image\" content=\"https:\/\/www.lohschule-datteln.de\/wp-content\/uploads\/2025\/07\/IMG_4064-scaled.jpg\" \/>\n\t<meta property=\"og:image:width\" content=\"2560\" \/>\n\t<meta property=\"og:image:height\" content=\"1920\" \/>\n\t<meta property=\"og:image:type\" content=\"image\/jpeg\" \/>\n<meta name=\"twitter:card\" content=\"summary_large_image\" \/>\n<meta name=\"twitter:label1\" content=\"Gesch\u00e4tzte Lesezeit\" \/>\n\t<meta name=\"twitter:data1\" content=\"2\u00a0Minuten\" \/>\n<script type=\"application\/ld+json\" class=\"yoast-schema-graph\">{\"@context\":\"https:\\\/\\\/schema.org\",\"@graph\":[{\"@type\":\"WebPage\",\"@id\":\"https:\\\/\\\/www.lohschule-datteln.de\\\/index.php\\\/besuch-vom-eismobil\\\/\",\"url\":\"https:\\\/\\\/www.lohschule-datteln.de\\\/index.php\\\/besuch-vom-eismobil\\\/\",\"name\":\"Besuch vom Eismobil - Lohschule Datteln\",\"isPartOf\":{\"@id\":\"https:\\\/\\\/www.lohschule-datteln.de\\\/#website\"},\"primaryImageOfPage\":{\"@id\":\"https:\\\/\\\/www.lohschule-datteln.de\\\/index.php\\\/besuch-vom-eismobil\\\/#primaryimage\"},\"image\":{\"@id\":\"https:\\\/\\\/www.lohschule-datteln.de\\\/index.php\\\/besuch-vom-eismobil\\\/#primaryimage\"},\"thumbnailUrl\":\"https:\\\/\\\/www.lohschule-datteln.de\\\/wp-content\\\/uploads\\\/2025\\\/07\\\/IMG_4064-1024x768.jpg\",\"datePublished\":\"2025-07-09T15:23:44+00:00\",\"dateModified\":\"2025-07-09T15:30:47+00:00\",\"breadcrumb\":{\"@id\":\"https:\\\/\\\/www.lohschule-datteln.de\\\/index.php\\\/besuch-vom-eismobil\\\/#breadcrumb\"},\"inLanguage\":\"de\",\"potentialAction\":[{\"@type\":\"ReadAction\",\"target\":[\"https:\\\/\\\/www.lohschule-datteln.de\\\/index.php\\\/besuch-vom-eismobil\\\/\"]}]},{\"@type\":\"ImageObject\",\"inLanguage\":\"de\",\"@id\":\"https:\\\/\\\/www.lohschule-datteln.de\\\/index.php\\\/besuch-vom-eismobil\\\/#primaryimage\",\"url\":\"https:\\\/\\\/www.lohschule-datteln.de\\\/wp-content\\\/uploads\\\/2025\\\/07\\\/IMG_4064-scaled.jpg\",\"contentUrl\":\"https:\\\/\\\/www.lohschule-datteln.de\\\/wp-content\\\/uploads\\\/2025\\\/07\\\/IMG_4064-scaled.jpg\",\"width\":2560,\"height\":1920},{\"@type\":\"BreadcrumbList\",\"@id\":\"https:\\\/\\\/www.lohschule-datteln.de\\\/index.php\\\/besuch-vom-eismobil\\\/#breadcrumb\",\"itemListElement\":[{\"@type\":\"ListItem\",\"position\":1,\"name\":\"Startseite\",\"item\":\"https:\\\/\\\/www.lohschule-datteln.de\\\/\"},{\"@type\":\"ListItem\",\"position\":2,\"name\":\"Besuch vom Eismobil\"}]},{\"@type\":\"WebSite\",\"@id\":\"https:\\\/\\\/www.lohschule-datteln.de\\\/#website\",\"url\":\"https:\\\/\\\/www.lohschule-datteln.de\\\/\",\"name\":\"Lohschule Datteln\",\"description\":\"kath. Grundschule\",\"publisher\":{\"@id\":\"https:\\\/\\\/www.lohschule-datteln.de\\\/#organization\"},\"potentialAction\":[{\"@type\":\"SearchAction\",\"target\":{\"@type\":\"EntryPoint\",\"urlTemplate\":\"https:\\\/\\\/www.lohschule-datteln.de\\\/?s={search_term_string}\"},\"query-input\":{\"@type\":\"PropertyValueSpecification\",\"valueRequired\":true,\"valueName\":\"search_term_string\"}}],\"inLanguage\":\"de\"},{\"@type\":\"Organization\",\"@id\":\"https:\\\/\\\/www.lohschule-datteln.de\\\/#organization\",\"name\":\"Lohschule -katholische Grundschule Datteln\",\"url\":\"https:\\\/\\\/www.lohschule-datteln.de\\\/\",\"logo\":{\"@type\":\"ImageObject\",\"inLanguage\":\"de\",\"@id\":\"https:\\\/\\\/www.lohschule-datteln.de\\\/#\\\/schema\\\/logo\\\/image\\\/\",\"url\":\"http:\\\/\\\/www.lohschule-datteln.de\\\/wp-content\\\/uploads\\\/2016\\\/02\\\/Loh-neu-2016.jpg\",\"contentUrl\":\"http:\\\/\\\/www.lohschule-datteln.de\\\/wp-content\\\/uploads\\\/2016\\\/02\\\/Loh-neu-2016.jpg\",\"width\":448,\"height\":252,\"caption\":\"Lohschule -katholische Grundschule Datteln\"},\"image\":{\"@id\":\"https:\\\/\\\/www.lohschule-datteln.de\\\/#\\\/schema\\\/logo\\\/image\\\/\"}}]}<\/script>\n<!-- \/ Yoast SEO plugin. -->","yoast_head_json":{"title":"Besuch vom Eismobil - Lohschule Datteln","robots":{"index":"index","follow":"follow","max-snippet":"max-snippet:-1","max-image-preview":"max-image-preview:large","max-video-preview":"max-video-preview:-1"},"canonical":"https:\/\/www.lohschule-datteln.de\/index.php\/besuch-vom-eismobil\/","og_locale":"de_DE","og_type":"article","og_title":"Besuch vom Eismobil - Lohschule Datteln","og_description":"In der \u201ehei\u00dfen Phase\u201c vor dem Ferienbeginn hatten alle Kinder die M\u00f6glichkeit, sich mit leckerem Eis aus dem Eismobil abzuk\u00fchlen. Jedes Kind konnte sich zwei Kugeln in der Waffel aussuchen. Die Begeisterung der Kinder \u00fcber diese \u00dcberraschung kann man auf den Bildern deutlich sehen \ud83c\udf66\ud83d\ude0e.","og_url":"https:\/\/www.lohschule-datteln.de\/index.php\/besuch-vom-eismobil\/","og_site_name":"Lohschule Datteln","article_modified_time":"2025-07-09T15:30:47+00:00","og_image":[{"width":2560,"height":1920,"url":"https:\/\/www.lohschule-datteln.de\/wp-content\/uploads\/2025\/07\/IMG_4064-scaled.jpg","type":"image\/jpeg"}],"twitter_card":"summary_large_image","twitter_misc":{"Gesch\u00e4tzte Lesezeit":"2\u00a0Minuten"},"schema":{"@context":"https:\/\/schema.org","@graph":[{"@type":"WebPage","@id":"https:\/\/www.lohschule-datteln.de\/index.php\/besuch-vom-eismobil\/","url":"https:\/\/www.lohschule-datteln.de\/index.php\/besuch-vom-eismobil\/","name":"Besuch vom Eismobil - Lohschule Datteln","isPartOf":{"@id":"https:\/\/www.lohschule-datteln.de\/#website"},"primaryImageOfPage":{"@id":"https:\/\/www.lohschule-datteln.de\/index.php\/besuch-vom-eismobil\/#primaryimage"},"image":{"@id":"https:\/\/www.lohschule-datteln.de\/index.php\/besuch-vom-eismobil\/#primaryimage"},"thumbnailUrl":"https:\/\/www.lohschule-datteln.de\/wp-content\/uploads\/2025\/07\/IMG_4064-1024x768.jpg","datePublished":"2025-07-09T15:23:44+00:00","dateModified":"2025-07-09T15:30:47+00:00","breadcrumb":{"@id":"https:\/\/www.lohschule-datteln.de\/index.php\/besuch-vom-eismobil\/#breadcrumb"},"inLanguage":"de","potentialAction":[{"@type":"ReadAction","target":["https:\/\/www.lohschule-datteln.de\/index.php\/besuch-vom-eismobil\/"]}]},{"@type":"ImageObject","inLanguage":"de","@id":"https:\/\/www.lohschule-datteln.de\/index.php\/besuch-vom-eismobil\/#primaryimage","url":"https:\/\/www.lohschule-datteln.de\/wp-content\/uploads\/2025\/07\/IMG_4064-scaled.jpg","contentUrl":"https:\/\/www.lohschule-datteln.de\/wp-content\/uploads\/2025\/07\/IMG_4064-scaled.jpg","width":2560,"height":1920},{"@type":"BreadcrumbList","@id":"https:\/\/www.lohschule-datteln.de\/index.php\/besuch-vom-eismobil\/#breadcrumb","itemListElement":[{"@type":"ListItem","position":1,"name":"Startseite","item":"https:\/\/www.lohschule-datteln.de\/"},{"@type":"ListItem","position":2,"name":"Besuch vom Eismobil"}]},{"@type":"WebSite","@id":"https:\/\/www.lohschule-datteln.de\/#website","url":"https:\/\/www.lohschule-datteln.de\/","name":"Lohschule Datteln","description":"kath. Grundschule","publisher":{"@id":"https:\/\/www.lohschule-datteln.de\/#organization"},"potentialAction":[{"@type":"SearchAction","target":{"@type":"EntryPoint","urlTemplate":"https:\/\/www.lohschule-datteln.de\/?s={search_term_string}"},"query-input":{"@type":"PropertyValueSpecification","valueRequired":true,"valueName":"search_term_string"}}],"inLanguage":"de"},{"@type":"Organization","@id":"https:\/\/www.lohschule-datteln.de\/#organization","name":"Lohschule -katholische Grundschule Datteln","url":"https:\/\/www.lohschule-datteln.de\/","logo":{"@type":"ImageObject","inLanguage":"de","@id":"https:\/\/www.lohschule-datteln.de\/#\/schema\/logo\/image\/","url":"http:\/\/www.lohschule-datteln.de\/wp-content\/uploads\/2016\/02\/Loh-neu-2016.jpg","contentUrl":"http:\/\/www.lohschule-datteln.de\/wp-content\/uploads\/2016\/02\/Loh-neu-2016.jpg","width":448,"height":252,"caption":"Lohschule -katholische Grundschule Datteln"},"image":{"@id":"https:\/\/www.lohschule-datteln.de\/#\/schema\/logo\/image\/"}}]}},"_links":{"self":[{"href":"https:\/\/www.lohschule-datteln.de\/index.php\/wp-json\/wp\/v2\/pages\/14952","targetHints":{"allow":["GET"]}}],"collection":[{"href":"https:\/\/www.lohschule-datteln.de\/index.php\/wp-json\/wp\/v2\/pages"}],"about":[{"href":"https:\/\/www.lohschule-datteln.de\/index.php\/wp-json\/wp\/v2\/types\/page"}],"author":[{"embeddable":true,"href":"https:\/\/www.lohschule-datteln.de\/index.php\/wp-json\/wp\/v2\/users\/3"}],"replies":[{"embeddable":true,"href":"https:\/\/www.lohschule-datteln.de\/index.php\/wp-json\/wp\/v2\/comments?post=14952"}],"version-history":[{"count":2,"href":"https:\/\/www.lohschule-datteln.de\/index.php\/wp-json\/wp\/v2\/pages\/14952\/revisions"}],"predecessor-version":[{"id":14964,"href":"https:\/\/www.lohschule-datteln.de\/index.php\/wp-json\/wp\/v2\/pages\/14952\/revisions\/14964"}],"wp:attachment":[{"href":"https:\/\/www.lohschule-datteln.de\/index.php\/wp-json\/wp\/v2\/media?parent=14952"}],"curies":[{"name":"wp","href":"https:\/\/api.w.org\/{rel}","templated":true}]}}