{"id":15135,"date":"2025-09-17T15:17:31","date_gmt":"2025-09-17T13:17:31","guid":{"rendered":"https:\/\/www.lohschule-datteln.de\/?page_id=15135"},"modified":"2025-09-17T15:25:34","modified_gmt":"2025-09-17T13:25:34","slug":"zu-fuss-zur-schule-mobilitaetswochen-an-der-lohschule","status":"publish","type":"page","link":"https:\/\/www.lohschule-datteln.de\/index.php\/zu-fuss-zur-schule-mobilitaetswochen-an-der-lohschule\/","title":{"rendered":"\u201eZu Fu\u00df zur Schule\u201c &#8211; Mobilit\u00e4tswochen an der Lohschule"},"content":{"rendered":"\n<p><\/p>\n\n\n\n<p>In der Zeit vom 15.09. &#8211; 26.09.2025 laufen die &#8222;Zu Fu\u00df zur Schule&#8220;-Projektwochen an der Lohschule. Alle Kinder sollen so oft wie m\u00f6glich zu Fu\u00df, mit dem Fahrrad oder dem Roller zur Lohschule kommen. Jedes Kind hat dazu eine Stempelkarte erhalten, um die aktivste Klasse der Lohschule zu ermitteln. Besonders am Mittwoch, 17.09.2025, waren mit Unterst\u00fctzung der Z\u00e4hlstelle und dem Maskottchen Edgar final 277 Kinder zu Fu\u00df, mit dem Fahrrad oder dem Roller in die Lohschule gekommen.<\/p>\n\n\n\n<p>Wahnsinn, was f\u00fcr ein gelungener Beitrag f\u00fcr unsere Umwelt und ein entspanntes Ankommen der Kinder an der Lohschule.<\/p>\n\n\n\n<p>Hochmotiviert geht es nun in die noch folgenden 7 Tage der Z\u00e4hlung. Dann sind wir schon gespannt, welche 3 Klassen die bewegungsfreudigsten Lerngruppen der Lohschule sein werden.<\/p>\n\n\n\n<p>Wir berichten weiter!!!<\/p>\n\n\n\n<figure class=\"wp-block-gallery has-nested-images columns-default is-cropped wp-block-gallery-1 is-layout-flex wp-block-gallery-is-layout-flex\">\n<figure class=\"wp-block-image size-large\"><img loading=\"lazy\" decoding=\"async\" width=\"1024\" height=\"768\" data-id=\"15139\" src=\"https:\/\/www.lohschule-datteln.de\/wp-content\/uploads\/2025\/09\/IMG_5355-1024x768.jpg\" alt=\"\" class=\"wp-image-15139\" srcset=\"https:\/\/www.lohschule-datteln.de\/wp-content\/uploads\/2025\/09\/IMG_5355-1024x768.jpg 1024w, https:\/\/www.lohschule-datteln.de\/wp-content\/uploads\/2025\/09\/IMG_5355-300x225.jpg 300w, https:\/\/www.lohschule-datteln.de\/wp-content\/uploads\/2025\/09\/IMG_5355-768x576.jpg 768w, https:\/\/www.lohschule-datteln.de\/wp-content\/uploads\/2025\/09\/IMG_5355-1536x1152.jpg 1536w, https:\/\/www.lohschule-datteln.de\/wp-content\/uploads\/2025\/09\/IMG_5355-2048x1536.jpg 2048w\" sizes=\"auto, (max-width: 1024px) 100vw, 1024px\" \/><\/figure>\n\n\n\n<figure class=\"wp-block-image size-large\"><img loading=\"lazy\" decoding=\"async\" width=\"1024\" height=\"768\" data-id=\"15141\" src=\"https:\/\/www.lohschule-datteln.de\/wp-content\/uploads\/2025\/09\/IMG_5353-1024x768.jpg\" alt=\"\" class=\"wp-image-15141\" srcset=\"https:\/\/www.lohschule-datteln.de\/wp-content\/uploads\/2025\/09\/IMG_5353-1024x768.jpg 1024w, https:\/\/www.lohschule-datteln.de\/wp-content\/uploads\/2025\/09\/IMG_5353-300x225.jpg 300w, https:\/\/www.lohschule-datteln.de\/wp-content\/uploads\/2025\/09\/IMG_5353-768x576.jpg 768w, https:\/\/www.lohschule-datteln.de\/wp-content\/uploads\/2025\/09\/IMG_5353-1536x1152.jpg 1536w, https:\/\/www.lohschule-datteln.de\/wp-content\/uploads\/2025\/09\/IMG_5353-2048x1536.jpg 2048w\" sizes=\"auto, (max-width: 1024px) 100vw, 1024px\" \/><\/figure>\n\n\n\n<figure class=\"wp-block-image size-large\"><img loading=\"lazy\" decoding=\"async\" width=\"1024\" height=\"768\" data-id=\"15140\" src=\"https:\/\/www.lohschule-datteln.de\/wp-content\/uploads\/2025\/09\/IMG_5356-1024x768.jpg\" alt=\"\" class=\"wp-image-15140\" srcset=\"https:\/\/www.lohschule-datteln.de\/wp-content\/uploads\/2025\/09\/IMG_5356-1024x768.jpg 1024w, https:\/\/www.lohschule-datteln.de\/wp-content\/uploads\/2025\/09\/IMG_5356-300x225.jpg 300w, https:\/\/www.lohschule-datteln.de\/wp-content\/uploads\/2025\/09\/IMG_5356-768x576.jpg 768w, https:\/\/www.lohschule-datteln.de\/wp-content\/uploads\/2025\/09\/IMG_5356-1536x1152.jpg 1536w, https:\/\/www.lohschule-datteln.de\/wp-content\/uploads\/2025\/09\/IMG_5356-2048x1536.jpg 2048w\" sizes=\"auto, (max-width: 1024px) 100vw, 1024px\" \/><\/figure>\n\n\n\n<figure class=\"wp-block-image size-large\"><img loading=\"lazy\" decoding=\"async\" width=\"768\" height=\"1024\" data-id=\"15142\" src=\"https:\/\/www.lohschule-datteln.de\/wp-content\/uploads\/2025\/09\/IMG_5357-768x1024.jpg\" alt=\"\" class=\"wp-image-15142\" srcset=\"https:\/\/www.lohschule-datteln.de\/wp-content\/uploads\/2025\/09\/IMG_5357-768x1024.jpg 768w, https:\/\/www.lohschule-datteln.de\/wp-content\/uploads\/2025\/09\/IMG_5357-225x300.jpg 225w, https:\/\/www.lohschule-datteln.de\/wp-content\/uploads\/2025\/09\/IMG_5357-1152x1536.jpg 1152w, https:\/\/www.lohschule-datteln.de\/wp-content\/uploads\/2025\/09\/IMG_5357-1536x2048.jpg 1536w, https:\/\/www.lohschule-datteln.de\/wp-content\/uploads\/2025\/09\/IMG_5357-scaled.jpg 1920w\" sizes=\"auto, (max-width: 768px) 100vw, 768px\" \/><\/figure>\n<\/figure>\n","protected":false},"excerpt":{"rendered":"<p>In der Zeit vom 15.09. &#8211; 26.09.2025 laufen die &#8222;Zu Fu\u00df zur Schule&#8220;-Projektwochen an der Lohschule. Alle Kinder sollen so oft wie m\u00f6glich zu Fu\u00df, mit dem Fahrrad oder dem Roller zur Lohschule kommen. Jedes Kind hat dazu eine Stempelkarte erhalten, um die aktivste Klasse der Lohschule zu ermitteln. Besonders am Mittwoch, 17.09.2025, waren mit [&hellip;]<\/p>\n","protected":false},"author":3,"featured_media":0,"parent":0,"menu_order":0,"comment_status":"closed","ping_status":"closed","template":"","meta":{"footnotes":""},"class_list":["post-15135","page","type-page","status-publish","hentry"],"yoast_head":"<!-- This site is optimized with the Yoast SEO plugin v27.5 - https:\/\/yoast.com\/product\/yoast-seo-wordpress\/ -->\n<title>\u201eZu Fu\u00df zur Schule\u201c - Mobilit\u00e4tswochen an der Lohschule - Lohschule Datteln<\/title>\n<meta name=\"robots\" content=\"index, follow, max-snippet:-1, max-image-preview:large, max-video-preview:-1\" \/>\n<link rel=\"canonical\" href=\"https:\/\/www.lohschule-datteln.de\/index.php\/zu-fuss-zur-schule-mobilitaetswochen-an-der-lohschule\/\" \/>\n<meta property=\"og:locale\" content=\"de_DE\" \/>\n<meta property=\"og:type\" content=\"article\" \/>\n<meta property=\"og:title\" content=\"\u201eZu Fu\u00df zur Schule\u201c - Mobilit\u00e4tswochen an der Lohschule - Lohschule Datteln\" \/>\n<meta property=\"og:description\" content=\"In der Zeit vom 15.09. &#8211; 26.09.2025 laufen die &#8222;Zu Fu\u00df zur Schule&#8220;-Projektwochen an der Lohschule. Alle Kinder sollen so oft wie m\u00f6glich zu Fu\u00df, mit dem Fahrrad oder dem Roller zur Lohschule kommen. Jedes Kind hat dazu eine Stempelkarte erhalten, um die aktivste Klasse der Lohschule zu ermitteln. Besonders am Mittwoch, 17.09.2025, waren mit [&hellip;]\" \/>\n<meta property=\"og:url\" content=\"https:\/\/www.lohschule-datteln.de\/index.php\/zu-fuss-zur-schule-mobilitaetswochen-an-der-lohschule\/\" \/>\n<meta property=\"og:site_name\" content=\"Lohschule Datteln\" \/>\n<meta property=\"article:modified_time\" content=\"2025-09-17T13:25:34+00:00\" \/>\n<meta property=\"og:image\" content=\"https:\/\/www.lohschule-datteln.de\/wp-content\/uploads\/2025\/09\/IMG_5355-scaled.jpg\" \/>\n\t<meta property=\"og:image:width\" content=\"2560\" \/>\n\t<meta property=\"og:image:height\" content=\"1920\" \/>\n\t<meta property=\"og:image:type\" content=\"image\/jpeg\" \/>\n<meta name=\"twitter:card\" content=\"summary_large_image\" \/>\n<meta name=\"twitter:label1\" content=\"Gesch\u00e4tzte Lesezeit\" \/>\n\t<meta name=\"twitter:data1\" content=\"2\u00a0Minuten\" \/>\n<script type=\"application\/ld+json\" class=\"yoast-schema-graph\">{\"@context\":\"https:\\\/\\\/schema.org\",\"@graph\":[{\"@type\":\"WebPage\",\"@id\":\"https:\\\/\\\/www.lohschule-datteln.de\\\/index.php\\\/zu-fuss-zur-schule-mobilitaetswochen-an-der-lohschule\\\/\",\"url\":\"https:\\\/\\\/www.lohschule-datteln.de\\\/index.php\\\/zu-fuss-zur-schule-mobilitaetswochen-an-der-lohschule\\\/\",\"name\":\"\u201eZu Fu\u00df zur Schule\u201c - Mobilit\u00e4tswochen an der Lohschule - Lohschule Datteln\",\"isPartOf\":{\"@id\":\"https:\\\/\\\/www.lohschule-datteln.de\\\/#website\"},\"primaryImageOfPage\":{\"@id\":\"https:\\\/\\\/www.lohschule-datteln.de\\\/index.php\\\/zu-fuss-zur-schule-mobilitaetswochen-an-der-lohschule\\\/#primaryimage\"},\"image\":{\"@id\":\"https:\\\/\\\/www.lohschule-datteln.de\\\/index.php\\\/zu-fuss-zur-schule-mobilitaetswochen-an-der-lohschule\\\/#primaryimage\"},\"thumbnailUrl\":\"https:\\\/\\\/www.lohschule-datteln.de\\\/wp-content\\\/uploads\\\/2025\\\/09\\\/IMG_5355-1024x768.jpg\",\"datePublished\":\"2025-09-17T13:17:31+00:00\",\"dateModified\":\"2025-09-17T13:25:34+00:00\",\"breadcrumb\":{\"@id\":\"https:\\\/\\\/www.lohschule-datteln.de\\\/index.php\\\/zu-fuss-zur-schule-mobilitaetswochen-an-der-lohschule\\\/#breadcrumb\"},\"inLanguage\":\"de\",\"potentialAction\":[{\"@type\":\"ReadAction\",\"target\":[\"https:\\\/\\\/www.lohschule-datteln.de\\\/index.php\\\/zu-fuss-zur-schule-mobilitaetswochen-an-der-lohschule\\\/\"]}]},{\"@type\":\"ImageObject\",\"inLanguage\":\"de\",\"@id\":\"https:\\\/\\\/www.lohschule-datteln.de\\\/index.php\\\/zu-fuss-zur-schule-mobilitaetswochen-an-der-lohschule\\\/#primaryimage\",\"url\":\"https:\\\/\\\/www.lohschule-datteln.de\\\/wp-content\\\/uploads\\\/2025\\\/09\\\/IMG_5355-scaled.jpg\",\"contentUrl\":\"https:\\\/\\\/www.lohschule-datteln.de\\\/wp-content\\\/uploads\\\/2025\\\/09\\\/IMG_5355-scaled.jpg\",\"width\":2560,\"height\":1920},{\"@type\":\"BreadcrumbList\",\"@id\":\"https:\\\/\\\/www.lohschule-datteln.de\\\/index.php\\\/zu-fuss-zur-schule-mobilitaetswochen-an-der-lohschule\\\/#breadcrumb\",\"itemListElement\":[{\"@type\":\"ListItem\",\"position\":1,\"name\":\"Startseite\",\"item\":\"https:\\\/\\\/www.lohschule-datteln.de\\\/\"},{\"@type\":\"ListItem\",\"position\":2,\"name\":\"\u201eZu Fu\u00df zur Schule\u201c &#8211; Mobilit\u00e4tswochen an der Lohschule\"}]},{\"@type\":\"WebSite\",\"@id\":\"https:\\\/\\\/www.lohschule-datteln.de\\\/#website\",\"url\":\"https:\\\/\\\/www.lohschule-datteln.de\\\/\",\"name\":\"Lohschule Datteln\",\"description\":\"kath. Grundschule\",\"publisher\":{\"@id\":\"https:\\\/\\\/www.lohschule-datteln.de\\\/#organization\"},\"potentialAction\":[{\"@type\":\"SearchAction\",\"target\":{\"@type\":\"EntryPoint\",\"urlTemplate\":\"https:\\\/\\\/www.lohschule-datteln.de\\\/?s={search_term_string}\"},\"query-input\":{\"@type\":\"PropertyValueSpecification\",\"valueRequired\":true,\"valueName\":\"search_term_string\"}}],\"inLanguage\":\"de\"},{\"@type\":\"Organization\",\"@id\":\"https:\\\/\\\/www.lohschule-datteln.de\\\/#organization\",\"name\":\"Lohschule -katholische Grundschule Datteln\",\"url\":\"https:\\\/\\\/www.lohschule-datteln.de\\\/\",\"logo\":{\"@type\":\"ImageObject\",\"inLanguage\":\"de\",\"@id\":\"https:\\\/\\\/www.lohschule-datteln.de\\\/#\\\/schema\\\/logo\\\/image\\\/\",\"url\":\"http:\\\/\\\/www.lohschule-datteln.de\\\/wp-content\\\/uploads\\\/2016\\\/02\\\/Loh-neu-2016.jpg\",\"contentUrl\":\"http:\\\/\\\/www.lohschule-datteln.de\\\/wp-content\\\/uploads\\\/2016\\\/02\\\/Loh-neu-2016.jpg\",\"width\":448,\"height\":252,\"caption\":\"Lohschule -katholische Grundschule Datteln\"},\"image\":{\"@id\":\"https:\\\/\\\/www.lohschule-datteln.de\\\/#\\\/schema\\\/logo\\\/image\\\/\"}}]}<\/script>\n<!-- \/ Yoast SEO plugin. -->","yoast_head_json":{"title":"\u201eZu Fu\u00df zur Schule\u201c - Mobilit\u00e4tswochen an der Lohschule - Lohschule Datteln","robots":{"index":"index","follow":"follow","max-snippet":"max-snippet:-1","max-image-preview":"max-image-preview:large","max-video-preview":"max-video-preview:-1"},"canonical":"https:\/\/www.lohschule-datteln.de\/index.php\/zu-fuss-zur-schule-mobilitaetswochen-an-der-lohschule\/","og_locale":"de_DE","og_type":"article","og_title":"\u201eZu Fu\u00df zur Schule\u201c - Mobilit\u00e4tswochen an der Lohschule - Lohschule Datteln","og_description":"In der Zeit vom 15.09. &#8211; 26.09.2025 laufen die &#8222;Zu Fu\u00df zur Schule&#8220;-Projektwochen an der Lohschule. Alle Kinder sollen so oft wie m\u00f6glich zu Fu\u00df, mit dem Fahrrad oder dem Roller zur Lohschule kommen. Jedes Kind hat dazu eine Stempelkarte erhalten, um die aktivste Klasse der Lohschule zu ermitteln. Besonders am Mittwoch, 17.09.2025, waren mit [&hellip;]","og_url":"https:\/\/www.lohschule-datteln.de\/index.php\/zu-fuss-zur-schule-mobilitaetswochen-an-der-lohschule\/","og_site_name":"Lohschule Datteln","article_modified_time":"2025-09-17T13:25:34+00:00","og_image":[{"width":2560,"height":1920,"url":"https:\/\/www.lohschule-datteln.de\/wp-content\/uploads\/2025\/09\/IMG_5355-scaled.jpg","type":"image\/jpeg"}],"twitter_card":"summary_large_image","twitter_misc":{"Gesch\u00e4tzte Lesezeit":"2\u00a0Minuten"},"schema":{"@context":"https:\/\/schema.org","@graph":[{"@type":"WebPage","@id":"https:\/\/www.lohschule-datteln.de\/index.php\/zu-fuss-zur-schule-mobilitaetswochen-an-der-lohschule\/","url":"https:\/\/www.lohschule-datteln.de\/index.php\/zu-fuss-zur-schule-mobilitaetswochen-an-der-lohschule\/","name":"\u201eZu Fu\u00df zur Schule\u201c - Mobilit\u00e4tswochen an der Lohschule - Lohschule Datteln","isPartOf":{"@id":"https:\/\/www.lohschule-datteln.de\/#website"},"primaryImageOfPage":{"@id":"https:\/\/www.lohschule-datteln.de\/index.php\/zu-fuss-zur-schule-mobilitaetswochen-an-der-lohschule\/#primaryimage"},"image":{"@id":"https:\/\/www.lohschule-datteln.de\/index.php\/zu-fuss-zur-schule-mobilitaetswochen-an-der-lohschule\/#primaryimage"},"thumbnailUrl":"https:\/\/www.lohschule-datteln.de\/wp-content\/uploads\/2025\/09\/IMG_5355-1024x768.jpg","datePublished":"2025-09-17T13:17:31+00:00","dateModified":"2025-09-17T13:25:34+00:00","breadcrumb":{"@id":"https:\/\/www.lohschule-datteln.de\/index.php\/zu-fuss-zur-schule-mobilitaetswochen-an-der-lohschule\/#breadcrumb"},"inLanguage":"de","potentialAction":[{"@type":"ReadAction","target":["https:\/\/www.lohschule-datteln.de\/index.php\/zu-fuss-zur-schule-mobilitaetswochen-an-der-lohschule\/"]}]},{"@type":"ImageObject","inLanguage":"de","@id":"https:\/\/www.lohschule-datteln.de\/index.php\/zu-fuss-zur-schule-mobilitaetswochen-an-der-lohschule\/#primaryimage","url":"https:\/\/www.lohschule-datteln.de\/wp-content\/uploads\/2025\/09\/IMG_5355-scaled.jpg","contentUrl":"https:\/\/www.lohschule-datteln.de\/wp-content\/uploads\/2025\/09\/IMG_5355-scaled.jpg","width":2560,"height":1920},{"@type":"BreadcrumbList","@id":"https:\/\/www.lohschule-datteln.de\/index.php\/zu-fuss-zur-schule-mobilitaetswochen-an-der-lohschule\/#breadcrumb","itemListElement":[{"@type":"ListItem","position":1,"name":"Startseite","item":"https:\/\/www.lohschule-datteln.de\/"},{"@type":"ListItem","position":2,"name":"\u201eZu Fu\u00df zur Schule\u201c &#8211; Mobilit\u00e4tswochen an der Lohschule"}]},{"@type":"WebSite","@id":"https:\/\/www.lohschule-datteln.de\/#website","url":"https:\/\/www.lohschule-datteln.de\/","name":"Lohschule Datteln","description":"kath. Grundschule","publisher":{"@id":"https:\/\/www.lohschule-datteln.de\/#organization"},"potentialAction":[{"@type":"SearchAction","target":{"@type":"EntryPoint","urlTemplate":"https:\/\/www.lohschule-datteln.de\/?s={search_term_string}"},"query-input":{"@type":"PropertyValueSpecification","valueRequired":true,"valueName":"search_term_string"}}],"inLanguage":"de"},{"@type":"Organization","@id":"https:\/\/www.lohschule-datteln.de\/#organization","name":"Lohschule -katholische Grundschule Datteln","url":"https:\/\/www.lohschule-datteln.de\/","logo":{"@type":"ImageObject","inLanguage":"de","@id":"https:\/\/www.lohschule-datteln.de\/#\/schema\/logo\/image\/","url":"http:\/\/www.lohschule-datteln.de\/wp-content\/uploads\/2016\/02\/Loh-neu-2016.jpg","contentUrl":"http:\/\/www.lohschule-datteln.de\/wp-content\/uploads\/2016\/02\/Loh-neu-2016.jpg","width":448,"height":252,"caption":"Lohschule -katholische Grundschule Datteln"},"image":{"@id":"https:\/\/www.lohschule-datteln.de\/#\/schema\/logo\/image\/"}}]}},"_links":{"self":[{"href":"https:\/\/www.lohschule-datteln.de\/index.php\/wp-json\/wp\/v2\/pages\/15135","targetHints":{"allow":["GET"]}}],"collection":[{"href":"https:\/\/www.lohschule-datteln.de\/index.php\/wp-json\/wp\/v2\/pages"}],"about":[{"href":"https:\/\/www.lohschule-datteln.de\/index.php\/wp-json\/wp\/v2\/types\/page"}],"author":[{"embeddable":true,"href":"https:\/\/www.lohschule-datteln.de\/index.php\/wp-json\/wp\/v2\/users\/3"}],"replies":[{"embeddable":true,"href":"https:\/\/www.lohschule-datteln.de\/index.php\/wp-json\/wp\/v2\/comments?post=15135"}],"version-history":[{"count":2,"href":"https:\/\/www.lohschule-datteln.de\/index.php\/wp-json\/wp\/v2\/pages\/15135\/revisions"}],"predecessor-version":[{"id":15144,"href":"https:\/\/www.lohschule-datteln.de\/index.php\/wp-json\/wp\/v2\/pages\/15135\/revisions\/15144"}],"wp:attachment":[{"href":"https:\/\/www.lohschule-datteln.de\/index.php\/wp-json\/wp\/v2\/media?parent=15135"}],"curies":[{"name":"wp","href":"https:\/\/api.w.org\/{rel}","templated":true}]}}