{"id":2817,"date":"2017-07-11T21:15:26","date_gmt":"2017-07-11T19:15:26","guid":{"rendered":"http:\/\/www.lohschule-datteln.de\/?page_id=2817"},"modified":"2025-08-29T06:29:56","modified_gmt":"2025-08-29T04:29:56","slug":"steckbrief","status":"publish","type":"page","link":"https:\/\/www.lohschule-datteln.de\/index.php\/steckbrief\/","title":{"rendered":"Steckbrief"},"content":{"rendered":"<h2>Wissenswertes<\/h2>\n<p><strong><em>(Stand: 29.8.2025)<\/em><\/strong><\/p>\n<p><strong>Anzahl der Klassen im Schuljahr 2025\/26 : 14<\/strong><\/p>\n<p><strong>Sch\u00fclerinnen und Sch\u00fcler: \u00a0367<\/strong><\/p>\n<p><strong>Lehrkr\u00e4fte: 23<br \/>\n<\/strong><\/p>\n<p><strong>Zus\u00e4tzlich: 1 Sonderp\u00e4dagogin, 1 sozialp\u00e4d. Fachkraft, 1 Fachkraft im Multiprofessionellen Team, 2 Lehramtsanw\u00e4rterin f\u00fcr Sonderp\u00e4dagogik, 3 Fachkr\u00e4fte im DaZ-Bereich, 1 Sozialarbeiterin, 2 Alltagshelferinnen<br \/>\n<\/strong><\/p>\n<p><strong>Rektorin: <\/strong><strong>Frau Schneider<\/strong><\/p>\n<p><strong>Hausmeisterin: Frau Gizler<\/strong><\/p>\n<p><strong>Sekret\u00e4rin: Frau Rips<\/strong><\/p>\n<p><strong>Sekretariat: Raum B 1-3 (1. Obergeschoss)<\/strong><\/p>\n","protected":false},"excerpt":{"rendered":"<p>Wissenswertes (Stand: 29.8.2025) Anzahl der Klassen im Schuljahr 2025\/26 : 14 Sch\u00fclerinnen und Sch\u00fcler: \u00a0367 Lehrkr\u00e4fte: 23 Zus\u00e4tzlich: 1 Sonderp\u00e4dagogin, 1 sozialp\u00e4d. Fachkraft, 1 Fachkraft im Multiprofessionellen Team, 2 Lehramtsanw\u00e4rterin f\u00fcr Sonderp\u00e4dagogik, 3 Fachkr\u00e4fte im DaZ-Bereich, 1 Sozialarbeiterin, 2 Alltagshelferinnen Rektorin: Frau Schneider Hausmeisterin: Frau Gizler Sekret\u00e4rin: Frau Rips Sekretariat: Raum B 1-3 (1. Obergeschoss)<\/p>\n","protected":false},"author":3,"featured_media":0,"parent":0,"menu_order":0,"comment_status":"closed","ping_status":"closed","template":"","meta":{"footnotes":""},"class_list":["post-2817","page","type-page","status-publish","hentry"],"yoast_head":"<!-- This site is optimized with the Yoast SEO plugin v27.4 - https:\/\/yoast.com\/product\/yoast-seo-wordpress\/ -->\n<title>Steckbrief - Lohschule Datteln<\/title>\n<meta name=\"robots\" content=\"index, follow, max-snippet:-1, max-image-preview:large, max-video-preview:-1\" \/>\n<link rel=\"canonical\" href=\"https:\/\/www.lohschule-datteln.de\/index.php\/steckbrief\/\" \/>\n<meta property=\"og:locale\" content=\"de_DE\" \/>\n<meta property=\"og:type\" content=\"article\" \/>\n<meta property=\"og:title\" content=\"Steckbrief - Lohschule Datteln\" \/>\n<meta property=\"og:description\" content=\"Wissenswertes (Stand: 29.8.2025) Anzahl der Klassen im Schuljahr 2025\/26 : 14 Sch\u00fclerinnen und Sch\u00fcler: \u00a0367 Lehrkr\u00e4fte: 23 Zus\u00e4tzlich: 1 Sonderp\u00e4dagogin, 1 sozialp\u00e4d. Fachkraft, 1 Fachkraft im Multiprofessionellen Team, 2 Lehramtsanw\u00e4rterin f\u00fcr Sonderp\u00e4dagogik, 3 Fachkr\u00e4fte im DaZ-Bereich, 1 Sozialarbeiterin, 2 Alltagshelferinnen Rektorin: Frau Schneider Hausmeisterin: Frau Gizler Sekret\u00e4rin: Frau Rips Sekretariat: Raum B 1-3 (1. Obergeschoss)\" \/>\n<meta property=\"og:url\" content=\"https:\/\/www.lohschule-datteln.de\/index.php\/steckbrief\/\" \/>\n<meta property=\"og:site_name\" content=\"Lohschule Datteln\" \/>\n<meta property=\"article:modified_time\" content=\"2025-08-29T04:29:56+00:00\" \/>\n<meta name=\"twitter:card\" content=\"summary_large_image\" \/>\n<meta name=\"twitter:label1\" content=\"Gesch\u00e4tzte Lesezeit\" \/>\n\t<meta name=\"twitter:data1\" content=\"1\u00a0Minute\" \/>\n<script type=\"application\/ld+json\" class=\"yoast-schema-graph\">{\"@context\":\"https:\\\/\\\/schema.org\",\"@graph\":[{\"@type\":\"WebPage\",\"@id\":\"https:\\\/\\\/www.lohschule-datteln.de\\\/index.php\\\/steckbrief\\\/\",\"url\":\"https:\\\/\\\/www.lohschule-datteln.de\\\/index.php\\\/steckbrief\\\/\",\"name\":\"Steckbrief - Lohschule Datteln\",\"isPartOf\":{\"@id\":\"https:\\\/\\\/www.lohschule-datteln.de\\\/#website\"},\"datePublished\":\"2017-07-11T19:15:26+00:00\",\"dateModified\":\"2025-08-29T04:29:56+00:00\",\"breadcrumb\":{\"@id\":\"https:\\\/\\\/www.lohschule-datteln.de\\\/index.php\\\/steckbrief\\\/#breadcrumb\"},\"inLanguage\":\"de\",\"potentialAction\":[{\"@type\":\"ReadAction\",\"target\":[\"https:\\\/\\\/www.lohschule-datteln.de\\\/index.php\\\/steckbrief\\\/\"]}]},{\"@type\":\"BreadcrumbList\",\"@id\":\"https:\\\/\\\/www.lohschule-datteln.de\\\/index.php\\\/steckbrief\\\/#breadcrumb\",\"itemListElement\":[{\"@type\":\"ListItem\",\"position\":1,\"name\":\"Startseite\",\"item\":\"https:\\\/\\\/www.lohschule-datteln.de\\\/\"},{\"@type\":\"ListItem\",\"position\":2,\"name\":\"Steckbrief\"}]},{\"@type\":\"WebSite\",\"@id\":\"https:\\\/\\\/www.lohschule-datteln.de\\\/#website\",\"url\":\"https:\\\/\\\/www.lohschule-datteln.de\\\/\",\"name\":\"Lohschule Datteln\",\"description\":\"kath. Grundschule\",\"publisher\":{\"@id\":\"https:\\\/\\\/www.lohschule-datteln.de\\\/#organization\"},\"potentialAction\":[{\"@type\":\"SearchAction\",\"target\":{\"@type\":\"EntryPoint\",\"urlTemplate\":\"https:\\\/\\\/www.lohschule-datteln.de\\\/?s={search_term_string}\"},\"query-input\":{\"@type\":\"PropertyValueSpecification\",\"valueRequired\":true,\"valueName\":\"search_term_string\"}}],\"inLanguage\":\"de\"},{\"@type\":\"Organization\",\"@id\":\"https:\\\/\\\/www.lohschule-datteln.de\\\/#organization\",\"name\":\"Lohschule -katholische Grundschule Datteln\",\"url\":\"https:\\\/\\\/www.lohschule-datteln.de\\\/\",\"logo\":{\"@type\":\"ImageObject\",\"inLanguage\":\"de\",\"@id\":\"https:\\\/\\\/www.lohschule-datteln.de\\\/#\\\/schema\\\/logo\\\/image\\\/\",\"url\":\"http:\\\/\\\/www.lohschule-datteln.de\\\/wp-content\\\/uploads\\\/2016\\\/02\\\/Loh-neu-2016.jpg\",\"contentUrl\":\"http:\\\/\\\/www.lohschule-datteln.de\\\/wp-content\\\/uploads\\\/2016\\\/02\\\/Loh-neu-2016.jpg\",\"width\":448,\"height\":252,\"caption\":\"Lohschule -katholische Grundschule Datteln\"},\"image\":{\"@id\":\"https:\\\/\\\/www.lohschule-datteln.de\\\/#\\\/schema\\\/logo\\\/image\\\/\"}}]}<\/script>\n<!-- \/ Yoast SEO plugin. -->","yoast_head_json":{"title":"Steckbrief - Lohschule Datteln","robots":{"index":"index","follow":"follow","max-snippet":"max-snippet:-1","max-image-preview":"max-image-preview:large","max-video-preview":"max-video-preview:-1"},"canonical":"https:\/\/www.lohschule-datteln.de\/index.php\/steckbrief\/","og_locale":"de_DE","og_type":"article","og_title":"Steckbrief - Lohschule Datteln","og_description":"Wissenswertes (Stand: 29.8.2025) Anzahl der Klassen im Schuljahr 2025\/26 : 14 Sch\u00fclerinnen und Sch\u00fcler: \u00a0367 Lehrkr\u00e4fte: 23 Zus\u00e4tzlich: 1 Sonderp\u00e4dagogin, 1 sozialp\u00e4d. Fachkraft, 1 Fachkraft im Multiprofessionellen Team, 2 Lehramtsanw\u00e4rterin f\u00fcr Sonderp\u00e4dagogik, 3 Fachkr\u00e4fte im DaZ-Bereich, 1 Sozialarbeiterin, 2 Alltagshelferinnen Rektorin: Frau Schneider Hausmeisterin: Frau Gizler Sekret\u00e4rin: Frau Rips Sekretariat: Raum B 1-3 (1. Obergeschoss)","og_url":"https:\/\/www.lohschule-datteln.de\/index.php\/steckbrief\/","og_site_name":"Lohschule Datteln","article_modified_time":"2025-08-29T04:29:56+00:00","twitter_card":"summary_large_image","twitter_misc":{"Gesch\u00e4tzte Lesezeit":"1\u00a0Minute"},"schema":{"@context":"https:\/\/schema.org","@graph":[{"@type":"WebPage","@id":"https:\/\/www.lohschule-datteln.de\/index.php\/steckbrief\/","url":"https:\/\/www.lohschule-datteln.de\/index.php\/steckbrief\/","name":"Steckbrief - Lohschule Datteln","isPartOf":{"@id":"https:\/\/www.lohschule-datteln.de\/#website"},"datePublished":"2017-07-11T19:15:26+00:00","dateModified":"2025-08-29T04:29:56+00:00","breadcrumb":{"@id":"https:\/\/www.lohschule-datteln.de\/index.php\/steckbrief\/#breadcrumb"},"inLanguage":"de","potentialAction":[{"@type":"ReadAction","target":["https:\/\/www.lohschule-datteln.de\/index.php\/steckbrief\/"]}]},{"@type":"BreadcrumbList","@id":"https:\/\/www.lohschule-datteln.de\/index.php\/steckbrief\/#breadcrumb","itemListElement":[{"@type":"ListItem","position":1,"name":"Startseite","item":"https:\/\/www.lohschule-datteln.de\/"},{"@type":"ListItem","position":2,"name":"Steckbrief"}]},{"@type":"WebSite","@id":"https:\/\/www.lohschule-datteln.de\/#website","url":"https:\/\/www.lohschule-datteln.de\/","name":"Lohschule Datteln","description":"kath. Grundschule","publisher":{"@id":"https:\/\/www.lohschule-datteln.de\/#organization"},"potentialAction":[{"@type":"SearchAction","target":{"@type":"EntryPoint","urlTemplate":"https:\/\/www.lohschule-datteln.de\/?s={search_term_string}"},"query-input":{"@type":"PropertyValueSpecification","valueRequired":true,"valueName":"search_term_string"}}],"inLanguage":"de"},{"@type":"Organization","@id":"https:\/\/www.lohschule-datteln.de\/#organization","name":"Lohschule -katholische Grundschule Datteln","url":"https:\/\/www.lohschule-datteln.de\/","logo":{"@type":"ImageObject","inLanguage":"de","@id":"https:\/\/www.lohschule-datteln.de\/#\/schema\/logo\/image\/","url":"http:\/\/www.lohschule-datteln.de\/wp-content\/uploads\/2016\/02\/Loh-neu-2016.jpg","contentUrl":"http:\/\/www.lohschule-datteln.de\/wp-content\/uploads\/2016\/02\/Loh-neu-2016.jpg","width":448,"height":252,"caption":"Lohschule -katholische Grundschule Datteln"},"image":{"@id":"https:\/\/www.lohschule-datteln.de\/#\/schema\/logo\/image\/"}}]}},"_links":{"self":[{"href":"https:\/\/www.lohschule-datteln.de\/index.php\/wp-json\/wp\/v2\/pages\/2817","targetHints":{"allow":["GET"]}}],"collection":[{"href":"https:\/\/www.lohschule-datteln.de\/index.php\/wp-json\/wp\/v2\/pages"}],"about":[{"href":"https:\/\/www.lohschule-datteln.de\/index.php\/wp-json\/wp\/v2\/types\/page"}],"author":[{"embeddable":true,"href":"https:\/\/www.lohschule-datteln.de\/index.php\/wp-json\/wp\/v2\/users\/3"}],"replies":[{"embeddable":true,"href":"https:\/\/www.lohschule-datteln.de\/index.php\/wp-json\/wp\/v2\/comments?post=2817"}],"version-history":[{"count":27,"href":"https:\/\/www.lohschule-datteln.de\/index.php\/wp-json\/wp\/v2\/pages\/2817\/revisions"}],"predecessor-version":[{"id":15091,"href":"https:\/\/www.lohschule-datteln.de\/index.php\/wp-json\/wp\/v2\/pages\/2817\/revisions\/15091"}],"wp:attachment":[{"href":"https:\/\/www.lohschule-datteln.de\/index.php\/wp-json\/wp\/v2\/media?parent=2817"}],"curies":[{"name":"wp","href":"https:\/\/api.w.org\/{rel}","templated":true}]}}