{"id":2977,"date":"2017-09-03T08:43:01","date_gmt":"2017-09-03T06:43:01","guid":{"rendered":"http:\/\/www.lohschule-datteln.de\/?page_id=2977"},"modified":"2017-09-05T17:57:15","modified_gmt":"2017-09-05T15:57:15","slug":"einschulung-2017","status":"publish","type":"page","link":"https:\/\/www.lohschule-datteln.de\/index.php\/einschulung-2017\/","title":{"rendered":"Einschulung 2017\/18"},"content":{"rendered":"<h3>Einschulungsfeier kurzfristig in die Turnhalle verlegt<\/h3>\n<p>Am letzten Donnerstag im August war es endlich soweit: Um 9.15 Uhr versammelten sich unsere Erstkl\u00e4ssler mit ihren Eltern und Angeh\u00f6rigen zum Einschulungsgottesdienst in der Amanduskirche. Nach dem Gottesdienst\u00a0kamen alle\u00a0Schulanf\u00e4nger und ihre Eltern in der Turnhalle zusammen, da das Wetter eine Schulhoffeier leider nicht zulie\u00df.<\/p>\n<p>&nbsp;<\/p>\n<p><a href=\"https:\/\/www.lohschule-datteln.de\/wp-content\/uploads\/2017\/09\/w1.jpg\"><img loading=\"lazy\" decoding=\"async\" class=\"aligncenter size-full wp-image-2981\" src=\"https:\/\/www.lohschule-datteln.de\/wp-content\/uploads\/2017\/09\/w1.jpg\" alt=\"\" width=\"402\" height=\"336\" \/><\/a><\/p>\n<p>&nbsp;<\/p>\n<p>Frau Schneider begr\u00fc\u00dfte die neuen Schulkinder und ihre Eltern herzlich, und die Sch\u00fcler der Stufe 3, die in diesem Jahr auch die Patenschaft f\u00fcr die Erstis \u00fcbernehmen, brachten ihnen ein St\u00e4ndchen zum Einstand.<\/p>\n<p>&nbsp;<\/p>\n<p><a href=\"https:\/\/www.lohschule-datteln.de\/wp-content\/uploads\/2017\/09\/w15.jpg\"><img loading=\"lazy\" decoding=\"async\" class=\"aligncenter size-full wp-image-2996\" src=\"https:\/\/www.lohschule-datteln.de\/wp-content\/uploads\/2017\/09\/w15.jpg\" alt=\"\" width=\"299\" height=\"448\" \/><\/a><\/p>\n<p>&nbsp;<\/p>\n<p><a href=\"https:\/\/www.lohschule-datteln.de\/wp-content\/uploads\/2017\/09\/w19.jpg\"><img loading=\"lazy\" decoding=\"async\" class=\"aligncenter size-full wp-image-3000\" src=\"https:\/\/www.lohschule-datteln.de\/wp-content\/uploads\/2017\/09\/w19.jpg\" alt=\"\" width=\"401\" height=\"299\" \/><\/a><\/p>\n<p>&nbsp;<\/p>\n<p><a href=\"https:\/\/www.lohschule-datteln.de\/wp-content\/uploads\/2017\/09\/w20.jpg\"><img loading=\"lazy\" decoding=\"async\" class=\"aligncenter size-full wp-image-3001\" src=\"https:\/\/www.lohschule-datteln.de\/wp-content\/uploads\/2017\/09\/w20.jpg\" alt=\"\" width=\"448\" height=\"269\" \/><\/a><\/p>\n<p>&nbsp;<\/p>\n<p><a href=\"https:\/\/www.lohschule-datteln.de\/wp-content\/uploads\/2017\/09\/w11.jpg\"><img loading=\"lazy\" decoding=\"async\" class=\"aligncenter wp-image-2983\" src=\"https:\/\/www.lohschule-datteln.de\/wp-content\/uploads\/2017\/09\/w11.jpg\" alt=\"\" width=\"500\" height=\"262\" \/><\/a><\/p>\n<p>&nbsp;<\/p>\n<p>Danach rief Frau Schneider die Kinder der einzelnen Klassen, mit ihrer Tasche nach vorne zu kommen. Mit Unterst\u00fctzung von zwei Paten fanden die Erstis einen Platz am Klassenseil.<\/p>\n<p>&nbsp;<\/p>\n<p><a href=\"https:\/\/www.lohschule-datteln.de\/wp-content\/uploads\/2017\/09\/w13.jpg\"><img loading=\"lazy\" decoding=\"async\" class=\"aligncenter wp-image-2984\" src=\"https:\/\/www.lohschule-datteln.de\/wp-content\/uploads\/2017\/09\/w13.jpg\" alt=\"\" width=\"500\" height=\"334\" \/><\/a><\/p>\n<p>&nbsp;<\/p>\n<p>Schon ging es los: Die Klassenlehrerin ging vorweg, und in langer Schlange folgten ihre Sch\u00fcler ihr bis in den Klassenraum. Die Schulstunde konnte beginnen.<\/p>\n<p>&nbsp;<\/p>\n<p><a href=\"https:\/\/www.lohschule-datteln.de\/wp-content\/uploads\/2017\/09\/w16.jpg\"><img loading=\"lazy\" decoding=\"async\" class=\"aligncenter size-full wp-image-2997\" src=\"https:\/\/www.lohschule-datteln.de\/wp-content\/uploads\/2017\/09\/w16.jpg\" alt=\"\" width=\"336\" height=\"448\" \/><\/a><\/p>\n<p>&nbsp;<\/p>\n<p><a href=\"https:\/\/www.lohschule-datteln.de\/wp-content\/uploads\/2017\/09\/w17.jpg\"><img loading=\"lazy\" decoding=\"async\" class=\"aligncenter size-full wp-image-2998\" src=\"https:\/\/www.lohschule-datteln.de\/wp-content\/uploads\/2017\/09\/w17.jpg\" alt=\"\" width=\"333\" height=\"448\" \/><\/a><\/p>\n<p>&nbsp;<\/p>\n<p><a href=\"https:\/\/www.lohschule-datteln.de\/wp-content\/uploads\/2017\/09\/w18.jpg\"><img loading=\"lazy\" decoding=\"async\" class=\"aligncenter size-full wp-image-2999\" src=\"https:\/\/www.lohschule-datteln.de\/wp-content\/uploads\/2017\/09\/w18.jpg\" alt=\"\" width=\"336\" height=\"448\" \/><\/a><\/p>\n<p>&nbsp;<\/p>\n<p>Derweil bot der F\u00f6rderverein den wartenden Angeh\u00f6rigen Kaffee, Kuchen und frische Waffeln an.<\/p>\n<p>&nbsp;<\/p>\n<p>&nbsp;<\/p>\n<p>&nbsp;<\/p>\n<p>&nbsp;<\/p>\n","protected":false},"excerpt":{"rendered":"<p>Einschulungsfeier kurzfristig in die Turnhalle verlegt Am letzten Donnerstag im August war es endlich soweit: Um 9.15 Uhr versammelten sich unsere Erstkl\u00e4ssler mit ihren Eltern und Angeh\u00f6rigen zum Einschulungsgottesdienst in der Amanduskirche. Nach dem Gottesdienst\u00a0kamen alle\u00a0Schulanf\u00e4nger und ihre Eltern in der Turnhalle zusammen, da das Wetter eine Schulhoffeier leider nicht zulie\u00df. &nbsp; &nbsp; Frau Schneider [&hellip;]<\/p>\n","protected":false},"author":3,"featured_media":0,"parent":0,"menu_order":0,"comment_status":"closed","ping_status":"closed","template":"","meta":{"footnotes":""},"class_list":["post-2977","page","type-page","status-publish","hentry"],"yoast_head":"<!-- This site is optimized with the Yoast SEO plugin v27.6 - https:\/\/yoast.com\/product\/yoast-seo-wordpress\/ -->\n<title>Einschulung 2017\/18 - Lohschule Datteln<\/title>\n<meta name=\"robots\" content=\"index, follow, max-snippet:-1, max-image-preview:large, max-video-preview:-1\" \/>\n<link rel=\"canonical\" href=\"https:\/\/www.lohschule-datteln.de\/index.php\/einschulung-2017\/\" \/>\n<meta property=\"og:locale\" content=\"de_DE\" \/>\n<meta property=\"og:type\" content=\"article\" \/>\n<meta property=\"og:title\" content=\"Einschulung 2017\/18 - Lohschule Datteln\" \/>\n<meta property=\"og:description\" content=\"Einschulungsfeier kurzfristig in die Turnhalle verlegt Am letzten Donnerstag im August war es endlich soweit: Um 9.15 Uhr versammelten sich unsere Erstkl\u00e4ssler mit ihren Eltern und Angeh\u00f6rigen zum Einschulungsgottesdienst in der Amanduskirche. Nach dem Gottesdienst\u00a0kamen alle\u00a0Schulanf\u00e4nger und ihre Eltern in der Turnhalle zusammen, da das Wetter eine Schulhoffeier leider nicht zulie\u00df. &nbsp; &nbsp; Frau Schneider [&hellip;]\" \/>\n<meta property=\"og:url\" content=\"https:\/\/www.lohschule-datteln.de\/index.php\/einschulung-2017\/\" \/>\n<meta property=\"og:site_name\" content=\"Lohschule Datteln\" \/>\n<meta property=\"article:modified_time\" content=\"2017-09-05T15:57:15+00:00\" \/>\n<meta property=\"og:image\" content=\"http:\/\/www.lohschule-datteln.de\/wp-content\/uploads\/2017\/09\/w1.jpg\" \/>\n<meta name=\"twitter:card\" content=\"summary_large_image\" \/>\n<meta name=\"twitter:label1\" content=\"Gesch\u00e4tzte Lesezeit\" \/>\n\t<meta name=\"twitter:data1\" content=\"1\u00a0Minute\" \/>\n<script type=\"application\/ld+json\" class=\"yoast-schema-graph\">{\"@context\":\"https:\\\/\\\/schema.org\",\"@graph\":[{\"@type\":\"WebPage\",\"@id\":\"https:\\\/\\\/www.lohschule-datteln.de\\\/index.php\\\/einschulung-2017\\\/\",\"url\":\"https:\\\/\\\/www.lohschule-datteln.de\\\/index.php\\\/einschulung-2017\\\/\",\"name\":\"Einschulung 2017\\\/18 - Lohschule Datteln\",\"isPartOf\":{\"@id\":\"https:\\\/\\\/www.lohschule-datteln.de\\\/#website\"},\"primaryImageOfPage\":{\"@id\":\"https:\\\/\\\/www.lohschule-datteln.de\\\/index.php\\\/einschulung-2017\\\/#primaryimage\"},\"image\":{\"@id\":\"https:\\\/\\\/www.lohschule-datteln.de\\\/index.php\\\/einschulung-2017\\\/#primaryimage\"},\"thumbnailUrl\":\"http:\\\/\\\/www.lohschule-datteln.de\\\/wp-content\\\/uploads\\\/2017\\\/09\\\/w1.jpg\",\"datePublished\":\"2017-09-03T06:43:01+00:00\",\"dateModified\":\"2017-09-05T15:57:15+00:00\",\"breadcrumb\":{\"@id\":\"https:\\\/\\\/www.lohschule-datteln.de\\\/index.php\\\/einschulung-2017\\\/#breadcrumb\"},\"inLanguage\":\"de\",\"potentialAction\":[{\"@type\":\"ReadAction\",\"target\":[\"https:\\\/\\\/www.lohschule-datteln.de\\\/index.php\\\/einschulung-2017\\\/\"]}]},{\"@type\":\"ImageObject\",\"inLanguage\":\"de\",\"@id\":\"https:\\\/\\\/www.lohschule-datteln.de\\\/index.php\\\/einschulung-2017\\\/#primaryimage\",\"url\":\"http:\\\/\\\/www.lohschule-datteln.de\\\/wp-content\\\/uploads\\\/2017\\\/09\\\/w1.jpg\",\"contentUrl\":\"http:\\\/\\\/www.lohschule-datteln.de\\\/wp-content\\\/uploads\\\/2017\\\/09\\\/w1.jpg\"},{\"@type\":\"BreadcrumbList\",\"@id\":\"https:\\\/\\\/www.lohschule-datteln.de\\\/index.php\\\/einschulung-2017\\\/#breadcrumb\",\"itemListElement\":[{\"@type\":\"ListItem\",\"position\":1,\"name\":\"Startseite\",\"item\":\"https:\\\/\\\/www.lohschule-datteln.de\\\/\"},{\"@type\":\"ListItem\",\"position\":2,\"name\":\"Einschulung 2017\\\/18\"}]},{\"@type\":\"WebSite\",\"@id\":\"https:\\\/\\\/www.lohschule-datteln.de\\\/#website\",\"url\":\"https:\\\/\\\/www.lohschule-datteln.de\\\/\",\"name\":\"Lohschule Datteln\",\"description\":\"kath. Grundschule\",\"publisher\":{\"@id\":\"https:\\\/\\\/www.lohschule-datteln.de\\\/#organization\"},\"potentialAction\":[{\"@type\":\"SearchAction\",\"target\":{\"@type\":\"EntryPoint\",\"urlTemplate\":\"https:\\\/\\\/www.lohschule-datteln.de\\\/?s={search_term_string}\"},\"query-input\":{\"@type\":\"PropertyValueSpecification\",\"valueRequired\":true,\"valueName\":\"search_term_string\"}}],\"inLanguage\":\"de\"},{\"@type\":\"Organization\",\"@id\":\"https:\\\/\\\/www.lohschule-datteln.de\\\/#organization\",\"name\":\"Lohschule -katholische Grundschule Datteln\",\"url\":\"https:\\\/\\\/www.lohschule-datteln.de\\\/\",\"logo\":{\"@type\":\"ImageObject\",\"inLanguage\":\"de\",\"@id\":\"https:\\\/\\\/www.lohschule-datteln.de\\\/#\\\/schema\\\/logo\\\/image\\\/\",\"url\":\"http:\\\/\\\/www.lohschule-datteln.de\\\/wp-content\\\/uploads\\\/2016\\\/02\\\/Loh-neu-2016.jpg\",\"contentUrl\":\"http:\\\/\\\/www.lohschule-datteln.de\\\/wp-content\\\/uploads\\\/2016\\\/02\\\/Loh-neu-2016.jpg\",\"width\":448,\"height\":252,\"caption\":\"Lohschule -katholische Grundschule Datteln\"},\"image\":{\"@id\":\"https:\\\/\\\/www.lohschule-datteln.de\\\/#\\\/schema\\\/logo\\\/image\\\/\"}}]}<\/script>\n<!-- \/ Yoast SEO plugin. -->","yoast_head_json":{"title":"Einschulung 2017\/18 - Lohschule Datteln","robots":{"index":"index","follow":"follow","max-snippet":"max-snippet:-1","max-image-preview":"max-image-preview:large","max-video-preview":"max-video-preview:-1"},"canonical":"https:\/\/www.lohschule-datteln.de\/index.php\/einschulung-2017\/","og_locale":"de_DE","og_type":"article","og_title":"Einschulung 2017\/18 - Lohschule Datteln","og_description":"Einschulungsfeier kurzfristig in die Turnhalle verlegt Am letzten Donnerstag im August war es endlich soweit: Um 9.15 Uhr versammelten sich unsere Erstkl\u00e4ssler mit ihren Eltern und Angeh\u00f6rigen zum Einschulungsgottesdienst in der Amanduskirche. Nach dem Gottesdienst\u00a0kamen alle\u00a0Schulanf\u00e4nger und ihre Eltern in der Turnhalle zusammen, da das Wetter eine Schulhoffeier leider nicht zulie\u00df. &nbsp; &nbsp; Frau Schneider [&hellip;]","og_url":"https:\/\/www.lohschule-datteln.de\/index.php\/einschulung-2017\/","og_site_name":"Lohschule Datteln","article_modified_time":"2017-09-05T15:57:15+00:00","og_image":[{"url":"http:\/\/www.lohschule-datteln.de\/wp-content\/uploads\/2017\/09\/w1.jpg","type":"","width":"","height":""}],"twitter_card":"summary_large_image","twitter_misc":{"Gesch\u00e4tzte Lesezeit":"1\u00a0Minute"},"schema":{"@context":"https:\/\/schema.org","@graph":[{"@type":"WebPage","@id":"https:\/\/www.lohschule-datteln.de\/index.php\/einschulung-2017\/","url":"https:\/\/www.lohschule-datteln.de\/index.php\/einschulung-2017\/","name":"Einschulung 2017\/18 - Lohschule Datteln","isPartOf":{"@id":"https:\/\/www.lohschule-datteln.de\/#website"},"primaryImageOfPage":{"@id":"https:\/\/www.lohschule-datteln.de\/index.php\/einschulung-2017\/#primaryimage"},"image":{"@id":"https:\/\/www.lohschule-datteln.de\/index.php\/einschulung-2017\/#primaryimage"},"thumbnailUrl":"http:\/\/www.lohschule-datteln.de\/wp-content\/uploads\/2017\/09\/w1.jpg","datePublished":"2017-09-03T06:43:01+00:00","dateModified":"2017-09-05T15:57:15+00:00","breadcrumb":{"@id":"https:\/\/www.lohschule-datteln.de\/index.php\/einschulung-2017\/#breadcrumb"},"inLanguage":"de","potentialAction":[{"@type":"ReadAction","target":["https:\/\/www.lohschule-datteln.de\/index.php\/einschulung-2017\/"]}]},{"@type":"ImageObject","inLanguage":"de","@id":"https:\/\/www.lohschule-datteln.de\/index.php\/einschulung-2017\/#primaryimage","url":"http:\/\/www.lohschule-datteln.de\/wp-content\/uploads\/2017\/09\/w1.jpg","contentUrl":"http:\/\/www.lohschule-datteln.de\/wp-content\/uploads\/2017\/09\/w1.jpg"},{"@type":"BreadcrumbList","@id":"https:\/\/www.lohschule-datteln.de\/index.php\/einschulung-2017\/#breadcrumb","itemListElement":[{"@type":"ListItem","position":1,"name":"Startseite","item":"https:\/\/www.lohschule-datteln.de\/"},{"@type":"ListItem","position":2,"name":"Einschulung 2017\/18"}]},{"@type":"WebSite","@id":"https:\/\/www.lohschule-datteln.de\/#website","url":"https:\/\/www.lohschule-datteln.de\/","name":"Lohschule Datteln","description":"kath. Grundschule","publisher":{"@id":"https:\/\/www.lohschule-datteln.de\/#organization"},"potentialAction":[{"@type":"SearchAction","target":{"@type":"EntryPoint","urlTemplate":"https:\/\/www.lohschule-datteln.de\/?s={search_term_string}"},"query-input":{"@type":"PropertyValueSpecification","valueRequired":true,"valueName":"search_term_string"}}],"inLanguage":"de"},{"@type":"Organization","@id":"https:\/\/www.lohschule-datteln.de\/#organization","name":"Lohschule -katholische Grundschule Datteln","url":"https:\/\/www.lohschule-datteln.de\/","logo":{"@type":"ImageObject","inLanguage":"de","@id":"https:\/\/www.lohschule-datteln.de\/#\/schema\/logo\/image\/","url":"http:\/\/www.lohschule-datteln.de\/wp-content\/uploads\/2016\/02\/Loh-neu-2016.jpg","contentUrl":"http:\/\/www.lohschule-datteln.de\/wp-content\/uploads\/2016\/02\/Loh-neu-2016.jpg","width":448,"height":252,"caption":"Lohschule -katholische Grundschule Datteln"},"image":{"@id":"https:\/\/www.lohschule-datteln.de\/#\/schema\/logo\/image\/"}}]}},"_links":{"self":[{"href":"https:\/\/www.lohschule-datteln.de\/index.php\/wp-json\/wp\/v2\/pages\/2977","targetHints":{"allow":["GET"]}}],"collection":[{"href":"https:\/\/www.lohschule-datteln.de\/index.php\/wp-json\/wp\/v2\/pages"}],"about":[{"href":"https:\/\/www.lohschule-datteln.de\/index.php\/wp-json\/wp\/v2\/types\/page"}],"author":[{"embeddable":true,"href":"https:\/\/www.lohschule-datteln.de\/index.php\/wp-json\/wp\/v2\/users\/3"}],"replies":[{"embeddable":true,"href":"https:\/\/www.lohschule-datteln.de\/index.php\/wp-json\/wp\/v2\/comments?post=2977"}],"version-history":[{"count":10,"href":"https:\/\/www.lohschule-datteln.de\/index.php\/wp-json\/wp\/v2\/pages\/2977\/revisions"}],"predecessor-version":[{"id":3003,"href":"https:\/\/www.lohschule-datteln.de\/index.php\/wp-json\/wp\/v2\/pages\/2977\/revisions\/3003"}],"wp:attachment":[{"href":"https:\/\/www.lohschule-datteln.de\/index.php\/wp-json\/wp\/v2\/media?parent=2977"}],"curies":[{"name":"wp","href":"https:\/\/api.w.org\/{rel}","templated":true}]}}