{"id":3243,"date":"2017-11-17T20:53:11","date_gmt":"2017-11-17T19:53:11","guid":{"rendered":"http:\/\/www.lohschule-datteln.de\/?page_id=3243"},"modified":"2017-11-22T22:01:21","modified_gmt":"2017-11-22T21:01:21","slug":"vorlesetag","status":"publish","type":"page","link":"https:\/\/www.lohschule-datteln.de\/index.php\/vorlesetag\/","title":{"rendered":"Vorlesetag"},"content":{"rendered":"<h3>Weltweiter Vorlesetag: Auch unsere Schule nahm teil.<\/h3>\n<p>Wie wirbt man um junge Zuh\u00f6rer am Vorlesetag? Die Frage hat sich unser Kollegium gestellt und sich entschlossen, f\u00fcr die Kinder B\u00fccher-Werbeplakate und Eintrittskarten zu basteln, um\u00a0 sie f\u00fcr das zu erwartende H\u00f6rvergn\u00fcgen zu interessieren.<\/p>\n<p>Kurz vor dem Vorlesetag zogen alle Lehrer mit ihren Klassen los, um sich die Plakate anzuschauen und um sich \u00fcber das B\u00fccherangebot zu informieren. Schlie\u00dflich mussten sich die Sch\u00fcler ja bis zum n\u00e4chsten Tag entscheiden, an welcher Vorleseveranstaltung sie teilnehmen wollen. Manchmal musste sogar gelost werden, weil nat\u00fcrlich nicht die &#8222;halbe Klasse&#8220; ein und dasselbe Buch h\u00f6ren konnte. Aber meistens war das kein Problem f\u00fcr die Kinder. Der Reiz dieser neuen Art, den Morgen in der Schule mal anders zu verbringen, war zu gro\u00df, um lange traurig zu sein. So erhielt jedes Kind am Vortag des Lesemorgens eine Eintrittskarte, auf der der Buchtitel, der Vorleseort und ein Hinweis auf Mitzubringendes zu lesen war.<\/p>\n<p>&nbsp;<\/p>\n<p>Ein kleiner Eindruck von den Plakaten:<\/p>\n<p>F\u00fcr die Jahrg\u00e4nge 1 und 2 standen diese zur Auswahl:<\/p>\n<p>&nbsp;<\/p>\n<p><a href=\"https:\/\/www.lohschule-datteln.de\/wp-content\/uploads\/2017\/11\/8.jpg\"><img loading=\"lazy\" decoding=\"async\" class=\"aligncenter size-full wp-image-3256\" src=\"https:\/\/www.lohschule-datteln.de\/wp-content\/uploads\/2017\/11\/8.jpg\" alt=\"\" width=\"448\" height=\"294\" \/><\/a><\/p>\n<p>&nbsp;<\/p>\n<p>F\u00fcr die Jahrg\u00e4nge 3 und 4 standen diese B\u00fccher zur Auswahl:<\/p>\n<p>&nbsp;<\/p>\n<p><a href=\"https:\/\/www.lohschule-datteln.de\/wp-content\/uploads\/2017\/11\/5.jpg\"><img loading=\"lazy\" decoding=\"async\" class=\"aligncenter size-full wp-image-3257\" src=\"https:\/\/www.lohschule-datteln.de\/wp-content\/uploads\/2017\/11\/5.jpg\" alt=\"\" width=\"430\" height=\"336\" \/><\/a><\/p>\n<p>&nbsp;<\/p>\n<p><a href=\"https:\/\/www.lohschule-datteln.de\/wp-content\/uploads\/2017\/11\/4.jpg\"><img loading=\"lazy\" decoding=\"async\" class=\"aligncenter size-full wp-image-3258\" src=\"https:\/\/www.lohschule-datteln.de\/wp-content\/uploads\/2017\/11\/4.jpg\" alt=\"\" width=\"448\" height=\"299\" \/><\/a><\/p>\n<p>&nbsp;<\/p>\n<p><a href=\"https:\/\/www.lohschule-datteln.de\/wp-content\/uploads\/2017\/11\/6.jpg\"><img loading=\"lazy\" decoding=\"async\" class=\"aligncenter size-full wp-image-3259\" src=\"https:\/\/www.lohschule-datteln.de\/wp-content\/uploads\/2017\/11\/6.jpg\" alt=\"\" width=\"448\" height=\"258\" \/><\/a><\/p>\n<p>&nbsp;<\/p>\n<p><a href=\"https:\/\/www.lohschule-datteln.de\/wp-content\/uploads\/2017\/11\/7.jpg\"><img loading=\"lazy\" decoding=\"async\" class=\"aligncenter size-full wp-image-3260\" src=\"https:\/\/www.lohschule-datteln.de\/wp-content\/uploads\/2017\/11\/7.jpg\" alt=\"\" width=\"448\" height=\"299\" \/><\/a><\/p>\n<p>&nbsp;<\/p>\n<p>Einige Sch\u00fcler informieren sich \u00fcber das Angebot:<\/p>\n<p>&nbsp;<\/p>\n<p><a href=\"https:\/\/www.lohschule-datteln.de\/wp-content\/uploads\/2017\/11\/2.jpg\"><img loading=\"lazy\" decoding=\"async\" class=\"aligncenter size-full wp-image-3264\" src=\"https:\/\/www.lohschule-datteln.de\/wp-content\/uploads\/2017\/11\/2.jpg\" alt=\"\" width=\"448\" height=\"299\" \/><\/a><\/p>\n<p>&nbsp;<\/p>\n<p><a href=\"https:\/\/www.lohschule-datteln.de\/wp-content\/uploads\/2017\/11\/3.jpg\"><img loading=\"lazy\" decoding=\"async\" class=\"aligncenter size-full wp-image-3265\" src=\"https:\/\/www.lohschule-datteln.de\/wp-content\/uploads\/2017\/11\/3.jpg\" alt=\"\" width=\"286\" height=\"448\" \/><\/a><\/p>\n<p>&nbsp;<\/p>\n<p>&nbsp;<\/p>\n<p>Und wie war es denn dann am Vorlesetag???<\/p>\n<p>P\u00fcnktlich um 8.10 Uhr gingen alle Klassent\u00fcren auf. Die Kinder machten sich mit ihren Kuschelkissen, manchmal auch Decken unterm Arm und ihrer Eintrittskarte in der Hand auf zu ihrem Wahl-Vorleseraum.<\/p>\n<p>&nbsp;<\/p>\n<p>Die Bilder vermitteln einen kleinen Eindruck:<\/p>\n<p>&nbsp;<\/p>\n<p><a href=\"https:\/\/www.lohschule-datteln.de\/wp-content\/uploads\/2017\/11\/9.jpg\"><img loading=\"lazy\" decoding=\"async\" class=\"aligncenter size-full wp-image-3261\" src=\"https:\/\/www.lohschule-datteln.de\/wp-content\/uploads\/2017\/11\/9.jpg\" alt=\"\" width=\"448\" height=\"336\" \/><\/a><\/p>\n<p>&nbsp;<\/p>\n<p><a href=\"https:\/\/www.lohschule-datteln.de\/wp-content\/uploads\/2017\/11\/1.jpg\"><img loading=\"lazy\" decoding=\"async\" class=\"aligncenter size-full wp-image-3262\" src=\"https:\/\/www.lohschule-datteln.de\/wp-content\/uploads\/2017\/11\/1.jpg\" alt=\"\" width=\"448\" height=\"241\" \/><\/a><\/p>\n<p>&nbsp;<\/p>\n<p>Befragt man die gro\u00dfen und kleinen Zuh\u00f6rer, so h\u00f6rt man sehr, sehr h\u00e4ufig: &#8222;Das hat Spa\u00df gemacht.&#8220;<\/p>\n<p>Wenn Zuh\u00f6ren, Vorlesern lauschen, sich in die B\u00fccherwelt entf\u00fchren lassen, Spa\u00df macht, dann haben wir ein Ziel des Vorlesetages erreicht.<\/p>\n<p>Wir Kollegen haben beschlossen: Das machen wir im n\u00e4chsten Jahr wieder. Und: Wir freuen uns darauf.<\/p>\n<p>&nbsp;<\/p>\n","protected":false},"excerpt":{"rendered":"<p>Weltweiter Vorlesetag: Auch unsere Schule nahm teil. Wie wirbt man um junge Zuh\u00f6rer am Vorlesetag? Die Frage hat sich unser Kollegium gestellt und sich entschlossen, f\u00fcr die Kinder B\u00fccher-Werbeplakate und Eintrittskarten zu basteln, um\u00a0 sie f\u00fcr das zu erwartende H\u00f6rvergn\u00fcgen zu interessieren. Kurz vor dem Vorlesetag zogen alle Lehrer mit ihren Klassen los, um sich [&hellip;]<\/p>\n","protected":false},"author":3,"featured_media":0,"parent":0,"menu_order":0,"comment_status":"closed","ping_status":"closed","template":"","meta":{"footnotes":""},"class_list":["post-3243","page","type-page","status-publish","hentry"],"yoast_head":"<!-- This site is optimized with the Yoast SEO plugin v27.6 - https:\/\/yoast.com\/product\/yoast-seo-wordpress\/ -->\n<title>Vorlesetag - Lohschule Datteln<\/title>\n<meta name=\"robots\" content=\"index, follow, max-snippet:-1, max-image-preview:large, max-video-preview:-1\" \/>\n<link rel=\"canonical\" href=\"https:\/\/www.lohschule-datteln.de\/index.php\/vorlesetag\/\" \/>\n<meta property=\"og:locale\" content=\"de_DE\" \/>\n<meta property=\"og:type\" content=\"article\" \/>\n<meta property=\"og:title\" content=\"Vorlesetag - Lohschule Datteln\" \/>\n<meta property=\"og:description\" content=\"Weltweiter Vorlesetag: Auch unsere Schule nahm teil. Wie wirbt man um junge Zuh\u00f6rer am Vorlesetag? Die Frage hat sich unser Kollegium gestellt und sich entschlossen, f\u00fcr die Kinder B\u00fccher-Werbeplakate und Eintrittskarten zu basteln, um\u00a0 sie f\u00fcr das zu erwartende H\u00f6rvergn\u00fcgen zu interessieren. Kurz vor dem Vorlesetag zogen alle Lehrer mit ihren Klassen los, um sich [&hellip;]\" \/>\n<meta property=\"og:url\" content=\"https:\/\/www.lohschule-datteln.de\/index.php\/vorlesetag\/\" \/>\n<meta property=\"og:site_name\" content=\"Lohschule Datteln\" \/>\n<meta property=\"article:modified_time\" content=\"2017-11-22T21:01:21+00:00\" \/>\n<meta property=\"og:image\" content=\"http:\/\/www.lohschule-datteln.de\/wp-content\/uploads\/2017\/11\/8.jpg\" \/>\n<meta name=\"twitter:card\" content=\"summary_large_image\" \/>\n<meta name=\"twitter:label1\" content=\"Gesch\u00e4tzte Lesezeit\" \/>\n\t<meta name=\"twitter:data1\" content=\"2\u00a0Minuten\" \/>\n<script type=\"application\/ld+json\" class=\"yoast-schema-graph\">{\"@context\":\"https:\\\/\\\/schema.org\",\"@graph\":[{\"@type\":\"WebPage\",\"@id\":\"https:\\\/\\\/www.lohschule-datteln.de\\\/index.php\\\/vorlesetag\\\/\",\"url\":\"https:\\\/\\\/www.lohschule-datteln.de\\\/index.php\\\/vorlesetag\\\/\",\"name\":\"Vorlesetag - Lohschule Datteln\",\"isPartOf\":{\"@id\":\"https:\\\/\\\/www.lohschule-datteln.de\\\/#website\"},\"primaryImageOfPage\":{\"@id\":\"https:\\\/\\\/www.lohschule-datteln.de\\\/index.php\\\/vorlesetag\\\/#primaryimage\"},\"image\":{\"@id\":\"https:\\\/\\\/www.lohschule-datteln.de\\\/index.php\\\/vorlesetag\\\/#primaryimage\"},\"thumbnailUrl\":\"http:\\\/\\\/www.lohschule-datteln.de\\\/wp-content\\\/uploads\\\/2017\\\/11\\\/8.jpg\",\"datePublished\":\"2017-11-17T19:53:11+00:00\",\"dateModified\":\"2017-11-22T21:01:21+00:00\",\"breadcrumb\":{\"@id\":\"https:\\\/\\\/www.lohschule-datteln.de\\\/index.php\\\/vorlesetag\\\/#breadcrumb\"},\"inLanguage\":\"de\",\"potentialAction\":[{\"@type\":\"ReadAction\",\"target\":[\"https:\\\/\\\/www.lohschule-datteln.de\\\/index.php\\\/vorlesetag\\\/\"]}]},{\"@type\":\"ImageObject\",\"inLanguage\":\"de\",\"@id\":\"https:\\\/\\\/www.lohschule-datteln.de\\\/index.php\\\/vorlesetag\\\/#primaryimage\",\"url\":\"http:\\\/\\\/www.lohschule-datteln.de\\\/wp-content\\\/uploads\\\/2017\\\/11\\\/8.jpg\",\"contentUrl\":\"http:\\\/\\\/www.lohschule-datteln.de\\\/wp-content\\\/uploads\\\/2017\\\/11\\\/8.jpg\"},{\"@type\":\"BreadcrumbList\",\"@id\":\"https:\\\/\\\/www.lohschule-datteln.de\\\/index.php\\\/vorlesetag\\\/#breadcrumb\",\"itemListElement\":[{\"@type\":\"ListItem\",\"position\":1,\"name\":\"Startseite\",\"item\":\"https:\\\/\\\/www.lohschule-datteln.de\\\/\"},{\"@type\":\"ListItem\",\"position\":2,\"name\":\"Vorlesetag\"}]},{\"@type\":\"WebSite\",\"@id\":\"https:\\\/\\\/www.lohschule-datteln.de\\\/#website\",\"url\":\"https:\\\/\\\/www.lohschule-datteln.de\\\/\",\"name\":\"Lohschule Datteln\",\"description\":\"kath. Grundschule\",\"publisher\":{\"@id\":\"https:\\\/\\\/www.lohschule-datteln.de\\\/#organization\"},\"potentialAction\":[{\"@type\":\"SearchAction\",\"target\":{\"@type\":\"EntryPoint\",\"urlTemplate\":\"https:\\\/\\\/www.lohschule-datteln.de\\\/?s={search_term_string}\"},\"query-input\":{\"@type\":\"PropertyValueSpecification\",\"valueRequired\":true,\"valueName\":\"search_term_string\"}}],\"inLanguage\":\"de\"},{\"@type\":\"Organization\",\"@id\":\"https:\\\/\\\/www.lohschule-datteln.de\\\/#organization\",\"name\":\"Lohschule -katholische Grundschule Datteln\",\"url\":\"https:\\\/\\\/www.lohschule-datteln.de\\\/\",\"logo\":{\"@type\":\"ImageObject\",\"inLanguage\":\"de\",\"@id\":\"https:\\\/\\\/www.lohschule-datteln.de\\\/#\\\/schema\\\/logo\\\/image\\\/\",\"url\":\"http:\\\/\\\/www.lohschule-datteln.de\\\/wp-content\\\/uploads\\\/2016\\\/02\\\/Loh-neu-2016.jpg\",\"contentUrl\":\"http:\\\/\\\/www.lohschule-datteln.de\\\/wp-content\\\/uploads\\\/2016\\\/02\\\/Loh-neu-2016.jpg\",\"width\":448,\"height\":252,\"caption\":\"Lohschule -katholische Grundschule Datteln\"},\"image\":{\"@id\":\"https:\\\/\\\/www.lohschule-datteln.de\\\/#\\\/schema\\\/logo\\\/image\\\/\"}}]}<\/script>\n<!-- \/ Yoast SEO plugin. -->","yoast_head_json":{"title":"Vorlesetag - Lohschule Datteln","robots":{"index":"index","follow":"follow","max-snippet":"max-snippet:-1","max-image-preview":"max-image-preview:large","max-video-preview":"max-video-preview:-1"},"canonical":"https:\/\/www.lohschule-datteln.de\/index.php\/vorlesetag\/","og_locale":"de_DE","og_type":"article","og_title":"Vorlesetag - Lohschule Datteln","og_description":"Weltweiter Vorlesetag: Auch unsere Schule nahm teil. Wie wirbt man um junge Zuh\u00f6rer am Vorlesetag? Die Frage hat sich unser Kollegium gestellt und sich entschlossen, f\u00fcr die Kinder B\u00fccher-Werbeplakate und Eintrittskarten zu basteln, um\u00a0 sie f\u00fcr das zu erwartende H\u00f6rvergn\u00fcgen zu interessieren. Kurz vor dem Vorlesetag zogen alle Lehrer mit ihren Klassen los, um sich [&hellip;]","og_url":"https:\/\/www.lohschule-datteln.de\/index.php\/vorlesetag\/","og_site_name":"Lohschule Datteln","article_modified_time":"2017-11-22T21:01:21+00:00","og_image":[{"url":"http:\/\/www.lohschule-datteln.de\/wp-content\/uploads\/2017\/11\/8.jpg","type":"","width":"","height":""}],"twitter_card":"summary_large_image","twitter_misc":{"Gesch\u00e4tzte Lesezeit":"2\u00a0Minuten"},"schema":{"@context":"https:\/\/schema.org","@graph":[{"@type":"WebPage","@id":"https:\/\/www.lohschule-datteln.de\/index.php\/vorlesetag\/","url":"https:\/\/www.lohschule-datteln.de\/index.php\/vorlesetag\/","name":"Vorlesetag - Lohschule Datteln","isPartOf":{"@id":"https:\/\/www.lohschule-datteln.de\/#website"},"primaryImageOfPage":{"@id":"https:\/\/www.lohschule-datteln.de\/index.php\/vorlesetag\/#primaryimage"},"image":{"@id":"https:\/\/www.lohschule-datteln.de\/index.php\/vorlesetag\/#primaryimage"},"thumbnailUrl":"http:\/\/www.lohschule-datteln.de\/wp-content\/uploads\/2017\/11\/8.jpg","datePublished":"2017-11-17T19:53:11+00:00","dateModified":"2017-11-22T21:01:21+00:00","breadcrumb":{"@id":"https:\/\/www.lohschule-datteln.de\/index.php\/vorlesetag\/#breadcrumb"},"inLanguage":"de","potentialAction":[{"@type":"ReadAction","target":["https:\/\/www.lohschule-datteln.de\/index.php\/vorlesetag\/"]}]},{"@type":"ImageObject","inLanguage":"de","@id":"https:\/\/www.lohschule-datteln.de\/index.php\/vorlesetag\/#primaryimage","url":"http:\/\/www.lohschule-datteln.de\/wp-content\/uploads\/2017\/11\/8.jpg","contentUrl":"http:\/\/www.lohschule-datteln.de\/wp-content\/uploads\/2017\/11\/8.jpg"},{"@type":"BreadcrumbList","@id":"https:\/\/www.lohschule-datteln.de\/index.php\/vorlesetag\/#breadcrumb","itemListElement":[{"@type":"ListItem","position":1,"name":"Startseite","item":"https:\/\/www.lohschule-datteln.de\/"},{"@type":"ListItem","position":2,"name":"Vorlesetag"}]},{"@type":"WebSite","@id":"https:\/\/www.lohschule-datteln.de\/#website","url":"https:\/\/www.lohschule-datteln.de\/","name":"Lohschule Datteln","description":"kath. Grundschule","publisher":{"@id":"https:\/\/www.lohschule-datteln.de\/#organization"},"potentialAction":[{"@type":"SearchAction","target":{"@type":"EntryPoint","urlTemplate":"https:\/\/www.lohschule-datteln.de\/?s={search_term_string}"},"query-input":{"@type":"PropertyValueSpecification","valueRequired":true,"valueName":"search_term_string"}}],"inLanguage":"de"},{"@type":"Organization","@id":"https:\/\/www.lohschule-datteln.de\/#organization","name":"Lohschule -katholische Grundschule Datteln","url":"https:\/\/www.lohschule-datteln.de\/","logo":{"@type":"ImageObject","inLanguage":"de","@id":"https:\/\/www.lohschule-datteln.de\/#\/schema\/logo\/image\/","url":"http:\/\/www.lohschule-datteln.de\/wp-content\/uploads\/2016\/02\/Loh-neu-2016.jpg","contentUrl":"http:\/\/www.lohschule-datteln.de\/wp-content\/uploads\/2016\/02\/Loh-neu-2016.jpg","width":448,"height":252,"caption":"Lohschule -katholische Grundschule Datteln"},"image":{"@id":"https:\/\/www.lohschule-datteln.de\/#\/schema\/logo\/image\/"}}]}},"_links":{"self":[{"href":"https:\/\/www.lohschule-datteln.de\/index.php\/wp-json\/wp\/v2\/pages\/3243","targetHints":{"allow":["GET"]}}],"collection":[{"href":"https:\/\/www.lohschule-datteln.de\/index.php\/wp-json\/wp\/v2\/pages"}],"about":[{"href":"https:\/\/www.lohschule-datteln.de\/index.php\/wp-json\/wp\/v2\/types\/page"}],"author":[{"embeddable":true,"href":"https:\/\/www.lohschule-datteln.de\/index.php\/wp-json\/wp\/v2\/users\/3"}],"replies":[{"embeddable":true,"href":"https:\/\/www.lohschule-datteln.de\/index.php\/wp-json\/wp\/v2\/comments?post=3243"}],"version-history":[{"count":7,"href":"https:\/\/www.lohschule-datteln.de\/index.php\/wp-json\/wp\/v2\/pages\/3243\/revisions"}],"predecessor-version":[{"id":3267,"href":"https:\/\/www.lohschule-datteln.de\/index.php\/wp-json\/wp\/v2\/pages\/3243\/revisions\/3267"}],"wp:attachment":[{"href":"https:\/\/www.lohschule-datteln.de\/index.php\/wp-json\/wp\/v2\/media?parent=3243"}],"curies":[{"name":"wp","href":"https:\/\/api.w.org\/{rel}","templated":true}]}}