{"id":376,"date":"2016-03-16T15:58:43","date_gmt":"2016-03-16T14:58:43","guid":{"rendered":"http:\/\/www.lohschule-datteln.de\/?page_id=376"},"modified":"2024-09-20T15:35:19","modified_gmt":"2024-09-20T13:35:19","slug":"aktivitaeten","status":"publish","type":"page","link":"https:\/\/www.lohschule-datteln.de\/index.php\/aktivitaeten\/","title":{"rendered":"Aktivit\u00e4ten"},"content":{"rendered":"\n<p><\/p>\n\n\n\n<h3 class=\"wp-block-heading\"><img loading=\"lazy\" decoding=\"async\" width=\"492\" height=\"694\" class=\"wp-image-14115 size-full alignleft\" src=\"https:\/\/www.lohschule-datteln.de\/wp-content\/uploads\/2024\/09\/Screenshot-2024-09-04-174630.png\" alt=\"\" srcset=\"https:\/\/www.lohschule-datteln.de\/wp-content\/uploads\/2024\/09\/Screenshot-2024-09-04-174630.png 492w, https:\/\/www.lohschule-datteln.de\/wp-content\/uploads\/2024\/09\/Screenshot-2024-09-04-174630-213x300.png 213w\" sizes=\"auto, (max-width: 492px) 100vw, 492px\" \/><br><span style=\"color: #008000;\">Deckenflohmarkt<\/span><\/h3>\n\n\n\n<p><span style=\"color: #808080;\">Am Samstag, den 14.9.24, war es wieder soweit. Der j\u00e4hrliche Deckenflohmarkt fand auf dem vorderen Schulhof der Lohschule statt. Von 10 Uhr bis 13 Uhr hielten ungef\u00e4hr 30 Lohschulkinder aussortierte Spielzeuge und B\u00fccher f\u00fcr Interessierte bereit. Ein Team unseres Vereins bot f\u00fcr Besucher und Ausstellende Getr\u00e4nke und Waffeln an.\u00a0<\/span><br><\/p>\n\n\n\n<p><\/p>\n\n\n\n<p><\/p>\n\n\n\n<p><\/p>\n\n\n\n<p><span style=\"color: #808080;\">Ein kleiner Einblick in Bildern:<\/span><\/p>\n\n\n\n<p><\/p>\n\n\n\n<figure class=\"wp-block-gallery has-nested-images columns-default is-cropped wp-block-gallery-1 is-layout-flex wp-block-gallery-is-layout-flex\">\n<figure class=\"wp-block-image size-large\"><img loading=\"lazy\" decoding=\"async\" width=\"1024\" height=\"768\" data-id=\"14146\" src=\"https:\/\/www.lohschule-datteln.de\/wp-content\/uploads\/2024\/09\/IMG_0113-1024x768.jpg\" alt=\"\" class=\"wp-image-14146\" srcset=\"https:\/\/www.lohschule-datteln.de\/wp-content\/uploads\/2024\/09\/IMG_0113-1024x768.jpg 1024w, https:\/\/www.lohschule-datteln.de\/wp-content\/uploads\/2024\/09\/IMG_0113-300x225.jpg 300w, https:\/\/www.lohschule-datteln.de\/wp-content\/uploads\/2024\/09\/IMG_0113-768x576.jpg 768w, https:\/\/www.lohschule-datteln.de\/wp-content\/uploads\/2024\/09\/IMG_0113-1536x1152.jpg 1536w, https:\/\/www.lohschule-datteln.de\/wp-content\/uploads\/2024\/09\/IMG_0113-2048x1536.jpg 2048w\" sizes=\"auto, (max-width: 1024px) 100vw, 1024px\" \/><\/figure>\n\n\n\n<figure class=\"wp-block-image size-large\"><img loading=\"lazy\" decoding=\"async\" width=\"1024\" height=\"768\" data-id=\"14145\" src=\"https:\/\/www.lohschule-datteln.de\/wp-content\/uploads\/2024\/09\/IMG_0112-1024x768.jpg\" alt=\"\" class=\"wp-image-14145\" srcset=\"https:\/\/www.lohschule-datteln.de\/wp-content\/uploads\/2024\/09\/IMG_0112-1024x768.jpg 1024w, https:\/\/www.lohschule-datteln.de\/wp-content\/uploads\/2024\/09\/IMG_0112-300x225.jpg 300w, https:\/\/www.lohschule-datteln.de\/wp-content\/uploads\/2024\/09\/IMG_0112-768x576.jpg 768w, https:\/\/www.lohschule-datteln.de\/wp-content\/uploads\/2024\/09\/IMG_0112-1536x1152.jpg 1536w, https:\/\/www.lohschule-datteln.de\/wp-content\/uploads\/2024\/09\/IMG_0112-2048x1536.jpg 2048w\" sizes=\"auto, (max-width: 1024px) 100vw, 1024px\" \/><\/figure>\n\n\n\n<figure class=\"wp-block-image size-large\"><img loading=\"lazy\" decoding=\"async\" width=\"768\" height=\"1024\" data-id=\"14144\" src=\"https:\/\/www.lohschule-datteln.de\/wp-content\/uploads\/2024\/09\/IMG_0111-768x1024.jpg\" alt=\"\" class=\"wp-image-14144\" srcset=\"https:\/\/www.lohschule-datteln.de\/wp-content\/uploads\/2024\/09\/IMG_0111-768x1024.jpg 768w, https:\/\/www.lohschule-datteln.de\/wp-content\/uploads\/2024\/09\/IMG_0111-225x300.jpg 225w, https:\/\/www.lohschule-datteln.de\/wp-content\/uploads\/2024\/09\/IMG_0111-1152x1536.jpg 1152w, https:\/\/www.lohschule-datteln.de\/wp-content\/uploads\/2024\/09\/IMG_0111-1536x2048.jpg 1536w, https:\/\/www.lohschule-datteln.de\/wp-content\/uploads\/2024\/09\/IMG_0111-scaled.jpg 1920w\" sizes=\"auto, (max-width: 768px) 100vw, 768px\" \/><\/figure>\n\n\n\n<figure class=\"wp-block-image size-large\"><img loading=\"lazy\" decoding=\"async\" width=\"1024\" height=\"768\" data-id=\"14143\" src=\"https:\/\/www.lohschule-datteln.de\/wp-content\/uploads\/2024\/09\/IMG_0110-1024x768.jpg\" alt=\"\" class=\"wp-image-14143\" srcset=\"https:\/\/www.lohschule-datteln.de\/wp-content\/uploads\/2024\/09\/IMG_0110-1024x768.jpg 1024w, https:\/\/www.lohschule-datteln.de\/wp-content\/uploads\/2024\/09\/IMG_0110-300x225.jpg 300w, https:\/\/www.lohschule-datteln.de\/wp-content\/uploads\/2024\/09\/IMG_0110-768x576.jpg 768w, https:\/\/www.lohschule-datteln.de\/wp-content\/uploads\/2024\/09\/IMG_0110-1536x1152.jpg 1536w, https:\/\/www.lohschule-datteln.de\/wp-content\/uploads\/2024\/09\/IMG_0110-2048x1536.jpg 2048w\" sizes=\"auto, (max-width: 1024px) 100vw, 1024px\" \/><\/figure>\n\n\n\n<figure class=\"wp-block-image size-large\"><img loading=\"lazy\" decoding=\"async\" width=\"1024\" height=\"768\" data-id=\"14142\" src=\"https:\/\/www.lohschule-datteln.de\/wp-content\/uploads\/2024\/09\/IMG_0109-1024x768.jpg\" alt=\"\" class=\"wp-image-14142\" srcset=\"https:\/\/www.lohschule-datteln.de\/wp-content\/uploads\/2024\/09\/IMG_0109-1024x768.jpg 1024w, https:\/\/www.lohschule-datteln.de\/wp-content\/uploads\/2024\/09\/IMG_0109-300x225.jpg 300w, https:\/\/www.lohschule-datteln.de\/wp-content\/uploads\/2024\/09\/IMG_0109-768x576.jpg 768w, https:\/\/www.lohschule-datteln.de\/wp-content\/uploads\/2024\/09\/IMG_0109-1536x1152.jpg 1536w, https:\/\/www.lohschule-datteln.de\/wp-content\/uploads\/2024\/09\/IMG_0109-2048x1536.jpg 2048w\" sizes=\"auto, (max-width: 1024px) 100vw, 1024px\" \/><\/figure>\n\n\n\n<figure class=\"wp-block-image size-large\"><img loading=\"lazy\" decoding=\"async\" width=\"1024\" height=\"768\" data-id=\"14141\" src=\"https:\/\/www.lohschule-datteln.de\/wp-content\/uploads\/2024\/09\/IMG_0106-1024x768.jpg\" alt=\"\" class=\"wp-image-14141\" srcset=\"https:\/\/www.lohschule-datteln.de\/wp-content\/uploads\/2024\/09\/IMG_0106-1024x768.jpg 1024w, https:\/\/www.lohschule-datteln.de\/wp-content\/uploads\/2024\/09\/IMG_0106-300x225.jpg 300w, https:\/\/www.lohschule-datteln.de\/wp-content\/uploads\/2024\/09\/IMG_0106-768x576.jpg 768w, https:\/\/www.lohschule-datteln.de\/wp-content\/uploads\/2024\/09\/IMG_0106-1536x1152.jpg 1536w, https:\/\/www.lohschule-datteln.de\/wp-content\/uploads\/2024\/09\/IMG_0106-2048x1536.jpg 2048w\" sizes=\"auto, (max-width: 1024px) 100vw, 1024px\" \/><\/figure>\n\n\n\n<figure class=\"wp-block-image size-large\"><img loading=\"lazy\" decoding=\"async\" width=\"1024\" height=\"768\" data-id=\"14140\" src=\"https:\/\/www.lohschule-datteln.de\/wp-content\/uploads\/2024\/09\/IMG_0105-1024x768.jpg\" alt=\"\" class=\"wp-image-14140\" srcset=\"https:\/\/www.lohschule-datteln.de\/wp-content\/uploads\/2024\/09\/IMG_0105-1024x768.jpg 1024w, https:\/\/www.lohschule-datteln.de\/wp-content\/uploads\/2024\/09\/IMG_0105-300x225.jpg 300w, https:\/\/www.lohschule-datteln.de\/wp-content\/uploads\/2024\/09\/IMG_0105-768x576.jpg 768w, https:\/\/www.lohschule-datteln.de\/wp-content\/uploads\/2024\/09\/IMG_0105-1536x1152.jpg 1536w, https:\/\/www.lohschule-datteln.de\/wp-content\/uploads\/2024\/09\/IMG_0105-2048x1536.jpg 2048w\" sizes=\"auto, (max-width: 1024px) 100vw, 1024px\" \/><\/figure>\n\n\n\n<figure class=\"wp-block-image size-large\"><img loading=\"lazy\" decoding=\"async\" width=\"1024\" height=\"768\" data-id=\"14139\" src=\"https:\/\/www.lohschule-datteln.de\/wp-content\/uploads\/2024\/09\/IMG_0104-1024x768.jpg\" alt=\"\" class=\"wp-image-14139\" srcset=\"https:\/\/www.lohschule-datteln.de\/wp-content\/uploads\/2024\/09\/IMG_0104-1024x768.jpg 1024w, https:\/\/www.lohschule-datteln.de\/wp-content\/uploads\/2024\/09\/IMG_0104-300x225.jpg 300w, https:\/\/www.lohschule-datteln.de\/wp-content\/uploads\/2024\/09\/IMG_0104-768x576.jpg 768w, https:\/\/www.lohschule-datteln.de\/wp-content\/uploads\/2024\/09\/IMG_0104-1536x1152.jpg 1536w, https:\/\/www.lohschule-datteln.de\/wp-content\/uploads\/2024\/09\/IMG_0104-2048x1536.jpg 2048w\" sizes=\"auto, (max-width: 1024px) 100vw, 1024px\" \/><\/figure>\n<\/figure>\n\n\n\n<p>&nbsp;<\/p>\n\n\n\n<p>&nbsp;<\/p>\n\n\n\n<h3 class=\"wp-block-heading\"><span style=\"color: #339966;\">Projekte, Programme und vieles mehr<\/span><\/h3>\n\n\n\n<p>Der <strong>\u201eVerein der Freunde und F\u00f6rderer der Lohschule Datteln e.V.\u201c <\/strong>unterst\u00fctzt die Lohschule ideell und vor allem finanziell, um Projekte zu verwirklichen, welche vom Schultr\u00e4ger nicht \u00fcbernommen werden k\u00f6nnen. In den Vereinssitzungen wird die Verwendung der vorhandenen Mittel zusammen mit der Leitung der Lohschule und dem Lehrerkollegium festgelegt.<\/p>\n\n\n\n<p><a href=\"https:\/\/www.lohschule-datteln.de\/wp-content\/uploads\/2019\/02\/Projekte.pdf\">Unsere Projekte &#8211; kurz erkl\u00e4rt<\/a><\/p>\n\n\n\n<h3 class=\"wp-block-heading\"><span style=\"color: #339966;\">Ein paar Berichte \u00fcber Aktivit\u00e4ten finden Sie hier:<\/span><\/h3>\n\n\n\n<p>&#8211;&gt;&gt;&nbsp; <a href=\"https:\/\/www.lohschule-datteln.de\/wp-content\/uploads\/2019\/03\/Waffelback-Aktion-2019.pdf\">Waffelback-Aktion-2019: F\u00f6rderverein unterst\u00fctzt das Lohtoys-Projekt<\/a><\/p>\n\n\n\n<p>&#8211;&gt;&gt; &nbsp;<a href=\"https:\/\/www.lohschule-datteln.de\/index.php\/sponsorenlauf-2018\/\">Sponsorenlauf 2018: F\u00f6rderverein reicht Obst und Getr\u00e4nke<\/a><\/p>\n\n\n\n<h3 class=\"wp-block-heading\"><span style=\"color: #339966;\"><strong>Der F\u00f6rderverein unterst\u00fctzt u.a.: <\/strong><\/span><\/h3>\n\n\n\n<figure class=\"wp-block-gallery has-nested-images columns-4 is-cropped wp-block-gallery-2 is-layout-flex wp-block-gallery-is-layout-flex\">\n<figure class=\"wp-block-image size-large\"><img loading=\"lazy\" decoding=\"async\" width=\"246\" height=\"252\" data-id=\"572\" src=\"https:\/\/www.lohschule-datteln.de\/wp-content\/uploads\/2016\/03\/Theaterp\u00e4d.-Logo.jpg\" alt=\"\" class=\"wp-image-572\" srcset=\"https:\/\/www.lohschule-datteln.de\/wp-content\/uploads\/2016\/03\/Theaterp\u00e4d.-Logo.jpg 246w, https:\/\/www.lohschule-datteln.de\/wp-content\/uploads\/2016\/03\/Theaterp\u00e4d.-Logo-60x60.jpg 60w\" sizes=\"auto, (max-width: 246px) 100vw, 246px\" \/><\/figure>\n\n\n\n<figure class=\"wp-block-image size-large\"><img loading=\"lazy\" decoding=\"async\" width=\"316\" height=\"448\" data-id=\"575\" src=\"https:\/\/www.lohschule-datteln.de\/wp-content\/uploads\/2016\/03\/Ern\u00e4hrung.jpg\" alt=\"\" class=\"wp-image-575\" srcset=\"https:\/\/www.lohschule-datteln.de\/wp-content\/uploads\/2016\/03\/Ern\u00e4hrung.jpg 316w, https:\/\/www.lohschule-datteln.de\/wp-content\/uploads\/2016\/03\/Ern\u00e4hrung-212x300.jpg 212w\" sizes=\"auto, (max-width: 316px) 100vw, 316px\" \/><\/figure>\n\n\n\n<figure class=\"wp-block-image size-large\"><img loading=\"lazy\" decoding=\"async\" width=\"336\" height=\"354\" data-id=\"573\" src=\"https:\/\/www.lohschule-datteln.de\/wp-content\/uploads\/2016\/03\/K\u00e4nguru-Logo.jpg\" alt=\"\" class=\"wp-image-573\" srcset=\"https:\/\/www.lohschule-datteln.de\/wp-content\/uploads\/2016\/03\/K\u00e4nguru-Logo.jpg 336w, https:\/\/www.lohschule-datteln.de\/wp-content\/uploads\/2016\/03\/K\u00e4nguru-Logo-285x300.jpg 285w\" sizes=\"auto, (max-width: 336px) 100vw, 336px\" \/><\/figure>\n\n\n<\/figure>\n\n\n\n<h3 class=\"wp-block-heading\"><span style=\"color: #339966;\">Haben Sie weitere Ideen oder Verbesserungsvorschl\u00e4ge? Dann schlie\u00dfen Sie sich doch unserem F\u00f6rderverein an! &nbsp;<\/span><\/h3>\n","protected":false},"excerpt":{"rendered":"<p>Deckenflohmarkt Am Samstag, den 14.9.24, war es wieder soweit. Der j\u00e4hrliche Deckenflohmarkt fand auf dem vorderen Schulhof der Lohschule statt. Von 10 Uhr bis 13 Uhr hielten ungef\u00e4hr 30 Lohschulkinder aussortierte Spielzeuge und B\u00fccher f\u00fcr Interessierte bereit. Ein Team unseres Vereins bot f\u00fcr Besucher und Ausstellende Getr\u00e4nke und Waffeln an.\u00a0 Ein kleiner Einblick in Bildern: [&hellip;]<\/p>\n","protected":false},"author":3,"featured_media":0,"parent":0,"menu_order":0,"comment_status":"closed","ping_status":"closed","template":"","meta":{"footnotes":""},"class_list":["post-376","page","type-page","status-publish","hentry"],"yoast_head":"<!-- This site is optimized with the Yoast SEO plugin v27.4 - https:\/\/yoast.com\/product\/yoast-seo-wordpress\/ -->\n<title>Aktivit\u00e4ten - Lohschule Datteln<\/title>\n<meta name=\"robots\" content=\"index, follow, max-snippet:-1, max-image-preview:large, max-video-preview:-1\" \/>\n<link rel=\"canonical\" href=\"https:\/\/www.lohschule-datteln.de\/index.php\/aktivitaeten\/\" \/>\n<meta property=\"og:locale\" content=\"de_DE\" \/>\n<meta property=\"og:type\" content=\"article\" \/>\n<meta property=\"og:title\" content=\"Aktivit\u00e4ten - Lohschule Datteln\" \/>\n<meta property=\"og:description\" content=\"Deckenflohmarkt Am Samstag, den 14.9.24, war es wieder soweit. Der j\u00e4hrliche Deckenflohmarkt fand auf dem vorderen Schulhof der Lohschule statt. Von 10 Uhr bis 13 Uhr hielten ungef\u00e4hr 30 Lohschulkinder aussortierte Spielzeuge und B\u00fccher f\u00fcr Interessierte bereit. Ein Team unseres Vereins bot f\u00fcr Besucher und Ausstellende Getr\u00e4nke und Waffeln an.\u00a0 Ein kleiner Einblick in Bildern: [&hellip;]\" \/>\n<meta property=\"og:url\" content=\"https:\/\/www.lohschule-datteln.de\/index.php\/aktivitaeten\/\" \/>\n<meta property=\"og:site_name\" content=\"Lohschule Datteln\" \/>\n<meta property=\"article:modified_time\" content=\"2024-09-20T13:35:19+00:00\" \/>\n<meta property=\"og:image\" content=\"https:\/\/www.lohschule-datteln.de\/wp-content\/uploads\/2024\/09\/Screenshot-2024-09-04-174630.png\" \/>\n<meta name=\"twitter:card\" content=\"summary_large_image\" \/>\n<meta name=\"twitter:label1\" content=\"Gesch\u00e4tzte Lesezeit\" \/>\n\t<meta name=\"twitter:data1\" content=\"4\u00a0Minuten\" \/>\n<script type=\"application\/ld+json\" class=\"yoast-schema-graph\">{\"@context\":\"https:\\\/\\\/schema.org\",\"@graph\":[{\"@type\":\"WebPage\",\"@id\":\"https:\\\/\\\/www.lohschule-datteln.de\\\/index.php\\\/aktivitaeten\\\/\",\"url\":\"https:\\\/\\\/www.lohschule-datteln.de\\\/index.php\\\/aktivitaeten\\\/\",\"name\":\"Aktivit\u00e4ten - Lohschule Datteln\",\"isPartOf\":{\"@id\":\"https:\\\/\\\/www.lohschule-datteln.de\\\/#website\"},\"primaryImageOfPage\":{\"@id\":\"https:\\\/\\\/www.lohschule-datteln.de\\\/index.php\\\/aktivitaeten\\\/#primaryimage\"},\"image\":{\"@id\":\"https:\\\/\\\/www.lohschule-datteln.de\\\/index.php\\\/aktivitaeten\\\/#primaryimage\"},\"thumbnailUrl\":\"https:\\\/\\\/www.lohschule-datteln.de\\\/wp-content\\\/uploads\\\/2024\\\/09\\\/Screenshot-2024-09-04-174630.png\",\"datePublished\":\"2016-03-16T14:58:43+00:00\",\"dateModified\":\"2024-09-20T13:35:19+00:00\",\"breadcrumb\":{\"@id\":\"https:\\\/\\\/www.lohschule-datteln.de\\\/index.php\\\/aktivitaeten\\\/#breadcrumb\"},\"inLanguage\":\"de\",\"potentialAction\":[{\"@type\":\"ReadAction\",\"target\":[\"https:\\\/\\\/www.lohschule-datteln.de\\\/index.php\\\/aktivitaeten\\\/\"]}]},{\"@type\":\"ImageObject\",\"inLanguage\":\"de\",\"@id\":\"https:\\\/\\\/www.lohschule-datteln.de\\\/index.php\\\/aktivitaeten\\\/#primaryimage\",\"url\":\"https:\\\/\\\/www.lohschule-datteln.de\\\/wp-content\\\/uploads\\\/2024\\\/09\\\/Screenshot-2024-09-04-174630.png\",\"contentUrl\":\"https:\\\/\\\/www.lohschule-datteln.de\\\/wp-content\\\/uploads\\\/2024\\\/09\\\/Screenshot-2024-09-04-174630.png\",\"width\":492,\"height\":694},{\"@type\":\"BreadcrumbList\",\"@id\":\"https:\\\/\\\/www.lohschule-datteln.de\\\/index.php\\\/aktivitaeten\\\/#breadcrumb\",\"itemListElement\":[{\"@type\":\"ListItem\",\"position\":1,\"name\":\"Startseite\",\"item\":\"https:\\\/\\\/www.lohschule-datteln.de\\\/\"},{\"@type\":\"ListItem\",\"position\":2,\"name\":\"Aktivit\u00e4ten\"}]},{\"@type\":\"WebSite\",\"@id\":\"https:\\\/\\\/www.lohschule-datteln.de\\\/#website\",\"url\":\"https:\\\/\\\/www.lohschule-datteln.de\\\/\",\"name\":\"Lohschule Datteln\",\"description\":\"kath. Grundschule\",\"publisher\":{\"@id\":\"https:\\\/\\\/www.lohschule-datteln.de\\\/#organization\"},\"potentialAction\":[{\"@type\":\"SearchAction\",\"target\":{\"@type\":\"EntryPoint\",\"urlTemplate\":\"https:\\\/\\\/www.lohschule-datteln.de\\\/?s={search_term_string}\"},\"query-input\":{\"@type\":\"PropertyValueSpecification\",\"valueRequired\":true,\"valueName\":\"search_term_string\"}}],\"inLanguage\":\"de\"},{\"@type\":\"Organization\",\"@id\":\"https:\\\/\\\/www.lohschule-datteln.de\\\/#organization\",\"name\":\"Lohschule -katholische Grundschule Datteln\",\"url\":\"https:\\\/\\\/www.lohschule-datteln.de\\\/\",\"logo\":{\"@type\":\"ImageObject\",\"inLanguage\":\"de\",\"@id\":\"https:\\\/\\\/www.lohschule-datteln.de\\\/#\\\/schema\\\/logo\\\/image\\\/\",\"url\":\"http:\\\/\\\/www.lohschule-datteln.de\\\/wp-content\\\/uploads\\\/2016\\\/02\\\/Loh-neu-2016.jpg\",\"contentUrl\":\"http:\\\/\\\/www.lohschule-datteln.de\\\/wp-content\\\/uploads\\\/2016\\\/02\\\/Loh-neu-2016.jpg\",\"width\":448,\"height\":252,\"caption\":\"Lohschule -katholische Grundschule Datteln\"},\"image\":{\"@id\":\"https:\\\/\\\/www.lohschule-datteln.de\\\/#\\\/schema\\\/logo\\\/image\\\/\"}}]}<\/script>\n<!-- \/ Yoast SEO plugin. -->","yoast_head_json":{"title":"Aktivit\u00e4ten - Lohschule Datteln","robots":{"index":"index","follow":"follow","max-snippet":"max-snippet:-1","max-image-preview":"max-image-preview:large","max-video-preview":"max-video-preview:-1"},"canonical":"https:\/\/www.lohschule-datteln.de\/index.php\/aktivitaeten\/","og_locale":"de_DE","og_type":"article","og_title":"Aktivit\u00e4ten - Lohschule Datteln","og_description":"Deckenflohmarkt Am Samstag, den 14.9.24, war es wieder soweit. Der j\u00e4hrliche Deckenflohmarkt fand auf dem vorderen Schulhof der Lohschule statt. Von 10 Uhr bis 13 Uhr hielten ungef\u00e4hr 30 Lohschulkinder aussortierte Spielzeuge und B\u00fccher f\u00fcr Interessierte bereit. Ein Team unseres Vereins bot f\u00fcr Besucher und Ausstellende Getr\u00e4nke und Waffeln an.\u00a0 Ein kleiner Einblick in Bildern: [&hellip;]","og_url":"https:\/\/www.lohschule-datteln.de\/index.php\/aktivitaeten\/","og_site_name":"Lohschule Datteln","article_modified_time":"2024-09-20T13:35:19+00:00","og_image":[{"url":"https:\/\/www.lohschule-datteln.de\/wp-content\/uploads\/2024\/09\/Screenshot-2024-09-04-174630.png","type":"","width":"","height":""}],"twitter_card":"summary_large_image","twitter_misc":{"Gesch\u00e4tzte Lesezeit":"4\u00a0Minuten"},"schema":{"@context":"https:\/\/schema.org","@graph":[{"@type":"WebPage","@id":"https:\/\/www.lohschule-datteln.de\/index.php\/aktivitaeten\/","url":"https:\/\/www.lohschule-datteln.de\/index.php\/aktivitaeten\/","name":"Aktivit\u00e4ten - Lohschule Datteln","isPartOf":{"@id":"https:\/\/www.lohschule-datteln.de\/#website"},"primaryImageOfPage":{"@id":"https:\/\/www.lohschule-datteln.de\/index.php\/aktivitaeten\/#primaryimage"},"image":{"@id":"https:\/\/www.lohschule-datteln.de\/index.php\/aktivitaeten\/#primaryimage"},"thumbnailUrl":"https:\/\/www.lohschule-datteln.de\/wp-content\/uploads\/2024\/09\/Screenshot-2024-09-04-174630.png","datePublished":"2016-03-16T14:58:43+00:00","dateModified":"2024-09-20T13:35:19+00:00","breadcrumb":{"@id":"https:\/\/www.lohschule-datteln.de\/index.php\/aktivitaeten\/#breadcrumb"},"inLanguage":"de","potentialAction":[{"@type":"ReadAction","target":["https:\/\/www.lohschule-datteln.de\/index.php\/aktivitaeten\/"]}]},{"@type":"ImageObject","inLanguage":"de","@id":"https:\/\/www.lohschule-datteln.de\/index.php\/aktivitaeten\/#primaryimage","url":"https:\/\/www.lohschule-datteln.de\/wp-content\/uploads\/2024\/09\/Screenshot-2024-09-04-174630.png","contentUrl":"https:\/\/www.lohschule-datteln.de\/wp-content\/uploads\/2024\/09\/Screenshot-2024-09-04-174630.png","width":492,"height":694},{"@type":"BreadcrumbList","@id":"https:\/\/www.lohschule-datteln.de\/index.php\/aktivitaeten\/#breadcrumb","itemListElement":[{"@type":"ListItem","position":1,"name":"Startseite","item":"https:\/\/www.lohschule-datteln.de\/"},{"@type":"ListItem","position":2,"name":"Aktivit\u00e4ten"}]},{"@type":"WebSite","@id":"https:\/\/www.lohschule-datteln.de\/#website","url":"https:\/\/www.lohschule-datteln.de\/","name":"Lohschule Datteln","description":"kath. Grundschule","publisher":{"@id":"https:\/\/www.lohschule-datteln.de\/#organization"},"potentialAction":[{"@type":"SearchAction","target":{"@type":"EntryPoint","urlTemplate":"https:\/\/www.lohschule-datteln.de\/?s={search_term_string}"},"query-input":{"@type":"PropertyValueSpecification","valueRequired":true,"valueName":"search_term_string"}}],"inLanguage":"de"},{"@type":"Organization","@id":"https:\/\/www.lohschule-datteln.de\/#organization","name":"Lohschule -katholische Grundschule Datteln","url":"https:\/\/www.lohschule-datteln.de\/","logo":{"@type":"ImageObject","inLanguage":"de","@id":"https:\/\/www.lohschule-datteln.de\/#\/schema\/logo\/image\/","url":"http:\/\/www.lohschule-datteln.de\/wp-content\/uploads\/2016\/02\/Loh-neu-2016.jpg","contentUrl":"http:\/\/www.lohschule-datteln.de\/wp-content\/uploads\/2016\/02\/Loh-neu-2016.jpg","width":448,"height":252,"caption":"Lohschule -katholische Grundschule Datteln"},"image":{"@id":"https:\/\/www.lohschule-datteln.de\/#\/schema\/logo\/image\/"}}]}},"_links":{"self":[{"href":"https:\/\/www.lohschule-datteln.de\/index.php\/wp-json\/wp\/v2\/pages\/376","targetHints":{"allow":["GET"]}}],"collection":[{"href":"https:\/\/www.lohschule-datteln.de\/index.php\/wp-json\/wp\/v2\/pages"}],"about":[{"href":"https:\/\/www.lohschule-datteln.de\/index.php\/wp-json\/wp\/v2\/types\/page"}],"author":[{"embeddable":true,"href":"https:\/\/www.lohschule-datteln.de\/index.php\/wp-json\/wp\/v2\/users\/3"}],"replies":[{"embeddable":true,"href":"https:\/\/www.lohschule-datteln.de\/index.php\/wp-json\/wp\/v2\/comments?post=376"}],"version-history":[{"count":86,"href":"https:\/\/www.lohschule-datteln.de\/index.php\/wp-json\/wp\/v2\/pages\/376\/revisions"}],"predecessor-version":[{"id":14188,"href":"https:\/\/www.lohschule-datteln.de\/index.php\/wp-json\/wp\/v2\/pages\/376\/revisions\/14188"}],"wp:attachment":[{"href":"https:\/\/www.lohschule-datteln.de\/index.php\/wp-json\/wp\/v2\/media?parent=376"}],"curies":[{"name":"wp","href":"https:\/\/api.w.org\/{rel}","templated":true}]}}