{"id":5694,"date":"2019-05-29T16:09:04","date_gmt":"2019-05-29T14:09:04","guid":{"rendered":"http:\/\/www.lohschule-datteln.de\/?page_id=5694"},"modified":"2019-07-01T22:14:51","modified_gmt":"2019-07-01T20:14:51","slug":"voelkerballturnier-2019","status":"publish","type":"page","link":"https:\/\/www.lohschule-datteln.de\/index.php\/voelkerballturnier-2019\/","title":{"rendered":"V\u00f6lkerballturnier 2019"},"content":{"rendered":"<h2>V\u00f6lkerballturnier &#8211; R\u00fcckblick<\/h2>\n<p><span style=\"color: #339966;\">Am Donnerstag, den 6. Juni, trat unser vierter Jahrgang in der Gustav-Adolf-Schul-Turnhalle mit weiteren neun Klassen zum diesj\u00e4hrigen Turnier an. Besonderheit: Alle f\u00fcnf Grundschulen hatten sich angemeldet. Toll!!<\/span><\/p>\n<p><span style=\"color: #339966;\">Da die Dattelner Grundschulen nicht gleichm\u00e4\u00dfig viele vierte Klassen haben, kann nicht um einen Schulpokal gespielt werden, sondern muss sich die Wertung auf die einzelne Klasse beziehen.<\/span><\/p>\n<p><span style=\"color: #339966;\">F\u00fcr unsere Sch\u00fcler hie\u00df es aber zun\u00e4chst einmal im gesamten Turnier: Spielt eine Mannschaft von UNS, also eine Lohschul- Mannschaft, dann feuern die Kids, die gerade nicht spielen, ihre Mitsch\u00fcler an. Das gab den Aktiven auf dem Feld sichtbar Schwung und machte auch den anfeuernden Kids h\u00f6rbar Spa\u00df.<\/span><\/p>\n<p><span style=\"color: #339966;\">Aber mal von Anfang an:<\/span><\/p>\n<p><span style=\"color: #339966;\">Bester Stimmung und sicherlich auch aufgeregt erschienen die Kinder am vereinbarten Ort, fanden schnell ihre Kabinen zum Umziehen oder Ablegen ihrer Sachen, und schon ging es in die Halle. Jede Klasse fand alsbald ihre \u201eWartereihe\u201c, und nachdem nach kleinem Verkehrschaos auch die Buskinder mit ihrer Begleitung eintrafen, begr\u00fc\u00dfte Frau Kritaras (Turnierleitung) alle und erkl\u00e4rte kurz den Ablauf des Turniers. Danach ging es auch schon los.<\/span><\/p>\n<p><span style=\"color: #339966;\">Die GAS-Turnhalle bot &#8211; im Gegensatz zu unserer kleinen Halle &#8211; die M\u00f6glichkeit, parallel zwei Spiele laufen zu lassen. So wurde der erste Teil des Turniers in zwei Gruppen, A und B mit jeweils sechs Klassen, gespielt. Nach f\u00fcnf Begegnungen f\u00fcr jede Klasse stand in den beiden Gruppen die Platzierung 1 bis 6 fest.<\/span><\/p>\n<p><img loading=\"lazy\" decoding=\"async\" class=\"aligncenter wp-image-5764\" src=\"https:\/\/www.lohschule-datteln.de\/wp-content\/uploads\/2019\/06\/IMG_0938-300x225.jpeg\" alt=\"\" width=\"400\" height=\"300\" \/><\/p>\n<p><span style=\"color: #339966;\">Nach einer Pause ging es dann in die Endrunde des Turniers. Die beiden Sechstplatzierten spielten um Platz 11, die F\u00fcnftplatzierten um Platz 9, und so ging es weiter, bis nur noch das Spiel um Platz 1 anstand.<\/span><\/p>\n<p><span style=\"color: #339966;\">\u201eFische\u201c und \u201eFr\u00f6sche\u201c hatten ihre Spiele bereits hinter sich &#8211; nat\u00fcrlich nicht, ohne von ihrer Jahrgangsstufe geb\u00fchrend angefeuert zu werden. Nun hie\u00df es, die \u201eDrachen\u201c zu unterst\u00fctzen. Alle nicht mehr spielenden Lohsch\u00fcler versammelten sich am Spielfeldrand. Nachdem die gegnerische Mannschaft und die Schiedsrichter begr\u00fc\u00dft worden waren, ging es auch schon los. Lange Zeit hielt es sich die Waage. Es waren immer \u00e4hnlich viele Kids im jeweiligen Au\u00dfenbereich, und bei beiden Mannschaften waren diese auch z\u00fcgig wieder auf dem Spielfeld. Beide Klassen schienen gleichstark zu sein. Doch dann, gef\u00fchlt im letzten Zeitdrittel, gelang es den Spielern der 4d (GAS) zunehmend mehr, die B\u00e4lle besser zu platzieren. So musste ein Kind der Drachenklasse nach dem anderen das Spielfeld gegen den Au\u00dfenbereich tauschen. Auch der Versuch der Feldspieler, den Ball zu fangen, war nur noch ab und an erfolgreich, wurde der Ball nun zu oft sehr schnell und mit \u201eSchmackes\u201c geworfen. Dann ert\u00f6nte der Schlusspfiff. Vorbei.<\/span><\/p>\n<p><span style=\"color: #339966;\">Aber eins steht fest: Die sichtlich entt\u00e4uschten \u201eDrachen\u201c haben bis zum Schluss gek\u00e4mpft, und \u201eFische\u201c und \u201eFr\u00f6sche\u201c waren bis zum Abpfiff an ihrer Seite und riefen \u201e4b, 4b\u201c oder \u201eLohschule, Lohschule\u201c.<\/span><\/p>\n<p><span style=\"color: #339966;\">Wie vor Beginn des Turniers, so setzten sich alle Sportler erneut in ihre \u201eKlassen-Wartereihen\u201c, um auf die Siegerehrung, und damit auch auf den Abschluss des Turniers, zu warten.<\/span><\/p>\n<p><span style=\"color: #339966;\">Frau Kritaras, von Frau Kaufmann unterst\u00fctzt (Turnierleitungsteam), verlas die Platzierung. Die Sprecher jeder Klasse erhielten eine Urkunde f\u00fcr ihre Klassen und stellten sich mit Urkunden und Pokal f\u00fcrs Zeitungsfoto auf.<\/span><\/p>\n\n<p><span style=\"color: #339966;\">Neben dem Pokal f\u00fcr die Gewinnerklasse gab es f\u00fcr die erst- und zweitplatzierten Klassen einen Softfu\u00dfball und zum Schluss f\u00fcr alle Teilnehmer noch einen Lolli.<\/span><\/p>\n<p><img loading=\"lazy\" decoding=\"async\" class=\"aligncenter wp-image-5763\" src=\"https:\/\/www.lohschule-datteln.de\/wp-content\/uploads\/2019\/06\/IMG_0939-1024x768.jpeg\" alt=\"\" width=\"400\" height=\"300\" \/><\/p>\n<p><span style=\"color: #339966;\">Aber es gab noch eine \u00dcberraschung:<\/span><\/p>\n<p><span style=\"color: #339966;\">Unsere \u201eDrachen\u201c und die Klasse 4b der ASS haben gleich viele Fairnesspunkte sammeln k\u00f6nnen und haben somit beide den Fairness-Pokal gewonnen.<\/span><\/p>\n\n<p style=\"text-align: center;\"><span style=\"color: #339966;\">HERZLICHEN GL\u00dcCKWUNSCH, 4b !!<\/span><\/p>\n<p style=\"text-align: center;\"><span style=\"color: #99cc00;\">********<\/span><\/p>\n<p style=\"text-align: center;\"><span style=\"color: #99cc00;\"><strong>Das Team des vierten Jahrgangs<\/strong><\/span><\/p>\n<p style=\"text-align: center;\"><span style=\"color: #99cc00;\"><strong> bedankt sich<\/strong><\/span><\/p>\n<p style=\"text-align: center;\"><span style=\"color: #99cc00;\"><strong>&#8211; auch im Namen der Lohsportler &#8211; <\/strong><\/span><\/p>\n<p style=\"text-align: center;\"><span style=\"color: #99cc00;\"><strong>beim Turnierleitungsteam,<\/strong><\/span><\/p>\n<p style=\"text-align: center;\"><span style=\"color: #99cc00;\"><strong> Frau Kritaras und Frau Kaufmann,<\/strong><\/span><\/p>\n<p style=\"text-align: center;\"><span style=\"color: #99cc00;\"><strong>f\u00fcr die tolle Organisation<\/strong><\/span><\/p>\n<p style=\"text-align: center;\"><span style=\"color: #99cc00;\"><strong> und<\/strong><\/span><\/p>\n<p style=\"text-align: center;\"><span style=\"color: #99cc00;\"><strong> den reibungslosen Ablauf<\/strong><\/span><\/p>\n<p style=\"text-align: center;\"><span style=\"color: #99cc00;\"><strong> des Turniers.<\/strong><\/span><\/p>\n<h2><\/h2>\n<h2>V\u00f6lkerballturnier der Dattelner Grundschulen &#8211; und alle machen mit \ud83d\ude42<\/h2>\n<p><span style=\"color: #808080;\">Am Donnerstag, den 6. Juni 2019, treffen sich alle vierten Jahrg\u00e4nge der Dattelner Grundschulen an der Gustav-Adolf-Schule, um das diesj\u00e4hrige Turnier durchzuf\u00fchren.<\/span><\/p>\n<p><span style=\"color: #808080;\">In den letzten Sportstunden haben wir uns mit den Turnierregeln besch\u00e4ftigt und auch schon probeweise Klasse gegen Klasse gespielt. Wir haben uns \u00fcber Fairness genauso unterhalten, wie \u00fcber die Begr\u00fc\u00dfung und Verabschiedung vor und nach einem Spiel.<\/span><\/p>\n<p><span style=\"color: #808080;\">Auch unsere Trikots bereiten sich nach einem Jahr in der Kunststoffkiste auf ihren Auftritt vor und nehmen dazu einen angenehmen Duft an:<\/span><\/p>\n<p><img loading=\"lazy\" decoding=\"async\" class=\"aligncenter wp-image-5697 size-medium\" src=\"https:\/\/www.lohschule-datteln.de\/wp-content\/uploads\/2019\/05\/IMG_0829-300x225.jpeg\" alt=\"\" width=\"300\" height=\"225\" \/><\/p>\n<p style=\"text-align: center;\"><span style=\"color: #99cc00;\">*********<\/span><\/p>\n<p><span style=\"color: #99cc00;\">An dieser Stelle sei der Ausrichter-Schule und insbesondere Frau Kritaras und Frau Kaufmann ein herzliches Dankesch\u00f6n gesagt, denn es muss an viele Dinge im Vorfeld gedacht werden. Ohne die entsprechende Organisation kann solch ein Turnier nicht stattfinden.<\/span><\/p>\n","protected":false},"excerpt":{"rendered":"<p>V\u00f6lkerballturnier &#8211; R\u00fcckblick Am Donnerstag, den 6. Juni, trat unser vierter Jahrgang in der Gustav-Adolf-Schul-Turnhalle mit weiteren neun Klassen zum diesj\u00e4hrigen Turnier an. Besonderheit: Alle f\u00fcnf Grundschulen hatten sich angemeldet. Toll!! Da die Dattelner Grundschulen nicht gleichm\u00e4\u00dfig viele vierte Klassen haben, kann nicht um einen Schulpokal gespielt werden, sondern muss sich die Wertung auf die [&hellip;]<\/p>\n","protected":false},"author":3,"featured_media":0,"parent":0,"menu_order":0,"comment_status":"closed","ping_status":"closed","template":"","meta":{"footnotes":""},"class_list":["post-5694","page","type-page","status-publish","hentry"],"yoast_head":"<!-- This site is optimized with the Yoast SEO plugin v27.6 - https:\/\/yoast.com\/product\/yoast-seo-wordpress\/ -->\n<title>V\u00f6lkerballturnier 2019 - Lohschule Datteln<\/title>\n<meta name=\"robots\" content=\"index, follow, max-snippet:-1, max-image-preview:large, max-video-preview:-1\" \/>\n<link rel=\"canonical\" href=\"https:\/\/www.lohschule-datteln.de\/index.php\/voelkerballturnier-2019\/\" \/>\n<meta property=\"og:locale\" content=\"de_DE\" \/>\n<meta property=\"og:type\" content=\"article\" \/>\n<meta property=\"og:title\" content=\"V\u00f6lkerballturnier 2019 - Lohschule Datteln\" \/>\n<meta property=\"og:description\" content=\"V\u00f6lkerballturnier &#8211; R\u00fcckblick Am Donnerstag, den 6. Juni, trat unser vierter Jahrgang in der Gustav-Adolf-Schul-Turnhalle mit weiteren neun Klassen zum diesj\u00e4hrigen Turnier an. Besonderheit: Alle f\u00fcnf Grundschulen hatten sich angemeldet. Toll!! Da die Dattelner Grundschulen nicht gleichm\u00e4\u00dfig viele vierte Klassen haben, kann nicht um einen Schulpokal gespielt werden, sondern muss sich die Wertung auf die [&hellip;]\" \/>\n<meta property=\"og:url\" content=\"https:\/\/www.lohschule-datteln.de\/index.php\/voelkerballturnier-2019\/\" \/>\n<meta property=\"og:site_name\" content=\"Lohschule Datteln\" \/>\n<meta property=\"article:modified_time\" content=\"2019-07-01T20:14:51+00:00\" \/>\n<meta property=\"og:image\" content=\"https:\/\/www.lohschule-datteln.de\/wp-content\/uploads\/2019\/06\/81998fce-282e-48eb-8206-1d8f433aeb38-186x300.jpeg\" \/>\n<meta name=\"twitter:card\" content=\"summary_large_image\" \/>\n<meta name=\"twitter:label1\" content=\"Gesch\u00e4tzte Lesezeit\" \/>\n\t<meta name=\"twitter:data1\" content=\"4\u00a0Minuten\" \/>\n<script type=\"application\/ld+json\" class=\"yoast-schema-graph\">{\"@context\":\"https:\\\/\\\/schema.org\",\"@graph\":[{\"@type\":\"WebPage\",\"@id\":\"https:\\\/\\\/www.lohschule-datteln.de\\\/index.php\\\/voelkerballturnier-2019\\\/\",\"url\":\"https:\\\/\\\/www.lohschule-datteln.de\\\/index.php\\\/voelkerballturnier-2019\\\/\",\"name\":\"V\u00f6lkerballturnier 2019 - Lohschule Datteln\",\"isPartOf\":{\"@id\":\"https:\\\/\\\/www.lohschule-datteln.de\\\/#website\"},\"primaryImageOfPage\":{\"@id\":\"https:\\\/\\\/www.lohschule-datteln.de\\\/index.php\\\/voelkerballturnier-2019\\\/#primaryimage\"},\"image\":{\"@id\":\"https:\\\/\\\/www.lohschule-datteln.de\\\/index.php\\\/voelkerballturnier-2019\\\/#primaryimage\"},\"thumbnailUrl\":\"http:\\\/\\\/www.lohschule-datteln.de\\\/wp-content\\\/uploads\\\/2019\\\/06\\\/IMG_0938-300x225.jpeg\",\"datePublished\":\"2019-05-29T14:09:04+00:00\",\"dateModified\":\"2019-07-01T20:14:51+00:00\",\"breadcrumb\":{\"@id\":\"https:\\\/\\\/www.lohschule-datteln.de\\\/index.php\\\/voelkerballturnier-2019\\\/#breadcrumb\"},\"inLanguage\":\"de\",\"potentialAction\":[{\"@type\":\"ReadAction\",\"target\":[\"https:\\\/\\\/www.lohschule-datteln.de\\\/index.php\\\/voelkerballturnier-2019\\\/\"]}]},{\"@type\":\"ImageObject\",\"inLanguage\":\"de\",\"@id\":\"https:\\\/\\\/www.lohschule-datteln.de\\\/index.php\\\/voelkerballturnier-2019\\\/#primaryimage\",\"url\":\"http:\\\/\\\/www.lohschule-datteln.de\\\/wp-content\\\/uploads\\\/2019\\\/06\\\/IMG_0938-300x225.jpeg\",\"contentUrl\":\"http:\\\/\\\/www.lohschule-datteln.de\\\/wp-content\\\/uploads\\\/2019\\\/06\\\/IMG_0938-300x225.jpeg\"},{\"@type\":\"BreadcrumbList\",\"@id\":\"https:\\\/\\\/www.lohschule-datteln.de\\\/index.php\\\/voelkerballturnier-2019\\\/#breadcrumb\",\"itemListElement\":[{\"@type\":\"ListItem\",\"position\":1,\"name\":\"Startseite\",\"item\":\"https:\\\/\\\/www.lohschule-datteln.de\\\/\"},{\"@type\":\"ListItem\",\"position\":2,\"name\":\"V\u00f6lkerballturnier 2019\"}]},{\"@type\":\"WebSite\",\"@id\":\"https:\\\/\\\/www.lohschule-datteln.de\\\/#website\",\"url\":\"https:\\\/\\\/www.lohschule-datteln.de\\\/\",\"name\":\"Lohschule Datteln\",\"description\":\"kath. Grundschule\",\"publisher\":{\"@id\":\"https:\\\/\\\/www.lohschule-datteln.de\\\/#organization\"},\"potentialAction\":[{\"@type\":\"SearchAction\",\"target\":{\"@type\":\"EntryPoint\",\"urlTemplate\":\"https:\\\/\\\/www.lohschule-datteln.de\\\/?s={search_term_string}\"},\"query-input\":{\"@type\":\"PropertyValueSpecification\",\"valueRequired\":true,\"valueName\":\"search_term_string\"}}],\"inLanguage\":\"de\"},{\"@type\":\"Organization\",\"@id\":\"https:\\\/\\\/www.lohschule-datteln.de\\\/#organization\",\"name\":\"Lohschule -katholische Grundschule Datteln\",\"url\":\"https:\\\/\\\/www.lohschule-datteln.de\\\/\",\"logo\":{\"@type\":\"ImageObject\",\"inLanguage\":\"de\",\"@id\":\"https:\\\/\\\/www.lohschule-datteln.de\\\/#\\\/schema\\\/logo\\\/image\\\/\",\"url\":\"http:\\\/\\\/www.lohschule-datteln.de\\\/wp-content\\\/uploads\\\/2016\\\/02\\\/Loh-neu-2016.jpg\",\"contentUrl\":\"http:\\\/\\\/www.lohschule-datteln.de\\\/wp-content\\\/uploads\\\/2016\\\/02\\\/Loh-neu-2016.jpg\",\"width\":448,\"height\":252,\"caption\":\"Lohschule -katholische Grundschule Datteln\"},\"image\":{\"@id\":\"https:\\\/\\\/www.lohschule-datteln.de\\\/#\\\/schema\\\/logo\\\/image\\\/\"}}]}<\/script>\n<!-- \/ Yoast SEO plugin. -->","yoast_head_json":{"title":"V\u00f6lkerballturnier 2019 - Lohschule Datteln","robots":{"index":"index","follow":"follow","max-snippet":"max-snippet:-1","max-image-preview":"max-image-preview:large","max-video-preview":"max-video-preview:-1"},"canonical":"https:\/\/www.lohschule-datteln.de\/index.php\/voelkerballturnier-2019\/","og_locale":"de_DE","og_type":"article","og_title":"V\u00f6lkerballturnier 2019 - Lohschule Datteln","og_description":"V\u00f6lkerballturnier &#8211; R\u00fcckblick Am Donnerstag, den 6. Juni, trat unser vierter Jahrgang in der Gustav-Adolf-Schul-Turnhalle mit weiteren neun Klassen zum diesj\u00e4hrigen Turnier an. Besonderheit: Alle f\u00fcnf Grundschulen hatten sich angemeldet. Toll!! Da die Dattelner Grundschulen nicht gleichm\u00e4\u00dfig viele vierte Klassen haben, kann nicht um einen Schulpokal gespielt werden, sondern muss sich die Wertung auf die [&hellip;]","og_url":"https:\/\/www.lohschule-datteln.de\/index.php\/voelkerballturnier-2019\/","og_site_name":"Lohschule Datteln","article_modified_time":"2019-07-01T20:14:51+00:00","og_image":[{"url":"https:\/\/www.lohschule-datteln.de\/wp-content\/uploads\/2019\/06\/81998fce-282e-48eb-8206-1d8f433aeb38-186x300.jpeg","type":"","width":"","height":""}],"twitter_card":"summary_large_image","twitter_misc":{"Gesch\u00e4tzte Lesezeit":"4\u00a0Minuten"},"schema":{"@context":"https:\/\/schema.org","@graph":[{"@type":"WebPage","@id":"https:\/\/www.lohschule-datteln.de\/index.php\/voelkerballturnier-2019\/","url":"https:\/\/www.lohschule-datteln.de\/index.php\/voelkerballturnier-2019\/","name":"V\u00f6lkerballturnier 2019 - Lohschule Datteln","isPartOf":{"@id":"https:\/\/www.lohschule-datteln.de\/#website"},"primaryImageOfPage":{"@id":"https:\/\/www.lohschule-datteln.de\/index.php\/voelkerballturnier-2019\/#primaryimage"},"image":{"@id":"https:\/\/www.lohschule-datteln.de\/index.php\/voelkerballturnier-2019\/#primaryimage"},"thumbnailUrl":"http:\/\/www.lohschule-datteln.de\/wp-content\/uploads\/2019\/06\/IMG_0938-300x225.jpeg","datePublished":"2019-05-29T14:09:04+00:00","dateModified":"2019-07-01T20:14:51+00:00","breadcrumb":{"@id":"https:\/\/www.lohschule-datteln.de\/index.php\/voelkerballturnier-2019\/#breadcrumb"},"inLanguage":"de","potentialAction":[{"@type":"ReadAction","target":["https:\/\/www.lohschule-datteln.de\/index.php\/voelkerballturnier-2019\/"]}]},{"@type":"ImageObject","inLanguage":"de","@id":"https:\/\/www.lohschule-datteln.de\/index.php\/voelkerballturnier-2019\/#primaryimage","url":"http:\/\/www.lohschule-datteln.de\/wp-content\/uploads\/2019\/06\/IMG_0938-300x225.jpeg","contentUrl":"http:\/\/www.lohschule-datteln.de\/wp-content\/uploads\/2019\/06\/IMG_0938-300x225.jpeg"},{"@type":"BreadcrumbList","@id":"https:\/\/www.lohschule-datteln.de\/index.php\/voelkerballturnier-2019\/#breadcrumb","itemListElement":[{"@type":"ListItem","position":1,"name":"Startseite","item":"https:\/\/www.lohschule-datteln.de\/"},{"@type":"ListItem","position":2,"name":"V\u00f6lkerballturnier 2019"}]},{"@type":"WebSite","@id":"https:\/\/www.lohschule-datteln.de\/#website","url":"https:\/\/www.lohschule-datteln.de\/","name":"Lohschule Datteln","description":"kath. Grundschule","publisher":{"@id":"https:\/\/www.lohschule-datteln.de\/#organization"},"potentialAction":[{"@type":"SearchAction","target":{"@type":"EntryPoint","urlTemplate":"https:\/\/www.lohschule-datteln.de\/?s={search_term_string}"},"query-input":{"@type":"PropertyValueSpecification","valueRequired":true,"valueName":"search_term_string"}}],"inLanguage":"de"},{"@type":"Organization","@id":"https:\/\/www.lohschule-datteln.de\/#organization","name":"Lohschule -katholische Grundschule Datteln","url":"https:\/\/www.lohschule-datteln.de\/","logo":{"@type":"ImageObject","inLanguage":"de","@id":"https:\/\/www.lohschule-datteln.de\/#\/schema\/logo\/image\/","url":"http:\/\/www.lohschule-datteln.de\/wp-content\/uploads\/2016\/02\/Loh-neu-2016.jpg","contentUrl":"http:\/\/www.lohschule-datteln.de\/wp-content\/uploads\/2016\/02\/Loh-neu-2016.jpg","width":448,"height":252,"caption":"Lohschule -katholische Grundschule Datteln"},"image":{"@id":"https:\/\/www.lohschule-datteln.de\/#\/schema\/logo\/image\/"}}]}},"_links":{"self":[{"href":"https:\/\/www.lohschule-datteln.de\/index.php\/wp-json\/wp\/v2\/pages\/5694","targetHints":{"allow":["GET"]}}],"collection":[{"href":"https:\/\/www.lohschule-datteln.de\/index.php\/wp-json\/wp\/v2\/pages"}],"about":[{"href":"https:\/\/www.lohschule-datteln.de\/index.php\/wp-json\/wp\/v2\/types\/page"}],"author":[{"embeddable":true,"href":"https:\/\/www.lohschule-datteln.de\/index.php\/wp-json\/wp\/v2\/users\/3"}],"replies":[{"embeddable":true,"href":"https:\/\/www.lohschule-datteln.de\/index.php\/wp-json\/wp\/v2\/comments?post=5694"}],"version-history":[{"count":34,"href":"https:\/\/www.lohschule-datteln.de\/index.php\/wp-json\/wp\/v2\/pages\/5694\/revisions"}],"predecessor-version":[{"id":5985,"href":"https:\/\/www.lohschule-datteln.de\/index.php\/wp-json\/wp\/v2\/pages\/5694\/revisions\/5985"}],"wp:attachment":[{"href":"https:\/\/www.lohschule-datteln.de\/index.php\/wp-json\/wp\/v2\/media?parent=5694"}],"curies":[{"name":"wp","href":"https:\/\/api.w.org\/{rel}","templated":true}]}}