{"id":6508,"date":"2019-10-11T16:05:14","date_gmt":"2019-10-11T14:05:14","guid":{"rendered":"http:\/\/www.lohschule-datteln.de\/?page_id=6508"},"modified":"2019-10-11T17:58:11","modified_gmt":"2019-10-11T15:58:11","slug":"neuer-pfarrer","status":"publish","type":"page","link":"https:\/\/www.lohschule-datteln.de\/index.php\/neuer-pfarrer\/","title":{"rendered":"Unser neuer Pfarrer"},"content":{"rendered":"<h2>Herzliche Begr\u00fc\u00dfung unseres neuen Pfarrers an unserer Lohschule<span class=\"apple-converted-space\">&nbsp;<\/span><\/h2>\n<p><span style=\"color: #808080;\">Wir freuen uns sehr dar\u00fcber, dass wir unseren neuen Pfarrer Heinrich Pla\u00dfmann am heutigen Donnerstag, 10.10.19, an unserer Lohschule im Rahmen der Fachkonferenz Religion begr\u00fc\u00dfen durften. So begr\u00fc\u00dfte Frau Kartschewski<span class=\"apple-converted-space\">&nbsp;<\/span>als Konrektorin und zugleich als Vorsitzende der Fachkonferenz Religion<span class=\"apple-converted-space\">&nbsp;<\/span>zu Beginn der Fachkonferenz<span class=\"apple-converted-space\">&nbsp;<\/span>Pfarrer Pla\u00dfmannn<span class=\"apple-converted-space\">&nbsp;<\/span>mit einem Blumengru\u00df und richtete dabei<span class=\"apple-converted-space\">&nbsp;<\/span>viele liebe Gr\u00fc\u00dfe von unserer Schulleiterin Frau Schneider und der gesamten Schulgemeinde aus.&nbsp;<\/span><\/p>\n<p><span style=\"color: #808080;\">Im Rahmen der Fachkonferenz entwickelte sich sofort eine tolle, sehr kooperative und f\u00fcr alle gewinnbringende Atmosph\u00e4re. Daf\u00fcr danken wir Ihnen, lieber Pfarrer Pla\u00dfmann, und w\u00fcnschen Ihnen von Herzen, dass Sie sich in der Gemeinde gut einleben und wohl f\u00fchlen!!!<span class=\"apple-converted-space\">&nbsp;<\/span><\/span><\/p>\n<p><span style=\"color: #808080;\">Wir freuen uns nun schon auf die kommenden Schulgottesdienste in diesem Schuljahr, zu denen auch Sie, liebe Eltern, ganz herzlich eingeladen sind! Die Termine sowie die Uhrzeit f\u00fcr unsere Schulgottesdienste k\u00f6nnen Sie in K\u00fcrze unserer Website entnehmen.<\/span><\/p>\n\n\n<div class=\"wp-block-image\"><figure class=\"alignleft\"><img loading=\"lazy\" decoding=\"async\" width=\"500\" height=\"375\" src=\"https:\/\/www.lohschule-datteln.de\/wp-content\/uploads\/2019\/10\/Pfarrer.jpg\" alt=\"\" class=\"wp-image-6516\" srcset=\"https:\/\/www.lohschule-datteln.de\/wp-content\/uploads\/2019\/10\/Pfarrer.jpg 500w, https:\/\/www.lohschule-datteln.de\/wp-content\/uploads\/2019\/10\/Pfarrer-300x225.jpg 300w\" sizes=\"auto, (max-width: 500px) 100vw, 500px\" \/><figcaption>Fotoquelle: Dattelner Morgenpost<\/figcaption><\/figure><\/div>\n","protected":false},"excerpt":{"rendered":"<p>Herzliche Begr\u00fc\u00dfung unseres neuen Pfarrers an unserer Lohschule&nbsp; Wir freuen uns sehr dar\u00fcber, dass wir unseren neuen Pfarrer Heinrich Pla\u00dfmann am heutigen Donnerstag, 10.10.19, an unserer Lohschule im Rahmen der Fachkonferenz Religion begr\u00fc\u00dfen durften. So begr\u00fc\u00dfte Frau Kartschewski&nbsp;als Konrektorin und zugleich als Vorsitzende der Fachkonferenz Religion&nbsp;zu Beginn der Fachkonferenz&nbsp;Pfarrer Pla\u00dfmannn&nbsp;mit einem Blumengru\u00df und richtete dabei&nbsp;viele [&hellip;]<\/p>\n","protected":false},"author":3,"featured_media":0,"parent":0,"menu_order":0,"comment_status":"closed","ping_status":"closed","template":"","meta":{"footnotes":""},"class_list":["post-6508","page","type-page","status-publish","hentry"],"yoast_head":"<!-- This site is optimized with the Yoast SEO plugin v27.6 - https:\/\/yoast.com\/product\/yoast-seo-wordpress\/ -->\n<title>Unser neuer Pfarrer - Lohschule Datteln<\/title>\n<meta name=\"robots\" content=\"index, follow, max-snippet:-1, max-image-preview:large, max-video-preview:-1\" \/>\n<link rel=\"canonical\" href=\"https:\/\/www.lohschule-datteln.de\/index.php\/neuer-pfarrer\/\" \/>\n<meta property=\"og:locale\" content=\"de_DE\" \/>\n<meta property=\"og:type\" content=\"article\" \/>\n<meta property=\"og:title\" content=\"Unser neuer Pfarrer - Lohschule Datteln\" \/>\n<meta property=\"og:description\" content=\"Herzliche Begr\u00fc\u00dfung unseres neuen Pfarrers an unserer Lohschule&nbsp; Wir freuen uns sehr dar\u00fcber, dass wir unseren neuen Pfarrer Heinrich Pla\u00dfmann am heutigen Donnerstag, 10.10.19, an unserer Lohschule im Rahmen der Fachkonferenz Religion begr\u00fc\u00dfen durften. So begr\u00fc\u00dfte Frau Kartschewski&nbsp;als Konrektorin und zugleich als Vorsitzende der Fachkonferenz Religion&nbsp;zu Beginn der Fachkonferenz&nbsp;Pfarrer Pla\u00dfmannn&nbsp;mit einem Blumengru\u00df und richtete dabei&nbsp;viele [&hellip;]\" \/>\n<meta property=\"og:url\" content=\"https:\/\/www.lohschule-datteln.de\/index.php\/neuer-pfarrer\/\" \/>\n<meta property=\"og:site_name\" content=\"Lohschule Datteln\" \/>\n<meta property=\"article:modified_time\" content=\"2019-10-11T15:58:11+00:00\" \/>\n<meta property=\"og:image\" content=\"http:\/\/www.lohschule-datteln.de\/wp-content\/uploads\/2019\/10\/Pfarrer.jpg\" \/>\n<meta name=\"twitter:card\" content=\"summary_large_image\" \/>\n<meta name=\"twitter:label1\" content=\"Gesch\u00e4tzte Lesezeit\" \/>\n\t<meta name=\"twitter:data1\" content=\"1\u00a0Minute\" \/>\n<script type=\"application\/ld+json\" class=\"yoast-schema-graph\">{\"@context\":\"https:\\\/\\\/schema.org\",\"@graph\":[{\"@type\":\"WebPage\",\"@id\":\"https:\\\/\\\/www.lohschule-datteln.de\\\/index.php\\\/neuer-pfarrer\\\/\",\"url\":\"https:\\\/\\\/www.lohschule-datteln.de\\\/index.php\\\/neuer-pfarrer\\\/\",\"name\":\"Unser neuer Pfarrer - Lohschule Datteln\",\"isPartOf\":{\"@id\":\"https:\\\/\\\/www.lohschule-datteln.de\\\/#website\"},\"primaryImageOfPage\":{\"@id\":\"https:\\\/\\\/www.lohschule-datteln.de\\\/index.php\\\/neuer-pfarrer\\\/#primaryimage\"},\"image\":{\"@id\":\"https:\\\/\\\/www.lohschule-datteln.de\\\/index.php\\\/neuer-pfarrer\\\/#primaryimage\"},\"thumbnailUrl\":\"http:\\\/\\\/www.lohschule-datteln.de\\\/wp-content\\\/uploads\\\/2019\\\/10\\\/Pfarrer.jpg\",\"datePublished\":\"2019-10-11T14:05:14+00:00\",\"dateModified\":\"2019-10-11T15:58:11+00:00\",\"breadcrumb\":{\"@id\":\"https:\\\/\\\/www.lohschule-datteln.de\\\/index.php\\\/neuer-pfarrer\\\/#breadcrumb\"},\"inLanguage\":\"de\",\"potentialAction\":[{\"@type\":\"ReadAction\",\"target\":[\"https:\\\/\\\/www.lohschule-datteln.de\\\/index.php\\\/neuer-pfarrer\\\/\"]}]},{\"@type\":\"ImageObject\",\"inLanguage\":\"de\",\"@id\":\"https:\\\/\\\/www.lohschule-datteln.de\\\/index.php\\\/neuer-pfarrer\\\/#primaryimage\",\"url\":\"http:\\\/\\\/www.lohschule-datteln.de\\\/wp-content\\\/uploads\\\/2019\\\/10\\\/Pfarrer.jpg\",\"contentUrl\":\"http:\\\/\\\/www.lohschule-datteln.de\\\/wp-content\\\/uploads\\\/2019\\\/10\\\/Pfarrer.jpg\"},{\"@type\":\"BreadcrumbList\",\"@id\":\"https:\\\/\\\/www.lohschule-datteln.de\\\/index.php\\\/neuer-pfarrer\\\/#breadcrumb\",\"itemListElement\":[{\"@type\":\"ListItem\",\"position\":1,\"name\":\"Startseite\",\"item\":\"https:\\\/\\\/www.lohschule-datteln.de\\\/\"},{\"@type\":\"ListItem\",\"position\":2,\"name\":\"Unser neuer Pfarrer\"}]},{\"@type\":\"WebSite\",\"@id\":\"https:\\\/\\\/www.lohschule-datteln.de\\\/#website\",\"url\":\"https:\\\/\\\/www.lohschule-datteln.de\\\/\",\"name\":\"Lohschule Datteln\",\"description\":\"kath. Grundschule\",\"publisher\":{\"@id\":\"https:\\\/\\\/www.lohschule-datteln.de\\\/#organization\"},\"potentialAction\":[{\"@type\":\"SearchAction\",\"target\":{\"@type\":\"EntryPoint\",\"urlTemplate\":\"https:\\\/\\\/www.lohschule-datteln.de\\\/?s={search_term_string}\"},\"query-input\":{\"@type\":\"PropertyValueSpecification\",\"valueRequired\":true,\"valueName\":\"search_term_string\"}}],\"inLanguage\":\"de\"},{\"@type\":\"Organization\",\"@id\":\"https:\\\/\\\/www.lohschule-datteln.de\\\/#organization\",\"name\":\"Lohschule -katholische Grundschule Datteln\",\"url\":\"https:\\\/\\\/www.lohschule-datteln.de\\\/\",\"logo\":{\"@type\":\"ImageObject\",\"inLanguage\":\"de\",\"@id\":\"https:\\\/\\\/www.lohschule-datteln.de\\\/#\\\/schema\\\/logo\\\/image\\\/\",\"url\":\"http:\\\/\\\/www.lohschule-datteln.de\\\/wp-content\\\/uploads\\\/2016\\\/02\\\/Loh-neu-2016.jpg\",\"contentUrl\":\"http:\\\/\\\/www.lohschule-datteln.de\\\/wp-content\\\/uploads\\\/2016\\\/02\\\/Loh-neu-2016.jpg\",\"width\":448,\"height\":252,\"caption\":\"Lohschule -katholische Grundschule Datteln\"},\"image\":{\"@id\":\"https:\\\/\\\/www.lohschule-datteln.de\\\/#\\\/schema\\\/logo\\\/image\\\/\"}}]}<\/script>\n<!-- \/ Yoast SEO plugin. -->","yoast_head_json":{"title":"Unser neuer Pfarrer - Lohschule Datteln","robots":{"index":"index","follow":"follow","max-snippet":"max-snippet:-1","max-image-preview":"max-image-preview:large","max-video-preview":"max-video-preview:-1"},"canonical":"https:\/\/www.lohschule-datteln.de\/index.php\/neuer-pfarrer\/","og_locale":"de_DE","og_type":"article","og_title":"Unser neuer Pfarrer - Lohschule Datteln","og_description":"Herzliche Begr\u00fc\u00dfung unseres neuen Pfarrers an unserer Lohschule&nbsp; Wir freuen uns sehr dar\u00fcber, dass wir unseren neuen Pfarrer Heinrich Pla\u00dfmann am heutigen Donnerstag, 10.10.19, an unserer Lohschule im Rahmen der Fachkonferenz Religion begr\u00fc\u00dfen durften. So begr\u00fc\u00dfte Frau Kartschewski&nbsp;als Konrektorin und zugleich als Vorsitzende der Fachkonferenz Religion&nbsp;zu Beginn der Fachkonferenz&nbsp;Pfarrer Pla\u00dfmannn&nbsp;mit einem Blumengru\u00df und richtete dabei&nbsp;viele [&hellip;]","og_url":"https:\/\/www.lohschule-datteln.de\/index.php\/neuer-pfarrer\/","og_site_name":"Lohschule Datteln","article_modified_time":"2019-10-11T15:58:11+00:00","og_image":[{"url":"http:\/\/www.lohschule-datteln.de\/wp-content\/uploads\/2019\/10\/Pfarrer.jpg","type":"","width":"","height":""}],"twitter_card":"summary_large_image","twitter_misc":{"Gesch\u00e4tzte Lesezeit":"1\u00a0Minute"},"schema":{"@context":"https:\/\/schema.org","@graph":[{"@type":"WebPage","@id":"https:\/\/www.lohschule-datteln.de\/index.php\/neuer-pfarrer\/","url":"https:\/\/www.lohschule-datteln.de\/index.php\/neuer-pfarrer\/","name":"Unser neuer Pfarrer - Lohschule Datteln","isPartOf":{"@id":"https:\/\/www.lohschule-datteln.de\/#website"},"primaryImageOfPage":{"@id":"https:\/\/www.lohschule-datteln.de\/index.php\/neuer-pfarrer\/#primaryimage"},"image":{"@id":"https:\/\/www.lohschule-datteln.de\/index.php\/neuer-pfarrer\/#primaryimage"},"thumbnailUrl":"http:\/\/www.lohschule-datteln.de\/wp-content\/uploads\/2019\/10\/Pfarrer.jpg","datePublished":"2019-10-11T14:05:14+00:00","dateModified":"2019-10-11T15:58:11+00:00","breadcrumb":{"@id":"https:\/\/www.lohschule-datteln.de\/index.php\/neuer-pfarrer\/#breadcrumb"},"inLanguage":"de","potentialAction":[{"@type":"ReadAction","target":["https:\/\/www.lohschule-datteln.de\/index.php\/neuer-pfarrer\/"]}]},{"@type":"ImageObject","inLanguage":"de","@id":"https:\/\/www.lohschule-datteln.de\/index.php\/neuer-pfarrer\/#primaryimage","url":"http:\/\/www.lohschule-datteln.de\/wp-content\/uploads\/2019\/10\/Pfarrer.jpg","contentUrl":"http:\/\/www.lohschule-datteln.de\/wp-content\/uploads\/2019\/10\/Pfarrer.jpg"},{"@type":"BreadcrumbList","@id":"https:\/\/www.lohschule-datteln.de\/index.php\/neuer-pfarrer\/#breadcrumb","itemListElement":[{"@type":"ListItem","position":1,"name":"Startseite","item":"https:\/\/www.lohschule-datteln.de\/"},{"@type":"ListItem","position":2,"name":"Unser neuer Pfarrer"}]},{"@type":"WebSite","@id":"https:\/\/www.lohschule-datteln.de\/#website","url":"https:\/\/www.lohschule-datteln.de\/","name":"Lohschule Datteln","description":"kath. Grundschule","publisher":{"@id":"https:\/\/www.lohschule-datteln.de\/#organization"},"potentialAction":[{"@type":"SearchAction","target":{"@type":"EntryPoint","urlTemplate":"https:\/\/www.lohschule-datteln.de\/?s={search_term_string}"},"query-input":{"@type":"PropertyValueSpecification","valueRequired":true,"valueName":"search_term_string"}}],"inLanguage":"de"},{"@type":"Organization","@id":"https:\/\/www.lohschule-datteln.de\/#organization","name":"Lohschule -katholische Grundschule Datteln","url":"https:\/\/www.lohschule-datteln.de\/","logo":{"@type":"ImageObject","inLanguage":"de","@id":"https:\/\/www.lohschule-datteln.de\/#\/schema\/logo\/image\/","url":"http:\/\/www.lohschule-datteln.de\/wp-content\/uploads\/2016\/02\/Loh-neu-2016.jpg","contentUrl":"http:\/\/www.lohschule-datteln.de\/wp-content\/uploads\/2016\/02\/Loh-neu-2016.jpg","width":448,"height":252,"caption":"Lohschule -katholische Grundschule Datteln"},"image":{"@id":"https:\/\/www.lohschule-datteln.de\/#\/schema\/logo\/image\/"}}]}},"_links":{"self":[{"href":"https:\/\/www.lohschule-datteln.de\/index.php\/wp-json\/wp\/v2\/pages\/6508","targetHints":{"allow":["GET"]}}],"collection":[{"href":"https:\/\/www.lohschule-datteln.de\/index.php\/wp-json\/wp\/v2\/pages"}],"about":[{"href":"https:\/\/www.lohschule-datteln.de\/index.php\/wp-json\/wp\/v2\/types\/page"}],"author":[{"embeddable":true,"href":"https:\/\/www.lohschule-datteln.de\/index.php\/wp-json\/wp\/v2\/users\/3"}],"replies":[{"embeddable":true,"href":"https:\/\/www.lohschule-datteln.de\/index.php\/wp-json\/wp\/v2\/comments?post=6508"}],"version-history":[{"count":9,"href":"https:\/\/www.lohschule-datteln.de\/index.php\/wp-json\/wp\/v2\/pages\/6508\/revisions"}],"predecessor-version":[{"id":6520,"href":"https:\/\/www.lohschule-datteln.de\/index.php\/wp-json\/wp\/v2\/pages\/6508\/revisions\/6520"}],"wp:attachment":[{"href":"https:\/\/www.lohschule-datteln.de\/index.php\/wp-json\/wp\/v2\/media?parent=6508"}],"curies":[{"name":"wp","href":"https:\/\/api.w.org\/{rel}","templated":true}]}}