{"id":6678,"date":"2019-11-29T21:42:09","date_gmt":"2019-11-29T20:42:09","guid":{"rendered":"http:\/\/www.lohschule-datteln.de\/?page_id=6678"},"modified":"2019-12-08T19:57:04","modified_gmt":"2019-12-08T18:57:04","slug":"adventsbasteln-2019","status":"publish","type":"page","link":"https:\/\/www.lohschule-datteln.de\/index.php\/adventsbasteln-2019\/","title":{"rendered":"Adventsbasteln 2019"},"content":{"rendered":"\n<h2 class=\"wp-block-heading\">&#8222;Alle Jahre wieder&#8230;&#8220;<\/h2>\n\n\n<p><span style=\"color: #339966;\">Am Bastelmorgen begr\u00fc\u00dfte uns auch in diesem Jahr wieder adventliche Musik&nbsp;im Haupttreppenhaus. Alle Eltern oder ihre Vertreter waren herzlich eingeladen, die Kinder beim Basteln zu unterst\u00fctzen. In den Klassenr\u00e4umen standen die ben\u00f6tigten Materialien bereit und warteten auf den Schulbeginn.<\/span><\/p>\n<p><span style=\"color: #339966;\">Zwei, drei Stunden wurde gebastelt, was bunte Pappe, Schere, Klebe und manch anderes Material hergaben. Hier und da konnten Pl\u00e4tzchen genascht werden, und vielleicht war auch mal Kaffeeduft zu schnuppern. Auf alle F\u00e4lle wurden im Laufe des Vormittags Klassenfenster, Glast\u00fcren der Flure und Adventsgirlanden in den Klassenr\u00e4umen vorweihnachtlich geschm\u00fcckt.<\/span><\/p>\n<p><span style=\"color: #339966;\">Am Ende des Vormittags deutete alles daraufhin:<\/span><\/p>\n<p><span style=\"color: #339966;\">Die Lohschule ist auf die Adventszeit vorbereitet. &nbsp;<\/span><\/p>\n<p><span style=\"color: #800000;\">Toll, dass viele Eltern <strong><em>oder ihre Vertreter<\/em><\/strong> die Kinder unterst\u00fctzen konnten!<\/span><\/p>\n<p><span style=\"color: #800000;\">Ohne Ihre Hilfe w\u00e4re manch eine Bastelei nicht oder nur erschwert m\u00f6glich gewesen.<\/span><\/p>\n<p><strong><span style=\"color: #339966;\">Die Bastelprodukte: Erste Eindr\u00fccke<\/span><\/strong><\/p>\n\n\n<ul class=\"wp-block-gallery columns-2 is-cropped wp-block-gallery-1 is-layout-flex wp-block-gallery-is-layout-flex\"><li class=\"blocks-gallery-item\"><figure><img decoding=\"async\" src=\"https:\/\/www.lohschule-datteln.de\/wp-content\/uploads\/2019\/11\/3bBas3.jpeg\" alt=\"\" data-id=\"6697\" data-link=\"https:\/\/www.lohschule-datteln.de\/index.php\/adventsbasteln-2019\/3bbas3\/\" class=\"wp-image-6697\"\/><\/figure><\/li><li class=\"blocks-gallery-item\"><figure><img decoding=\"async\" src=\"https:\/\/www.lohschule-datteln.de\/wp-content\/uploads\/2019\/11\/3bBas4.jpeg\" alt=\"\" data-id=\"6698\" data-link=\"https:\/\/www.lohschule-datteln.de\/index.php\/adventsbasteln-2019\/3bbas4\/\" class=\"wp-image-6698\"\/><\/figure><\/li><\/ul>\n\n\n\n<ul class=\"wp-block-gallery columns-2 is-cropped wp-block-gallery-2 is-layout-flex wp-block-gallery-is-layout-flex\"><li class=\"blocks-gallery-item\"><figure><img decoding=\"async\" src=\"https:\/\/www.lohschule-datteln.de\/wp-content\/uploads\/2019\/11\/3b-Bas1.jpeg\" alt=\"\" data-id=\"6695\" data-link=\"https:\/\/www.lohschule-datteln.de\/index.php\/adventsbasteln-2019\/3b-bas1\/\" class=\"wp-image-6695\"\/><\/figure><\/li><li class=\"blocks-gallery-item\"><figure><img decoding=\"async\" src=\"https:\/\/www.lohschule-datteln.de\/wp-content\/uploads\/2019\/11\/3bBas2.jpeg\" alt=\"\" data-id=\"6696\" data-link=\"https:\/\/www.lohschule-datteln.de\/index.php\/adventsbasteln-2019\/3bbas2\/\" class=\"wp-image-6696\"\/><\/figure><\/li><\/ul>\n\n\n\n<ul class=\"wp-block-gallery columns-2 is-cropped wp-block-gallery-3 is-layout-flex wp-block-gallery-is-layout-flex\"><li class=\"blocks-gallery-item\"><figure><img decoding=\"async\" src=\"https:\/\/www.lohschule-datteln.de\/wp-content\/uploads\/2019\/11\/3cBas5.jpg\" alt=\"\" data-id=\"6699\" data-link=\"https:\/\/www.lohschule-datteln.de\/index.php\/adventsbasteln-2019\/3cbas5\/\" class=\"wp-image-6699\"\/><\/figure><\/li><li class=\"blocks-gallery-item\"><figure><img decoding=\"async\" src=\"https:\/\/www.lohschule-datteln.de\/wp-content\/uploads\/2019\/11\/3cBas4.jpg\" alt=\"\" data-id=\"6700\" data-link=\"https:\/\/www.lohschule-datteln.de\/index.php\/adventsbasteln-2019\/3cbas4\/\" class=\"wp-image-6700\"\/><\/figure><\/li><\/ul>\n\n\n\n<ul class=\"wp-block-gallery columns-2 is-cropped wp-block-gallery-4 is-layout-flex wp-block-gallery-is-layout-flex\"><li class=\"blocks-gallery-item\"><figure><img decoding=\"async\" src=\"https:\/\/www.lohschule-datteln.de\/wp-content\/uploads\/2019\/11\/3cBas3.jpg\" alt=\"\" data-id=\"6701\" data-link=\"https:\/\/www.lohschule-datteln.de\/index.php\/adventsbasteln-2019\/3cbas3\/\" class=\"wp-image-6701\"\/><\/figure><\/li><li class=\"blocks-gallery-item\"><figure><img decoding=\"async\" src=\"https:\/\/www.lohschule-datteln.de\/wp-content\/uploads\/2019\/11\/3cBas1.jpg\" alt=\"\" data-id=\"6702\" data-link=\"https:\/\/www.lohschule-datteln.de\/index.php\/adventsbasteln-2019\/3cbas1\/\" class=\"wp-image-6702\"\/><\/figure><\/li><\/ul>\n\n\n\n<ul class=\"wp-block-gallery columns-2 is-cropped wp-block-gallery-5 is-layout-flex wp-block-gallery-is-layout-flex\"><li class=\"blocks-gallery-item\"><figure><img decoding=\"async\" src=\"https:\/\/www.lohschule-datteln.de\/wp-content\/uploads\/2019\/11\/3cBas2.jpg\" alt=\"\" data-id=\"6703\" data-link=\"https:\/\/www.lohschule-datteln.de\/index.php\/adventsbasteln-2019\/3cbas2\/\" class=\"wp-image-6703\"\/><\/figure><\/li><li class=\"blocks-gallery-item\"><figure><img decoding=\"async\" src=\"https:\/\/www.lohschule-datteln.de\/wp-content\/uploads\/2019\/11\/4aBas1.jpg\" alt=\"\" data-id=\"6704\" data-link=\"https:\/\/www.lohschule-datteln.de\/index.php\/adventsbasteln-2019\/4abas1\/\" class=\"wp-image-6704\"\/><\/figure><\/li><\/ul>\n\n\n\n<ul class=\"wp-block-gallery columns-3 is-cropped wp-block-gallery-6 is-layout-flex wp-block-gallery-is-layout-flex\"><li class=\"blocks-gallery-item\"><figure><img decoding=\"async\" src=\"https:\/\/www.lohschule-datteln.de\/wp-content\/uploads\/2019\/12\/1aadvbas1.jpeg\" alt=\"\" data-id=\"6734\" data-link=\"https:\/\/www.lohschule-datteln.de\/index.php\/adventsbasteln-2019\/1aadvbas1\/\" class=\"wp-image-6734\"\/><\/figure><\/li><li class=\"blocks-gallery-item\"><figure><img decoding=\"async\" src=\"https:\/\/www.lohschule-datteln.de\/wp-content\/uploads\/2019\/12\/1aadvbas2.jpeg\" alt=\"\" data-id=\"6735\" data-link=\"https:\/\/www.lohschule-datteln.de\/index.php\/adventsbasteln-2019\/1aadvbas2\/\" class=\"wp-image-6735\"\/><\/figure><\/li><li class=\"blocks-gallery-item\"><figure><img decoding=\"async\" src=\"https:\/\/www.lohschule-datteln.de\/wp-content\/uploads\/2019\/12\/1aadvbas3.jpeg\" alt=\"\" data-id=\"6736\" data-link=\"https:\/\/www.lohschule-datteln.de\/index.php\/adventsbasteln-2019\/1aadvbas3\/\" class=\"wp-image-6736\"\/><\/figure><\/li><\/ul>\n\n\n\n<p>Kleiner Eindruck vom Basteln:<\/p>\n\n\n\n<ul class=\"wp-block-gallery columns-3 is-cropped wp-block-gallery-7 is-layout-flex wp-block-gallery-is-layout-flex\"><li class=\"blocks-gallery-item\"><figure><img decoding=\"async\" src=\"https:\/\/www.lohschule-datteln.de\/wp-content\/uploads\/2019\/11\/3bBas5.jpeg\" alt=\"\" data-id=\"6706\" data-link=\"https:\/\/www.lohschule-datteln.de\/index.php\/adventsbasteln-2019\/3bbas5\/\" class=\"wp-image-6706\"\/><\/figure><\/li><li class=\"blocks-gallery-item\"><figure><img decoding=\"async\" src=\"https:\/\/www.lohschule-datteln.de\/wp-content\/uploads\/2019\/11\/3bBas6.jpeg\" alt=\"\" data-id=\"6707\" data-link=\"https:\/\/www.lohschule-datteln.de\/index.php\/adventsbasteln-2019\/3bbas6\/\" class=\"wp-image-6707\"\/><\/figure><\/li><li class=\"blocks-gallery-item\"><figure><img decoding=\"async\" src=\"https:\/\/www.lohschule-datteln.de\/wp-content\/uploads\/2019\/11\/3bBas7.jpeg\" alt=\"\" data-id=\"6708\" data-link=\"https:\/\/www.lohschule-datteln.de\/index.php\/adventsbasteln-2019\/3bbas7\/\" class=\"wp-image-6708\"\/><\/figure><\/li><\/ul>\n\n\n\n<ul class=\"wp-block-gallery columns-3 is-cropped wp-block-gallery-8 is-layout-flex wp-block-gallery-is-layout-flex\"><li class=\"blocks-gallery-item\"><figure><img decoding=\"async\" src=\"https:\/\/www.lohschule-datteln.de\/wp-content\/uploads\/2019\/12\/3aadvbas3.jpg\" alt=\"\" data-id=\"6726\" data-link=\"https:\/\/www.lohschule-datteln.de\/index.php\/adventsbasteln-2019\/3aadvbas3\/\" class=\"wp-image-6726\"\/><\/figure><\/li><li class=\"blocks-gallery-item\"><figure><img decoding=\"async\" src=\"https:\/\/www.lohschule-datteln.de\/wp-content\/uploads\/2019\/12\/3aadvbas5.jpg\" alt=\"\" data-id=\"6727\" data-link=\"https:\/\/www.lohschule-datteln.de\/index.php\/adventsbasteln-2019\/3aadvbas5\/\" class=\"wp-image-6727\"\/><\/figure><\/li><li class=\"blocks-gallery-item\"><figure><img decoding=\"async\" src=\"https:\/\/www.lohschule-datteln.de\/wp-content\/uploads\/2019\/12\/3aadvbas4.jpg\" alt=\"\" data-id=\"6728\" data-link=\"https:\/\/www.lohschule-datteln.de\/index.php\/adventsbasteln-2019\/3aadvbas4\/\" class=\"wp-image-6728\"\/><\/figure><\/li><\/ul>\n\n\n\n<ul class=\"wp-block-gallery columns-2 is-cropped wp-block-gallery-9 is-layout-flex wp-block-gallery-is-layout-flex\"><li class=\"blocks-gallery-item\"><figure><img decoding=\"async\" src=\"https:\/\/www.lohschule-datteln.de\/wp-content\/uploads\/2019\/12\/3aadvbas2.jpg\" alt=\"\" data-id=\"6729\" data-link=\"https:\/\/www.lohschule-datteln.de\/index.php\/adventsbasteln-2019\/3aadvbas2\/\" class=\"wp-image-6729\"\/><\/figure><\/li><li class=\"blocks-gallery-item\"><figure><img decoding=\"async\" src=\"https:\/\/www.lohschule-datteln.de\/wp-content\/uploads\/2019\/12\/3aadvbas1.jpg\" alt=\"\" data-id=\"6731\" data-link=\"https:\/\/www.lohschule-datteln.de\/index.php\/adventsbasteln-2019\/3aadvbas1\/\" class=\"wp-image-6731\"\/><\/figure><\/li><\/ul>\n","protected":false},"excerpt":{"rendered":"<p>&#8222;Alle Jahre wieder&#8230;&#8220; Am Bastelmorgen begr\u00fc\u00dfte uns auch in diesem Jahr wieder adventliche Musik&nbsp;im Haupttreppenhaus. Alle Eltern oder ihre Vertreter waren herzlich eingeladen, die Kinder beim Basteln zu unterst\u00fctzen. In den Klassenr\u00e4umen standen die ben\u00f6tigten Materialien bereit und warteten auf den Schulbeginn. Zwei, drei Stunden wurde gebastelt, was bunte Pappe, Schere, Klebe und manch anderes [&hellip;]<\/p>\n","protected":false},"author":3,"featured_media":0,"parent":0,"menu_order":0,"comment_status":"closed","ping_status":"closed","template":"","meta":{"footnotes":""},"class_list":["post-6678","page","type-page","status-publish","hentry"],"yoast_head":"<!-- This site is optimized with the Yoast SEO plugin v27.6 - https:\/\/yoast.com\/product\/yoast-seo-wordpress\/ -->\n<title>Adventsbasteln 2019 - Lohschule Datteln<\/title>\n<meta name=\"robots\" content=\"index, follow, max-snippet:-1, max-image-preview:large, max-video-preview:-1\" \/>\n<link rel=\"canonical\" href=\"https:\/\/www.lohschule-datteln.de\/index.php\/adventsbasteln-2019\/\" \/>\n<meta property=\"og:locale\" content=\"de_DE\" \/>\n<meta property=\"og:type\" content=\"article\" \/>\n<meta property=\"og:title\" content=\"Adventsbasteln 2019 - Lohschule Datteln\" \/>\n<meta property=\"og:description\" content=\"&#8222;Alle Jahre wieder&#8230;&#8220; Am Bastelmorgen begr\u00fc\u00dfte uns auch in diesem Jahr wieder adventliche Musik&nbsp;im Haupttreppenhaus. Alle Eltern oder ihre Vertreter waren herzlich eingeladen, die Kinder beim Basteln zu unterst\u00fctzen. In den Klassenr\u00e4umen standen die ben\u00f6tigten Materialien bereit und warteten auf den Schulbeginn. Zwei, drei Stunden wurde gebastelt, was bunte Pappe, Schere, Klebe und manch anderes [&hellip;]\" \/>\n<meta property=\"og:url\" content=\"https:\/\/www.lohschule-datteln.de\/index.php\/adventsbasteln-2019\/\" \/>\n<meta property=\"og:site_name\" content=\"Lohschule Datteln\" \/>\n<meta property=\"article:modified_time\" content=\"2019-12-08T18:57:04+00:00\" \/>\n<meta property=\"og:image\" content=\"http:\/\/www.lohschule-datteln.de\/wp-content\/uploads\/2019\/11\/3bBas3.jpeg\" \/>\n<meta name=\"twitter:card\" content=\"summary_large_image\" \/>\n<meta name=\"twitter:label1\" content=\"Gesch\u00e4tzte Lesezeit\" \/>\n\t<meta name=\"twitter:data1\" content=\"1\u00a0Minute\" \/>\n<script type=\"application\/ld+json\" class=\"yoast-schema-graph\">{\"@context\":\"https:\\\/\\\/schema.org\",\"@graph\":[{\"@type\":\"WebPage\",\"@id\":\"https:\\\/\\\/www.lohschule-datteln.de\\\/index.php\\\/adventsbasteln-2019\\\/\",\"url\":\"https:\\\/\\\/www.lohschule-datteln.de\\\/index.php\\\/adventsbasteln-2019\\\/\",\"name\":\"Adventsbasteln 2019 - Lohschule Datteln\",\"isPartOf\":{\"@id\":\"https:\\\/\\\/www.lohschule-datteln.de\\\/#website\"},\"primaryImageOfPage\":{\"@id\":\"https:\\\/\\\/www.lohschule-datteln.de\\\/index.php\\\/adventsbasteln-2019\\\/#primaryimage\"},\"image\":{\"@id\":\"https:\\\/\\\/www.lohschule-datteln.de\\\/index.php\\\/adventsbasteln-2019\\\/#primaryimage\"},\"thumbnailUrl\":\"http:\\\/\\\/www.lohschule-datteln.de\\\/wp-content\\\/uploads\\\/2019\\\/11\\\/3bBas3.jpeg\",\"datePublished\":\"2019-11-29T20:42:09+00:00\",\"dateModified\":\"2019-12-08T18:57:04+00:00\",\"breadcrumb\":{\"@id\":\"https:\\\/\\\/www.lohschule-datteln.de\\\/index.php\\\/adventsbasteln-2019\\\/#breadcrumb\"},\"inLanguage\":\"de\",\"potentialAction\":[{\"@type\":\"ReadAction\",\"target\":[\"https:\\\/\\\/www.lohschule-datteln.de\\\/index.php\\\/adventsbasteln-2019\\\/\"]}]},{\"@type\":\"ImageObject\",\"inLanguage\":\"de\",\"@id\":\"https:\\\/\\\/www.lohschule-datteln.de\\\/index.php\\\/adventsbasteln-2019\\\/#primaryimage\",\"url\":\"http:\\\/\\\/www.lohschule-datteln.de\\\/wp-content\\\/uploads\\\/2019\\\/11\\\/3bBas3.jpeg\",\"contentUrl\":\"http:\\\/\\\/www.lohschule-datteln.de\\\/wp-content\\\/uploads\\\/2019\\\/11\\\/3bBas3.jpeg\"},{\"@type\":\"BreadcrumbList\",\"@id\":\"https:\\\/\\\/www.lohschule-datteln.de\\\/index.php\\\/adventsbasteln-2019\\\/#breadcrumb\",\"itemListElement\":[{\"@type\":\"ListItem\",\"position\":1,\"name\":\"Startseite\",\"item\":\"https:\\\/\\\/www.lohschule-datteln.de\\\/\"},{\"@type\":\"ListItem\",\"position\":2,\"name\":\"Adventsbasteln 2019\"}]},{\"@type\":\"WebSite\",\"@id\":\"https:\\\/\\\/www.lohschule-datteln.de\\\/#website\",\"url\":\"https:\\\/\\\/www.lohschule-datteln.de\\\/\",\"name\":\"Lohschule Datteln\",\"description\":\"kath. Grundschule\",\"publisher\":{\"@id\":\"https:\\\/\\\/www.lohschule-datteln.de\\\/#organization\"},\"potentialAction\":[{\"@type\":\"SearchAction\",\"target\":{\"@type\":\"EntryPoint\",\"urlTemplate\":\"https:\\\/\\\/www.lohschule-datteln.de\\\/?s={search_term_string}\"},\"query-input\":{\"@type\":\"PropertyValueSpecification\",\"valueRequired\":true,\"valueName\":\"search_term_string\"}}],\"inLanguage\":\"de\"},{\"@type\":\"Organization\",\"@id\":\"https:\\\/\\\/www.lohschule-datteln.de\\\/#organization\",\"name\":\"Lohschule -katholische Grundschule Datteln\",\"url\":\"https:\\\/\\\/www.lohschule-datteln.de\\\/\",\"logo\":{\"@type\":\"ImageObject\",\"inLanguage\":\"de\",\"@id\":\"https:\\\/\\\/www.lohschule-datteln.de\\\/#\\\/schema\\\/logo\\\/image\\\/\",\"url\":\"http:\\\/\\\/www.lohschule-datteln.de\\\/wp-content\\\/uploads\\\/2016\\\/02\\\/Loh-neu-2016.jpg\",\"contentUrl\":\"http:\\\/\\\/www.lohschule-datteln.de\\\/wp-content\\\/uploads\\\/2016\\\/02\\\/Loh-neu-2016.jpg\",\"width\":448,\"height\":252,\"caption\":\"Lohschule -katholische Grundschule Datteln\"},\"image\":{\"@id\":\"https:\\\/\\\/www.lohschule-datteln.de\\\/#\\\/schema\\\/logo\\\/image\\\/\"}}]}<\/script>\n<!-- \/ Yoast SEO plugin. -->","yoast_head_json":{"title":"Adventsbasteln 2019 - Lohschule Datteln","robots":{"index":"index","follow":"follow","max-snippet":"max-snippet:-1","max-image-preview":"max-image-preview:large","max-video-preview":"max-video-preview:-1"},"canonical":"https:\/\/www.lohschule-datteln.de\/index.php\/adventsbasteln-2019\/","og_locale":"de_DE","og_type":"article","og_title":"Adventsbasteln 2019 - Lohschule Datteln","og_description":"&#8222;Alle Jahre wieder&#8230;&#8220; Am Bastelmorgen begr\u00fc\u00dfte uns auch in diesem Jahr wieder adventliche Musik&nbsp;im Haupttreppenhaus. Alle Eltern oder ihre Vertreter waren herzlich eingeladen, die Kinder beim Basteln zu unterst\u00fctzen. In den Klassenr\u00e4umen standen die ben\u00f6tigten Materialien bereit und warteten auf den Schulbeginn. Zwei, drei Stunden wurde gebastelt, was bunte Pappe, Schere, Klebe und manch anderes [&hellip;]","og_url":"https:\/\/www.lohschule-datteln.de\/index.php\/adventsbasteln-2019\/","og_site_name":"Lohschule Datteln","article_modified_time":"2019-12-08T18:57:04+00:00","og_image":[{"url":"http:\/\/www.lohschule-datteln.de\/wp-content\/uploads\/2019\/11\/3bBas3.jpeg","type":"","width":"","height":""}],"twitter_card":"summary_large_image","twitter_misc":{"Gesch\u00e4tzte Lesezeit":"1\u00a0Minute"},"schema":{"@context":"https:\/\/schema.org","@graph":[{"@type":"WebPage","@id":"https:\/\/www.lohschule-datteln.de\/index.php\/adventsbasteln-2019\/","url":"https:\/\/www.lohschule-datteln.de\/index.php\/adventsbasteln-2019\/","name":"Adventsbasteln 2019 - Lohschule Datteln","isPartOf":{"@id":"https:\/\/www.lohschule-datteln.de\/#website"},"primaryImageOfPage":{"@id":"https:\/\/www.lohschule-datteln.de\/index.php\/adventsbasteln-2019\/#primaryimage"},"image":{"@id":"https:\/\/www.lohschule-datteln.de\/index.php\/adventsbasteln-2019\/#primaryimage"},"thumbnailUrl":"http:\/\/www.lohschule-datteln.de\/wp-content\/uploads\/2019\/11\/3bBas3.jpeg","datePublished":"2019-11-29T20:42:09+00:00","dateModified":"2019-12-08T18:57:04+00:00","breadcrumb":{"@id":"https:\/\/www.lohschule-datteln.de\/index.php\/adventsbasteln-2019\/#breadcrumb"},"inLanguage":"de","potentialAction":[{"@type":"ReadAction","target":["https:\/\/www.lohschule-datteln.de\/index.php\/adventsbasteln-2019\/"]}]},{"@type":"ImageObject","inLanguage":"de","@id":"https:\/\/www.lohschule-datteln.de\/index.php\/adventsbasteln-2019\/#primaryimage","url":"http:\/\/www.lohschule-datteln.de\/wp-content\/uploads\/2019\/11\/3bBas3.jpeg","contentUrl":"http:\/\/www.lohschule-datteln.de\/wp-content\/uploads\/2019\/11\/3bBas3.jpeg"},{"@type":"BreadcrumbList","@id":"https:\/\/www.lohschule-datteln.de\/index.php\/adventsbasteln-2019\/#breadcrumb","itemListElement":[{"@type":"ListItem","position":1,"name":"Startseite","item":"https:\/\/www.lohschule-datteln.de\/"},{"@type":"ListItem","position":2,"name":"Adventsbasteln 2019"}]},{"@type":"WebSite","@id":"https:\/\/www.lohschule-datteln.de\/#website","url":"https:\/\/www.lohschule-datteln.de\/","name":"Lohschule Datteln","description":"kath. Grundschule","publisher":{"@id":"https:\/\/www.lohschule-datteln.de\/#organization"},"potentialAction":[{"@type":"SearchAction","target":{"@type":"EntryPoint","urlTemplate":"https:\/\/www.lohschule-datteln.de\/?s={search_term_string}"},"query-input":{"@type":"PropertyValueSpecification","valueRequired":true,"valueName":"search_term_string"}}],"inLanguage":"de"},{"@type":"Organization","@id":"https:\/\/www.lohschule-datteln.de\/#organization","name":"Lohschule -katholische Grundschule Datteln","url":"https:\/\/www.lohschule-datteln.de\/","logo":{"@type":"ImageObject","inLanguage":"de","@id":"https:\/\/www.lohschule-datteln.de\/#\/schema\/logo\/image\/","url":"http:\/\/www.lohschule-datteln.de\/wp-content\/uploads\/2016\/02\/Loh-neu-2016.jpg","contentUrl":"http:\/\/www.lohschule-datteln.de\/wp-content\/uploads\/2016\/02\/Loh-neu-2016.jpg","width":448,"height":252,"caption":"Lohschule -katholische Grundschule Datteln"},"image":{"@id":"https:\/\/www.lohschule-datteln.de\/#\/schema\/logo\/image\/"}}]}},"_links":{"self":[{"href":"https:\/\/www.lohschule-datteln.de\/index.php\/wp-json\/wp\/v2\/pages\/6678","targetHints":{"allow":["GET"]}}],"collection":[{"href":"https:\/\/www.lohschule-datteln.de\/index.php\/wp-json\/wp\/v2\/pages"}],"about":[{"href":"https:\/\/www.lohschule-datteln.de\/index.php\/wp-json\/wp\/v2\/types\/page"}],"author":[{"embeddable":true,"href":"https:\/\/www.lohschule-datteln.de\/index.php\/wp-json\/wp\/v2\/users\/3"}],"replies":[{"embeddable":true,"href":"https:\/\/www.lohschule-datteln.de\/index.php\/wp-json\/wp\/v2\/comments?post=6678"}],"version-history":[{"count":13,"href":"https:\/\/www.lohschule-datteln.de\/index.php\/wp-json\/wp\/v2\/pages\/6678\/revisions"}],"predecessor-version":[{"id":6737,"href":"https:\/\/www.lohschule-datteln.de\/index.php\/wp-json\/wp\/v2\/pages\/6678\/revisions\/6737"}],"wp:attachment":[{"href":"https:\/\/www.lohschule-datteln.de\/index.php\/wp-json\/wp\/v2\/media?parent=6678"}],"curies":[{"name":"wp","href":"https:\/\/api.w.org\/{rel}","templated":true}]}}