{"id":6752,"date":"2019-12-17T17:10:38","date_gmt":"2019-12-17T16:10:38","guid":{"rendered":"http:\/\/www.lohschule-datteln.de\/?page_id=6752"},"modified":"2019-12-17T22:29:42","modified_gmt":"2019-12-17T21:29:42","slug":"theater-2019","status":"publish","type":"page","link":"https:\/\/www.lohschule-datteln.de\/index.php\/theater-2019\/","title":{"rendered":"Theater 2019"},"content":{"rendered":"\n<h2 class=\"wp-block-heading\">Erste gemeinsame Fahrt ins Theater<\/h2>\n\n\n<p><span style=\"color: #808080;\">Am Dienstag vor den Weihnachtsferien fuhr unsere Schule komplett zum WLT nach Castrop, um sich dort das St\u00fcck &#8222;L\u00f6wenzahn und Seidenpfote&#8220; anzuschauen:<\/span><\/p>\n<p><img loading=\"lazy\" decoding=\"async\" class=\"aligncenter size-medium wp-image-6755\" src=\"https:\/\/www.lohschule-datteln.de\/wp-content\/uploads\/2019\/12\/Theater-2019-225x300.jpeg\" alt=\"\" width=\"225\" height=\"300\" \/><\/p>\n<p><span style=\"color: #808080;\">Solch eine Aktion hatten wir bisher noch nicht. So war es nicht nur f\u00fcr die Sch\u00fcler, sondern auch f\u00fcr die Lehrer etwas Neues.\u00a0<\/span><\/p>\n<p><span style=\"color: #808080;\">Sieben Busse fuhren uns zum Theater und sp\u00e4ter auch wieder zur\u00fcck zur Schule. Das Team des WLT (Westf\u00e4lisches Landestheater) erwartete uns schon am Eingang und half allen Klassen, ihre Reihen zu finden. Nachdem die Toiletteng\u00e4nger zur\u00fcck im Saal waren und alle Besucher ihren Platz gefunden hatten,\u00a0\u00a0konnte das St\u00fcck dann auch beginnen. Unsere Erst- und Zweitkl\u00e4ssler hatten im Vorfeld im Unterricht von Theaterp\u00e4dagogen bereits eine kleine Hinf\u00fchrung zum Theaterst\u00fcck erhalten, und so waren sie ganz bei der Sache, als der Vorhang aufging.<\/span><\/p>\n<p><span style=\"color: #808080;\">50 Minuten lang ging das Publikum mit, sah es den &#8222;M\u00e4usen&#8220; auf der B\u00fchne zu, juchzte, klatschte, rief und kreischte es bisweilen. So sagten z.B. viele Kinder der Fischklasse hinterher: &#8222;Mir hat <em>alles<\/em> gefallen.&#8220;\u00a0<\/span><\/p>\n<p><span style=\"color: #808080;\">Nach einigem Beifall machten wir uns klassenweise auf den Weg zu den Bussen, die nahe des Eingangs schon auf uns warteten.<\/span><\/p>\n<p><span style=\"color: #808080;\">Wieder an der Schule war noch Zeit f\u00fcr ein drittes Fr\u00fchst\u00fcck und einen kleinen R\u00fcckblick auf den Vormittag \ud83d\ude42<\/span><\/p>\n<p>\u00a0<\/p>\n<p><span style=\"color: #808080;\">Es war toll zu sehen und zu wissen,<\/span><\/p>\n<ul>\n<li><span style=\"color: #808080;\">dass alle Sch\u00fcler und Lehrer gemeinsam fuhren.<\/span><\/li>\n<li><span style=\"color: #808080;\">dass alle Sch\u00fcler und Lehrer gemeinsam im Theater sa\u00dfen.<\/span><\/li>\n<li><span style=\"color: #808080;\">dass alle dasselbe auf der B\u00fchne sahen und sich dar\u00fcber austauschen K\u00d6NNTEN. Etwas gemeinsam erleben verbindet auch&#8230;<\/span><\/li>\n<\/ul>\n<p>************************************************************************<\/p>\n<p><span style=\"color: #808080;\">An dieser Stelle sei unserem F\u00f6rderverein noch einmal<\/span><\/p>\n<p style=\"text-align: center;\"><strong><span style=\"color: #008000;\">HERZLICHEN DANK<\/span><\/strong><\/p>\n<p><span style=\"color: #808080;\">gesagt, der die Karten (inkl. Bus) von 12\u20ac pro Kind mit je 7\u20ac gesponsert hat.<\/span><\/p>\n<p>\u00a0<\/p>","protected":false},"excerpt":{"rendered":"<p>Erste gemeinsame Fahrt ins Theater Am Dienstag vor den Weihnachtsferien fuhr unsere Schule komplett zum WLT nach Castrop, um sich dort das St\u00fcck &#8222;L\u00f6wenzahn und Seidenpfote&#8220; anzuschauen: Solch eine Aktion hatten wir bisher noch nicht. So war es nicht nur f\u00fcr die Sch\u00fcler, sondern auch f\u00fcr die Lehrer etwas Neues.\u00a0 Sieben Busse fuhren uns zum [&hellip;]<\/p>\n","protected":false},"author":3,"featured_media":0,"parent":0,"menu_order":0,"comment_status":"closed","ping_status":"closed","template":"","meta":{"footnotes":""},"class_list":["post-6752","page","type-page","status-publish","hentry"],"yoast_head":"<!-- This site is optimized with the Yoast SEO plugin v27.6 - https:\/\/yoast.com\/product\/yoast-seo-wordpress\/ -->\n<title>Theater 2019 - Lohschule Datteln<\/title>\n<meta name=\"robots\" content=\"index, follow, max-snippet:-1, max-image-preview:large, max-video-preview:-1\" \/>\n<link rel=\"canonical\" href=\"https:\/\/www.lohschule-datteln.de\/index.php\/theater-2019\/\" \/>\n<meta property=\"og:locale\" content=\"de_DE\" \/>\n<meta property=\"og:type\" content=\"article\" \/>\n<meta property=\"og:title\" content=\"Theater 2019 - Lohschule Datteln\" \/>\n<meta property=\"og:description\" content=\"Erste gemeinsame Fahrt ins Theater Am Dienstag vor den Weihnachtsferien fuhr unsere Schule komplett zum WLT nach Castrop, um sich dort das St\u00fcck &#8222;L\u00f6wenzahn und Seidenpfote&#8220; anzuschauen: Solch eine Aktion hatten wir bisher noch nicht. So war es nicht nur f\u00fcr die Sch\u00fcler, sondern auch f\u00fcr die Lehrer etwas Neues.\u00a0 Sieben Busse fuhren uns zum [&hellip;]\" \/>\n<meta property=\"og:url\" content=\"https:\/\/www.lohschule-datteln.de\/index.php\/theater-2019\/\" \/>\n<meta property=\"og:site_name\" content=\"Lohschule Datteln\" \/>\n<meta property=\"article:modified_time\" content=\"2019-12-17T21:29:42+00:00\" \/>\n<meta property=\"og:image\" content=\"http:\/\/www.lohschule-datteln.de\/wp-content\/uploads\/2019\/12\/Theater-2019-225x300.jpeg\" \/>\n<meta name=\"twitter:card\" content=\"summary_large_image\" \/>\n<meta name=\"twitter:label1\" content=\"Gesch\u00e4tzte Lesezeit\" \/>\n\t<meta name=\"twitter:data1\" content=\"1\u00a0Minute\" \/>\n<script type=\"application\/ld+json\" class=\"yoast-schema-graph\">{\"@context\":\"https:\\\/\\\/schema.org\",\"@graph\":[{\"@type\":\"WebPage\",\"@id\":\"https:\\\/\\\/www.lohschule-datteln.de\\\/index.php\\\/theater-2019\\\/\",\"url\":\"https:\\\/\\\/www.lohschule-datteln.de\\\/index.php\\\/theater-2019\\\/\",\"name\":\"Theater 2019 - Lohschule Datteln\",\"isPartOf\":{\"@id\":\"https:\\\/\\\/www.lohschule-datteln.de\\\/#website\"},\"primaryImageOfPage\":{\"@id\":\"https:\\\/\\\/www.lohschule-datteln.de\\\/index.php\\\/theater-2019\\\/#primaryimage\"},\"image\":{\"@id\":\"https:\\\/\\\/www.lohschule-datteln.de\\\/index.php\\\/theater-2019\\\/#primaryimage\"},\"thumbnailUrl\":\"http:\\\/\\\/www.lohschule-datteln.de\\\/wp-content\\\/uploads\\\/2019\\\/12\\\/Theater-2019-225x300.jpeg\",\"datePublished\":\"2019-12-17T16:10:38+00:00\",\"dateModified\":\"2019-12-17T21:29:42+00:00\",\"breadcrumb\":{\"@id\":\"https:\\\/\\\/www.lohschule-datteln.de\\\/index.php\\\/theater-2019\\\/#breadcrumb\"},\"inLanguage\":\"de\",\"potentialAction\":[{\"@type\":\"ReadAction\",\"target\":[\"https:\\\/\\\/www.lohschule-datteln.de\\\/index.php\\\/theater-2019\\\/\"]}]},{\"@type\":\"ImageObject\",\"inLanguage\":\"de\",\"@id\":\"https:\\\/\\\/www.lohschule-datteln.de\\\/index.php\\\/theater-2019\\\/#primaryimage\",\"url\":\"http:\\\/\\\/www.lohschule-datteln.de\\\/wp-content\\\/uploads\\\/2019\\\/12\\\/Theater-2019-225x300.jpeg\",\"contentUrl\":\"http:\\\/\\\/www.lohschule-datteln.de\\\/wp-content\\\/uploads\\\/2019\\\/12\\\/Theater-2019-225x300.jpeg\"},{\"@type\":\"BreadcrumbList\",\"@id\":\"https:\\\/\\\/www.lohschule-datteln.de\\\/index.php\\\/theater-2019\\\/#breadcrumb\",\"itemListElement\":[{\"@type\":\"ListItem\",\"position\":1,\"name\":\"Startseite\",\"item\":\"https:\\\/\\\/www.lohschule-datteln.de\\\/\"},{\"@type\":\"ListItem\",\"position\":2,\"name\":\"Theater 2019\"}]},{\"@type\":\"WebSite\",\"@id\":\"https:\\\/\\\/www.lohschule-datteln.de\\\/#website\",\"url\":\"https:\\\/\\\/www.lohschule-datteln.de\\\/\",\"name\":\"Lohschule Datteln\",\"description\":\"kath. Grundschule\",\"publisher\":{\"@id\":\"https:\\\/\\\/www.lohschule-datteln.de\\\/#organization\"},\"potentialAction\":[{\"@type\":\"SearchAction\",\"target\":{\"@type\":\"EntryPoint\",\"urlTemplate\":\"https:\\\/\\\/www.lohschule-datteln.de\\\/?s={search_term_string}\"},\"query-input\":{\"@type\":\"PropertyValueSpecification\",\"valueRequired\":true,\"valueName\":\"search_term_string\"}}],\"inLanguage\":\"de\"},{\"@type\":\"Organization\",\"@id\":\"https:\\\/\\\/www.lohschule-datteln.de\\\/#organization\",\"name\":\"Lohschule -katholische Grundschule Datteln\",\"url\":\"https:\\\/\\\/www.lohschule-datteln.de\\\/\",\"logo\":{\"@type\":\"ImageObject\",\"inLanguage\":\"de\",\"@id\":\"https:\\\/\\\/www.lohschule-datteln.de\\\/#\\\/schema\\\/logo\\\/image\\\/\",\"url\":\"http:\\\/\\\/www.lohschule-datteln.de\\\/wp-content\\\/uploads\\\/2016\\\/02\\\/Loh-neu-2016.jpg\",\"contentUrl\":\"http:\\\/\\\/www.lohschule-datteln.de\\\/wp-content\\\/uploads\\\/2016\\\/02\\\/Loh-neu-2016.jpg\",\"width\":448,\"height\":252,\"caption\":\"Lohschule -katholische Grundschule Datteln\"},\"image\":{\"@id\":\"https:\\\/\\\/www.lohschule-datteln.de\\\/#\\\/schema\\\/logo\\\/image\\\/\"}}]}<\/script>\n<!-- \/ Yoast SEO plugin. -->","yoast_head_json":{"title":"Theater 2019 - Lohschule Datteln","robots":{"index":"index","follow":"follow","max-snippet":"max-snippet:-1","max-image-preview":"max-image-preview:large","max-video-preview":"max-video-preview:-1"},"canonical":"https:\/\/www.lohschule-datteln.de\/index.php\/theater-2019\/","og_locale":"de_DE","og_type":"article","og_title":"Theater 2019 - Lohschule Datteln","og_description":"Erste gemeinsame Fahrt ins Theater Am Dienstag vor den Weihnachtsferien fuhr unsere Schule komplett zum WLT nach Castrop, um sich dort das St\u00fcck &#8222;L\u00f6wenzahn und Seidenpfote&#8220; anzuschauen: Solch eine Aktion hatten wir bisher noch nicht. So war es nicht nur f\u00fcr die Sch\u00fcler, sondern auch f\u00fcr die Lehrer etwas Neues.\u00a0 Sieben Busse fuhren uns zum [&hellip;]","og_url":"https:\/\/www.lohschule-datteln.de\/index.php\/theater-2019\/","og_site_name":"Lohschule Datteln","article_modified_time":"2019-12-17T21:29:42+00:00","og_image":[{"url":"http:\/\/www.lohschule-datteln.de\/wp-content\/uploads\/2019\/12\/Theater-2019-225x300.jpeg","type":"","width":"","height":""}],"twitter_card":"summary_large_image","twitter_misc":{"Gesch\u00e4tzte Lesezeit":"1\u00a0Minute"},"schema":{"@context":"https:\/\/schema.org","@graph":[{"@type":"WebPage","@id":"https:\/\/www.lohschule-datteln.de\/index.php\/theater-2019\/","url":"https:\/\/www.lohschule-datteln.de\/index.php\/theater-2019\/","name":"Theater 2019 - Lohschule Datteln","isPartOf":{"@id":"https:\/\/www.lohschule-datteln.de\/#website"},"primaryImageOfPage":{"@id":"https:\/\/www.lohschule-datteln.de\/index.php\/theater-2019\/#primaryimage"},"image":{"@id":"https:\/\/www.lohschule-datteln.de\/index.php\/theater-2019\/#primaryimage"},"thumbnailUrl":"http:\/\/www.lohschule-datteln.de\/wp-content\/uploads\/2019\/12\/Theater-2019-225x300.jpeg","datePublished":"2019-12-17T16:10:38+00:00","dateModified":"2019-12-17T21:29:42+00:00","breadcrumb":{"@id":"https:\/\/www.lohschule-datteln.de\/index.php\/theater-2019\/#breadcrumb"},"inLanguage":"de","potentialAction":[{"@type":"ReadAction","target":["https:\/\/www.lohschule-datteln.de\/index.php\/theater-2019\/"]}]},{"@type":"ImageObject","inLanguage":"de","@id":"https:\/\/www.lohschule-datteln.de\/index.php\/theater-2019\/#primaryimage","url":"http:\/\/www.lohschule-datteln.de\/wp-content\/uploads\/2019\/12\/Theater-2019-225x300.jpeg","contentUrl":"http:\/\/www.lohschule-datteln.de\/wp-content\/uploads\/2019\/12\/Theater-2019-225x300.jpeg"},{"@type":"BreadcrumbList","@id":"https:\/\/www.lohschule-datteln.de\/index.php\/theater-2019\/#breadcrumb","itemListElement":[{"@type":"ListItem","position":1,"name":"Startseite","item":"https:\/\/www.lohschule-datteln.de\/"},{"@type":"ListItem","position":2,"name":"Theater 2019"}]},{"@type":"WebSite","@id":"https:\/\/www.lohschule-datteln.de\/#website","url":"https:\/\/www.lohschule-datteln.de\/","name":"Lohschule Datteln","description":"kath. Grundschule","publisher":{"@id":"https:\/\/www.lohschule-datteln.de\/#organization"},"potentialAction":[{"@type":"SearchAction","target":{"@type":"EntryPoint","urlTemplate":"https:\/\/www.lohschule-datteln.de\/?s={search_term_string}"},"query-input":{"@type":"PropertyValueSpecification","valueRequired":true,"valueName":"search_term_string"}}],"inLanguage":"de"},{"@type":"Organization","@id":"https:\/\/www.lohschule-datteln.de\/#organization","name":"Lohschule -katholische Grundschule Datteln","url":"https:\/\/www.lohschule-datteln.de\/","logo":{"@type":"ImageObject","inLanguage":"de","@id":"https:\/\/www.lohschule-datteln.de\/#\/schema\/logo\/image\/","url":"http:\/\/www.lohschule-datteln.de\/wp-content\/uploads\/2016\/02\/Loh-neu-2016.jpg","contentUrl":"http:\/\/www.lohschule-datteln.de\/wp-content\/uploads\/2016\/02\/Loh-neu-2016.jpg","width":448,"height":252,"caption":"Lohschule -katholische Grundschule Datteln"},"image":{"@id":"https:\/\/www.lohschule-datteln.de\/#\/schema\/logo\/image\/"}}]}},"_links":{"self":[{"href":"https:\/\/www.lohschule-datteln.de\/index.php\/wp-json\/wp\/v2\/pages\/6752","targetHints":{"allow":["GET"]}}],"collection":[{"href":"https:\/\/www.lohschule-datteln.de\/index.php\/wp-json\/wp\/v2\/pages"}],"about":[{"href":"https:\/\/www.lohschule-datteln.de\/index.php\/wp-json\/wp\/v2\/types\/page"}],"author":[{"embeddable":true,"href":"https:\/\/www.lohschule-datteln.de\/index.php\/wp-json\/wp\/v2\/users\/3"}],"replies":[{"embeddable":true,"href":"https:\/\/www.lohschule-datteln.de\/index.php\/wp-json\/wp\/v2\/comments?post=6752"}],"version-history":[{"count":6,"href":"https:\/\/www.lohschule-datteln.de\/index.php\/wp-json\/wp\/v2\/pages\/6752\/revisions"}],"predecessor-version":[{"id":6771,"href":"https:\/\/www.lohschule-datteln.de\/index.php\/wp-json\/wp\/v2\/pages\/6752\/revisions\/6771"}],"wp:attachment":[{"href":"https:\/\/www.lohschule-datteln.de\/index.php\/wp-json\/wp\/v2\/media?parent=6752"}],"curies":[{"name":"wp","href":"https:\/\/api.w.org\/{rel}","templated":true}]}}