{"id":6830,"date":"2019-12-21T15:10:33","date_gmt":"2019-12-21T14:10:33","guid":{"rendered":"http:\/\/www.lohschule-datteln.de\/?page_id=6830"},"modified":"2019-12-21T15:15:15","modified_gmt":"2019-12-21T14:15:15","slug":"adventsgottesdienst-2019","status":"publish","type":"page","link":"https:\/\/www.lohschule-datteln.de\/index.php\/adventsgottesdienst-2019\/","title":{"rendered":"Adventsgottesdienst 2019"},"content":{"rendered":"\n<h2 class=\"wp-block-heading\">Adventsgottesdienst unserer Lohschule am 20.12.2019 in der Sankt Amanduskirche\u00a0<\/h2>\n\n\n\n<div class=\"wp-block-image\"><figure class=\"aligncenter is-resized\"><img loading=\"lazy\" decoding=\"async\" src=\"https:\/\/www.lohschule-datteln.de\/wp-content\/uploads\/2019\/12\/GD.jpg\" alt=\"\" class=\"wp-image-6835\" width=\"214\" height=\"286\"\/><\/figure><\/div>\n\n\n<p><span style=\"color: #808080;\">Am letzten Schultag vor den Weihnachtsferien (Freitag, 20.12.19) versammelte sich unsere Lohschulgemeinde einschlie\u00dflich vieler Eltern, Verwandter und Freunde um kurz nach 8.00 Uhr in der Sankt Amanduskirche, um gemeinsam den Adventsgottesdienst mit dem Leitthema: Licht in der Dunkelheit &#8211; &#8222;Tragt in die Welt nun ein Licht&#8220; zu feiern.\u00a0<\/span><br \/><span style=\"color: #808080;\">Die Kirche war nahezu bis auf den letzten Platz gef\u00fcllt, und es war von Anfang an eine tolle vorweihnachtliche Atmosph\u00e4re zu sp\u00fcren: So leitete Pfarrer Pla\u00dfmann den Gottesdienst auf seine beliebte freundliche und angenehme Art, die Kinder der Schmetterlingsklasse 3b erz\u00e4hlten in einem Rollenspiel eindrucksvoll die Geschichte &#8222;Wie die Sonne in das Land der Malonen kam&#8220; \u00a0und zeigten darin, wie wichtig und wohltuend sichtbares und gef\u00fchltes &#8222;inneres Licht&#8220; ist, Kerzengedanken der 2. Klassen und F\u00fcrbitten der 3. Klassen wurden vorgetragen und &#8211; nat\u00fcrlich nicht zu vergessen &#8211; bereicherte unser Schulchor den Gottesdienst durch zwei wundervolle Lieder. Dies alles rundete den sch\u00f6nen Adventsgottesdienst ab. &#8222;Tragt in die Welt nun ein Licht&#8220;: Diese Botschaft nahmen alle in ihrem Herzen mit. \u00a0<\/span><br \/><span style=\"color: #808080;\">In diesem Sinne: Frohe und gesegnete Weihnachten allen!!! \u00a0<\/span><\/p>\n<p>\u00a0<\/p>","protected":false},"excerpt":{"rendered":"<p>Adventsgottesdienst unserer Lohschule am 20.12.2019 in der Sankt Amanduskirche\u00a0 Am letzten Schultag vor den Weihnachtsferien (Freitag, 20.12.19) versammelte sich unsere Lohschulgemeinde einschlie\u00dflich vieler Eltern, Verwandter und Freunde um kurz nach 8.00 Uhr in der Sankt Amanduskirche, um gemeinsam den Adventsgottesdienst mit dem Leitthema: Licht in der Dunkelheit &#8211; &#8222;Tragt in die Welt nun ein Licht&#8220; [&hellip;]<\/p>\n","protected":false},"author":3,"featured_media":0,"parent":0,"menu_order":0,"comment_status":"closed","ping_status":"closed","template":"","meta":{"footnotes":""},"class_list":["post-6830","page","type-page","status-publish","hentry"],"yoast_head":"<!-- This site is optimized with the Yoast SEO plugin v27.6 - https:\/\/yoast.com\/product\/yoast-seo-wordpress\/ -->\n<title>Adventsgottesdienst 2019 - Lohschule Datteln<\/title>\n<meta name=\"robots\" content=\"index, follow, max-snippet:-1, max-image-preview:large, max-video-preview:-1\" \/>\n<link rel=\"canonical\" href=\"https:\/\/www.lohschule-datteln.de\/index.php\/adventsgottesdienst-2019\/\" \/>\n<meta property=\"og:locale\" content=\"de_DE\" \/>\n<meta property=\"og:type\" content=\"article\" \/>\n<meta property=\"og:title\" content=\"Adventsgottesdienst 2019 - Lohschule Datteln\" \/>\n<meta property=\"og:description\" content=\"Adventsgottesdienst unserer Lohschule am 20.12.2019 in der Sankt Amanduskirche\u00a0 Am letzten Schultag vor den Weihnachtsferien (Freitag, 20.12.19) versammelte sich unsere Lohschulgemeinde einschlie\u00dflich vieler Eltern, Verwandter und Freunde um kurz nach 8.00 Uhr in der Sankt Amanduskirche, um gemeinsam den Adventsgottesdienst mit dem Leitthema: Licht in der Dunkelheit &#8211; &#8222;Tragt in die Welt nun ein Licht&#8220; [&hellip;]\" \/>\n<meta property=\"og:url\" content=\"https:\/\/www.lohschule-datteln.de\/index.php\/adventsgottesdienst-2019\/\" \/>\n<meta property=\"og:site_name\" content=\"Lohschule Datteln\" \/>\n<meta property=\"article:modified_time\" content=\"2019-12-21T14:15:15+00:00\" \/>\n<meta property=\"og:image\" content=\"http:\/\/www.lohschule-datteln.de\/wp-content\/uploads\/2019\/12\/GD.jpg\" \/>\n<meta name=\"twitter:card\" content=\"summary_large_image\" \/>\n<meta name=\"twitter:label1\" content=\"Gesch\u00e4tzte Lesezeit\" \/>\n\t<meta name=\"twitter:data1\" content=\"1\u00a0Minute\" \/>\n<script type=\"application\/ld+json\" class=\"yoast-schema-graph\">{\"@context\":\"https:\\\/\\\/schema.org\",\"@graph\":[{\"@type\":\"WebPage\",\"@id\":\"https:\\\/\\\/www.lohschule-datteln.de\\\/index.php\\\/adventsgottesdienst-2019\\\/\",\"url\":\"https:\\\/\\\/www.lohschule-datteln.de\\\/index.php\\\/adventsgottesdienst-2019\\\/\",\"name\":\"Adventsgottesdienst 2019 - Lohschule Datteln\",\"isPartOf\":{\"@id\":\"https:\\\/\\\/www.lohschule-datteln.de\\\/#website\"},\"primaryImageOfPage\":{\"@id\":\"https:\\\/\\\/www.lohschule-datteln.de\\\/index.php\\\/adventsgottesdienst-2019\\\/#primaryimage\"},\"image\":{\"@id\":\"https:\\\/\\\/www.lohschule-datteln.de\\\/index.php\\\/adventsgottesdienst-2019\\\/#primaryimage\"},\"thumbnailUrl\":\"http:\\\/\\\/www.lohschule-datteln.de\\\/wp-content\\\/uploads\\\/2019\\\/12\\\/GD.jpg\",\"datePublished\":\"2019-12-21T14:10:33+00:00\",\"dateModified\":\"2019-12-21T14:15:15+00:00\",\"breadcrumb\":{\"@id\":\"https:\\\/\\\/www.lohschule-datteln.de\\\/index.php\\\/adventsgottesdienst-2019\\\/#breadcrumb\"},\"inLanguage\":\"de\",\"potentialAction\":[{\"@type\":\"ReadAction\",\"target\":[\"https:\\\/\\\/www.lohschule-datteln.de\\\/index.php\\\/adventsgottesdienst-2019\\\/\"]}]},{\"@type\":\"ImageObject\",\"inLanguage\":\"de\",\"@id\":\"https:\\\/\\\/www.lohschule-datteln.de\\\/index.php\\\/adventsgottesdienst-2019\\\/#primaryimage\",\"url\":\"http:\\\/\\\/www.lohschule-datteln.de\\\/wp-content\\\/uploads\\\/2019\\\/12\\\/GD.jpg\",\"contentUrl\":\"http:\\\/\\\/www.lohschule-datteln.de\\\/wp-content\\\/uploads\\\/2019\\\/12\\\/GD.jpg\"},{\"@type\":\"BreadcrumbList\",\"@id\":\"https:\\\/\\\/www.lohschule-datteln.de\\\/index.php\\\/adventsgottesdienst-2019\\\/#breadcrumb\",\"itemListElement\":[{\"@type\":\"ListItem\",\"position\":1,\"name\":\"Startseite\",\"item\":\"https:\\\/\\\/www.lohschule-datteln.de\\\/\"},{\"@type\":\"ListItem\",\"position\":2,\"name\":\"Adventsgottesdienst 2019\"}]},{\"@type\":\"WebSite\",\"@id\":\"https:\\\/\\\/www.lohschule-datteln.de\\\/#website\",\"url\":\"https:\\\/\\\/www.lohschule-datteln.de\\\/\",\"name\":\"Lohschule Datteln\",\"description\":\"kath. Grundschule\",\"publisher\":{\"@id\":\"https:\\\/\\\/www.lohschule-datteln.de\\\/#organization\"},\"potentialAction\":[{\"@type\":\"SearchAction\",\"target\":{\"@type\":\"EntryPoint\",\"urlTemplate\":\"https:\\\/\\\/www.lohschule-datteln.de\\\/?s={search_term_string}\"},\"query-input\":{\"@type\":\"PropertyValueSpecification\",\"valueRequired\":true,\"valueName\":\"search_term_string\"}}],\"inLanguage\":\"de\"},{\"@type\":\"Organization\",\"@id\":\"https:\\\/\\\/www.lohschule-datteln.de\\\/#organization\",\"name\":\"Lohschule -katholische Grundschule Datteln\",\"url\":\"https:\\\/\\\/www.lohschule-datteln.de\\\/\",\"logo\":{\"@type\":\"ImageObject\",\"inLanguage\":\"de\",\"@id\":\"https:\\\/\\\/www.lohschule-datteln.de\\\/#\\\/schema\\\/logo\\\/image\\\/\",\"url\":\"http:\\\/\\\/www.lohschule-datteln.de\\\/wp-content\\\/uploads\\\/2016\\\/02\\\/Loh-neu-2016.jpg\",\"contentUrl\":\"http:\\\/\\\/www.lohschule-datteln.de\\\/wp-content\\\/uploads\\\/2016\\\/02\\\/Loh-neu-2016.jpg\",\"width\":448,\"height\":252,\"caption\":\"Lohschule -katholische Grundschule Datteln\"},\"image\":{\"@id\":\"https:\\\/\\\/www.lohschule-datteln.de\\\/#\\\/schema\\\/logo\\\/image\\\/\"}}]}<\/script>\n<!-- \/ Yoast SEO plugin. -->","yoast_head_json":{"title":"Adventsgottesdienst 2019 - Lohschule Datteln","robots":{"index":"index","follow":"follow","max-snippet":"max-snippet:-1","max-image-preview":"max-image-preview:large","max-video-preview":"max-video-preview:-1"},"canonical":"https:\/\/www.lohschule-datteln.de\/index.php\/adventsgottesdienst-2019\/","og_locale":"de_DE","og_type":"article","og_title":"Adventsgottesdienst 2019 - Lohschule Datteln","og_description":"Adventsgottesdienst unserer Lohschule am 20.12.2019 in der Sankt Amanduskirche\u00a0 Am letzten Schultag vor den Weihnachtsferien (Freitag, 20.12.19) versammelte sich unsere Lohschulgemeinde einschlie\u00dflich vieler Eltern, Verwandter und Freunde um kurz nach 8.00 Uhr in der Sankt Amanduskirche, um gemeinsam den Adventsgottesdienst mit dem Leitthema: Licht in der Dunkelheit &#8211; &#8222;Tragt in die Welt nun ein Licht&#8220; [&hellip;]","og_url":"https:\/\/www.lohschule-datteln.de\/index.php\/adventsgottesdienst-2019\/","og_site_name":"Lohschule Datteln","article_modified_time":"2019-12-21T14:15:15+00:00","og_image":[{"url":"http:\/\/www.lohschule-datteln.de\/wp-content\/uploads\/2019\/12\/GD.jpg","type":"","width":"","height":""}],"twitter_card":"summary_large_image","twitter_misc":{"Gesch\u00e4tzte Lesezeit":"1\u00a0Minute"},"schema":{"@context":"https:\/\/schema.org","@graph":[{"@type":"WebPage","@id":"https:\/\/www.lohschule-datteln.de\/index.php\/adventsgottesdienst-2019\/","url":"https:\/\/www.lohschule-datteln.de\/index.php\/adventsgottesdienst-2019\/","name":"Adventsgottesdienst 2019 - Lohschule Datteln","isPartOf":{"@id":"https:\/\/www.lohschule-datteln.de\/#website"},"primaryImageOfPage":{"@id":"https:\/\/www.lohschule-datteln.de\/index.php\/adventsgottesdienst-2019\/#primaryimage"},"image":{"@id":"https:\/\/www.lohschule-datteln.de\/index.php\/adventsgottesdienst-2019\/#primaryimage"},"thumbnailUrl":"http:\/\/www.lohschule-datteln.de\/wp-content\/uploads\/2019\/12\/GD.jpg","datePublished":"2019-12-21T14:10:33+00:00","dateModified":"2019-12-21T14:15:15+00:00","breadcrumb":{"@id":"https:\/\/www.lohschule-datteln.de\/index.php\/adventsgottesdienst-2019\/#breadcrumb"},"inLanguage":"de","potentialAction":[{"@type":"ReadAction","target":["https:\/\/www.lohschule-datteln.de\/index.php\/adventsgottesdienst-2019\/"]}]},{"@type":"ImageObject","inLanguage":"de","@id":"https:\/\/www.lohschule-datteln.de\/index.php\/adventsgottesdienst-2019\/#primaryimage","url":"http:\/\/www.lohschule-datteln.de\/wp-content\/uploads\/2019\/12\/GD.jpg","contentUrl":"http:\/\/www.lohschule-datteln.de\/wp-content\/uploads\/2019\/12\/GD.jpg"},{"@type":"BreadcrumbList","@id":"https:\/\/www.lohschule-datteln.de\/index.php\/adventsgottesdienst-2019\/#breadcrumb","itemListElement":[{"@type":"ListItem","position":1,"name":"Startseite","item":"https:\/\/www.lohschule-datteln.de\/"},{"@type":"ListItem","position":2,"name":"Adventsgottesdienst 2019"}]},{"@type":"WebSite","@id":"https:\/\/www.lohschule-datteln.de\/#website","url":"https:\/\/www.lohschule-datteln.de\/","name":"Lohschule Datteln","description":"kath. Grundschule","publisher":{"@id":"https:\/\/www.lohschule-datteln.de\/#organization"},"potentialAction":[{"@type":"SearchAction","target":{"@type":"EntryPoint","urlTemplate":"https:\/\/www.lohschule-datteln.de\/?s={search_term_string}"},"query-input":{"@type":"PropertyValueSpecification","valueRequired":true,"valueName":"search_term_string"}}],"inLanguage":"de"},{"@type":"Organization","@id":"https:\/\/www.lohschule-datteln.de\/#organization","name":"Lohschule -katholische Grundschule Datteln","url":"https:\/\/www.lohschule-datteln.de\/","logo":{"@type":"ImageObject","inLanguage":"de","@id":"https:\/\/www.lohschule-datteln.de\/#\/schema\/logo\/image\/","url":"http:\/\/www.lohschule-datteln.de\/wp-content\/uploads\/2016\/02\/Loh-neu-2016.jpg","contentUrl":"http:\/\/www.lohschule-datteln.de\/wp-content\/uploads\/2016\/02\/Loh-neu-2016.jpg","width":448,"height":252,"caption":"Lohschule -katholische Grundschule Datteln"},"image":{"@id":"https:\/\/www.lohschule-datteln.de\/#\/schema\/logo\/image\/"}}]}},"_links":{"self":[{"href":"https:\/\/www.lohschule-datteln.de\/index.php\/wp-json\/wp\/v2\/pages\/6830","targetHints":{"allow":["GET"]}}],"collection":[{"href":"https:\/\/www.lohschule-datteln.de\/index.php\/wp-json\/wp\/v2\/pages"}],"about":[{"href":"https:\/\/www.lohschule-datteln.de\/index.php\/wp-json\/wp\/v2\/types\/page"}],"author":[{"embeddable":true,"href":"https:\/\/www.lohschule-datteln.de\/index.php\/wp-json\/wp\/v2\/users\/3"}],"replies":[{"embeddable":true,"href":"https:\/\/www.lohschule-datteln.de\/index.php\/wp-json\/wp\/v2\/comments?post=6830"}],"version-history":[{"count":4,"href":"https:\/\/www.lohschule-datteln.de\/index.php\/wp-json\/wp\/v2\/pages\/6830\/revisions"}],"predecessor-version":[{"id":6836,"href":"https:\/\/www.lohschule-datteln.de\/index.php\/wp-json\/wp\/v2\/pages\/6830\/revisions\/6836"}],"wp:attachment":[{"href":"https:\/\/www.lohschule-datteln.de\/index.php\/wp-json\/wp\/v2\/media?parent=6830"}],"curies":[{"name":"wp","href":"https:\/\/api.w.org\/{rel}","templated":true}]}}