{"id":9219,"date":"2020-06-25T23:56:51","date_gmt":"2020-06-25T21:56:51","guid":{"rendered":"http:\/\/www.lohschule-datteln.de\/?page_id=9219"},"modified":"2024-08-13T12:27:02","modified_gmt":"2024-08-13T10:27:02","slug":"10-zusammenarbeit-mit-ausserschulischen-partnern","status":"publish","type":"page","link":"https:\/\/www.lohschule-datteln.de\/index.php\/10-zusammenarbeit-mit-ausserschulischen-partnern\/","title":{"rendered":"Zusammenarbeit mit au\u00dferschulischen Partnern"},"content":{"rendered":"<p><span style=\"color: #808080;\"><span style=\"font-size: inherit;\">Unserer Lohschule ist die Vernetzung zu au\u00dferschulischen Partnern sehr wichtig. So <\/span><span style=\"font-size: inherit;\">arbeiten wir mit verschiedenen Institutionen zusammen:<\/span><\/span><\/p>\n\n\n<h2 class=\"wp-block-heading\">Kirchengemeinde Sankt Amandus<\/h2>\n\n\n<p><span style=\"color: #808080;\"><span style=\"font-size: inherit;\">Die Zusammenarbeit mit der Kirchengemeinde Sankt Amandus liegt uns sehr am Herzen. Einzelheiten zu unserer Zusammenarbeit k\u00f6nnen Sie dem Punkt 3.8 unseres Lohschul-<\/span><span style=\"font-size: inherit;\">Schulprogramms entnehmen.<\/span><\/span><\/p>\n\n\n<h2 class=\"wp-block-heading\">Kindertageseinrichtungen<\/h2>\n\n\n<div class=\"page\" title=\"Page 1\">\n<div class=\"section\">\n<div class=\"layoutArea\">\n<div class=\"column\">\n<p><span style=\"color: #808080;\">Die Lohschule arbeitet eng mit den Kindertagesst\u00e4tten in ihrem Einzugsgebiet zusammen. Dazu z\u00e4hlen die DRK Kita, die Kath. Kita St. Amandus, die Kath. Kita St. Franziskus, die Kath. Kita St. Marien-Ahsen, die Ev. Kita Im Lutherhaus, die Ev. Kita Hachhausener Str. und der Waldorfkindergarten.<\/span><\/p>\n<p><span style=\"color: #808080;\">Gerade im Hinblick auf einen gelungenen \u00dcbergang vom Kindergarten zur Grundschule sind eine enge Zusammenarbeit und ein regelm\u00e4\u00dfiger Austausch sehr wichtig.<\/span><\/p>\n<p><span style=\"color: #808080;\">N\u00e4here Ausf\u00fchrungen unserer Zusammenarbeit im \u00dcbergang Kita &#8211; Grundschule befinden sich unter Punkt 11.1 unseres Lohschul-Schulprogramms.<\/span><\/p>\n<h2>Stadtb\u00fccherei<\/h2>\n<\/div>\n<\/div>\n<\/div>\n<div class=\"layoutArea\">\n<div class=\"column\">\n<p><span style=\"color: #808080;\">Erg\u00e4nzend zu unserem schuleigenen \u201eLeseparadies\u201c im Obergeschoss der Lohschule nutzen unsere Klassen auch gerne zus\u00e4tzlich die Ausleihm\u00f6glichkeit von B\u00fcchern in der Stadtb\u00fccherei Dattelns. Unsere Lohschulkinder haben hier die M\u00f6glichkeit, in gr\u00f6\u00dferem Rahmen in einer Vielzahl von B\u00fcchern zu schm\u00f6kern und sich dann ein oder zwei B\u00fccher kostenlos zu entleihen. Gerne werden auch zum Einstieg in den B\u00fcchereiaufbau die Kennenlern-Programme der Stadtb\u00fccherei genutzt. Hierbei wird den Kindern auf spielerisch entdeckende Weise der B\u00fcchereiaufbau nahegebracht. In der Regel wird das Einstiegsprogramm noch durch das Vorlesen eines Buches abgerundet. In den Sommerferien wird das Angebot der B\u00fccherei zum Sommerleseclub von einigen Lohschulkindern gerne angenommen.<\/span><\/p>\n<h2>Musikschule<\/h2>\n<p><span style=\"color: #808080;\">Die Lohschule kooperiert mit der Dattelner Musikschule. Im 1. Schuljahr k\u00f6nnen die Lernanf\u00e4nger im Rahmen eines Schnuppertages sechs verschiedene Instrumente kennenlernen und ausprobieren. Entscheiden sich dann die Kinder mit ihren Eltern f\u00fcr ein Instrument, k\u00f6nnen die Heranwachsenden dieses erlernen. Ab dem 2. Schuljahr wird zudem noch ein Chor seitens der Musikschule angeboten, der in den R\u00e4umen unserer Lohschule nach Unterrichtsschluss stattfindet.<\/span><\/p>\n<\/div>\n<\/div>\n<\/div>\n<div class=\"page\" title=\"Page 2\">\n<div class=\"layoutArea\">\n<div class=\"column\">\n<h2>Landfrauen<\/h2>\n<p><span style=\"color: #808080;\">Die Dattelner Landfrauen kommen zu uns an die Lohschule, um das Wissen der Kinder zur gesunden Ern\u00e4hrung auszubauen. Dies geschieht in der Regel in Absprache im Jahrgang 3 mit der Durchf\u00fchrung des Ern\u00e4hrungsf\u00fchrerscheins. Bei diesen Terminen bereiten die Kinder in der OGS-Mensa miteinander z. B. einen Obstsalat zu und verzehren diesen. Weiterf\u00fchrend wird dann z. B. in den F\u00e4chern Deutsch und Sachunterricht an den jeweiligen Themen gearbeitet (s. auch Punkt 6.1.1 unseres Schulprogramms).<\/span><\/p>\n<h2>Polizei und Feuerwehr<\/h2>\n<p><span style=\"color: #808080;\">Die Polizei und Feuerwehr unterst\u00fctzen unsere Arbeit mit den Kindern zu den jeweiligen Unterrichtsschwerpunkten. Die Polizei kommt z. B. zur Schulwegbegehung im Jahrgang 1 in die Lohschule oder unterst\u00fctzt uns j\u00e4hrlich zum anstehenden Radfahrtraining der Viertkl\u00e4ssler in der Schule. Die Kinder k\u00f6nnen dabei im Stra\u00dfenverkehr die verkehrssichere Nutzung mit ihrem Fahrrad trainieren. Dar\u00fcber hinaus stellen sie die Materialien f\u00fcr den schriftlichen Teil der Radfahrpr\u00fcfung zur Verf\u00fcgung.<\/span><\/p>\n<p><span style=\"color: #808080;\">Die Dattelner Feuerwehr kann im Rahmen der Brandschutzerziehung ebenfalls von unseren Sch\u00fclerinnen und Sch\u00fclern besucht werden. Auch bei unseren mehrmals j\u00e4hrlich stattfindenden Brandschutz\u00fcbungen unterst\u00fctzt uns die Dattelner Feuerwehr.<\/span><\/p>\n<h2>Dattelner Morgenpost<\/h2>\n<\/div>\n<\/div>\n<div class=\"section\">\n<div class=\"section\">\n<div class=\"layoutArea\">\n<div class=\"column\">\n<p><span style=\"color: #808080;\">Im 4. Schuljahr nehmen unsere Lohschulkinder am Zeitungsprojekt der Dattelner Morgenpost des Medienhauses Bauer teil. Im Rahmen dessen lesen die Kinder nicht nur die ihnen kostenlos zur Verf\u00fcgung gestellte Zeitung im Klassenverband, sondern lernen dabei auch alles Wichtige rund um die Zeitung und das Pressewesen kennen. Bei dem Besuch eines Redakteurs der Dattelner Morgenpost k\u00f6nnen die Kinder zu Beginn des Projektes alle Fragen stellen, die sie zum Thema \u201eZeitung\u201c besch\u00e4ftigen. Dabei erhalten unsere Lohschulkinder auch wertvolle Tipps zum Schreiben eines Artikels. Denn im Rahmen des Projektes werden sie selber zu kleinen Redakteuren und haben die M\u00f6glichkeit, zu einem selbst gew\u00e4hlten Thema zu recherchieren und zu schreiben. Das nutzen viele Lohschulkinder. Umso mehr freuen sich alle, wenn ihre selbst geschriebenen Artikel in der\u00a0<span style=\"font-size: inherit;\">Zeitung zu lesen sind.<\/span><\/span><\/p>\n<\/div>\n<\/div>\n<\/div>\n<\/div>\n<\/div>","protected":false},"excerpt":{"rendered":"<p>Unserer Lohschule ist die Vernetzung zu au\u00dferschulischen Partnern sehr wichtig. So arbeiten wir mit verschiedenen Institutionen zusammen: Kirchengemeinde Sankt Amandus Die Zusammenarbeit mit der Kirchengemeinde Sankt Amandus liegt uns sehr am Herzen. Einzelheiten zu unserer Zusammenarbeit k\u00f6nnen Sie dem Punkt 3.8 unseres Lohschul-Schulprogramms entnehmen. Kindertageseinrichtungen Die Lohschule arbeitet eng mit den Kindertagesst\u00e4tten in ihrem Einzugsgebiet [&hellip;]<\/p>\n","protected":false},"author":3,"featured_media":0,"parent":0,"menu_order":0,"comment_status":"closed","ping_status":"closed","template":"","meta":{"footnotes":""},"class_list":["post-9219","page","type-page","status-publish","hentry"],"yoast_head":"<!-- This site is optimized with the Yoast SEO plugin v27.4 - https:\/\/yoast.com\/product\/yoast-seo-wordpress\/ -->\n<title>Zusammenarbeit mit au\u00dferschulischen Partnern - Lohschule Datteln<\/title>\n<meta name=\"robots\" content=\"index, follow, max-snippet:-1, max-image-preview:large, max-video-preview:-1\" \/>\n<link rel=\"canonical\" href=\"https:\/\/www.lohschule-datteln.de\/index.php\/10-zusammenarbeit-mit-ausserschulischen-partnern\/\" \/>\n<meta property=\"og:locale\" content=\"de_DE\" \/>\n<meta property=\"og:type\" content=\"article\" \/>\n<meta property=\"og:title\" content=\"Zusammenarbeit mit au\u00dferschulischen Partnern - Lohschule Datteln\" \/>\n<meta property=\"og:description\" content=\"Unserer Lohschule ist die Vernetzung zu au\u00dferschulischen Partnern sehr wichtig. So arbeiten wir mit verschiedenen Institutionen zusammen: Kirchengemeinde Sankt Amandus Die Zusammenarbeit mit der Kirchengemeinde Sankt Amandus liegt uns sehr am Herzen. Einzelheiten zu unserer Zusammenarbeit k\u00f6nnen Sie dem Punkt 3.8 unseres Lohschul-Schulprogramms entnehmen. Kindertageseinrichtungen Die Lohschule arbeitet eng mit den Kindertagesst\u00e4tten in ihrem Einzugsgebiet [&hellip;]\" \/>\n<meta property=\"og:url\" content=\"https:\/\/www.lohschule-datteln.de\/index.php\/10-zusammenarbeit-mit-ausserschulischen-partnern\/\" \/>\n<meta property=\"og:site_name\" content=\"Lohschule Datteln\" \/>\n<meta property=\"article:modified_time\" content=\"2024-08-13T10:27:02+00:00\" \/>\n<meta name=\"twitter:card\" content=\"summary_large_image\" \/>\n<meta name=\"twitter:label1\" content=\"Gesch\u00e4tzte Lesezeit\" \/>\n\t<meta name=\"twitter:data1\" content=\"4\u00a0Minuten\" \/>\n<script type=\"application\/ld+json\" class=\"yoast-schema-graph\">{\"@context\":\"https:\\\/\\\/schema.org\",\"@graph\":[{\"@type\":\"WebPage\",\"@id\":\"https:\\\/\\\/www.lohschule-datteln.de\\\/index.php\\\/10-zusammenarbeit-mit-ausserschulischen-partnern\\\/\",\"url\":\"https:\\\/\\\/www.lohschule-datteln.de\\\/index.php\\\/10-zusammenarbeit-mit-ausserschulischen-partnern\\\/\",\"name\":\"Zusammenarbeit mit au\u00dferschulischen Partnern - Lohschule Datteln\",\"isPartOf\":{\"@id\":\"https:\\\/\\\/www.lohschule-datteln.de\\\/#website\"},\"datePublished\":\"2020-06-25T21:56:51+00:00\",\"dateModified\":\"2024-08-13T10:27:02+00:00\",\"breadcrumb\":{\"@id\":\"https:\\\/\\\/www.lohschule-datteln.de\\\/index.php\\\/10-zusammenarbeit-mit-ausserschulischen-partnern\\\/#breadcrumb\"},\"inLanguage\":\"de\",\"potentialAction\":[{\"@type\":\"ReadAction\",\"target\":[\"https:\\\/\\\/www.lohschule-datteln.de\\\/index.php\\\/10-zusammenarbeit-mit-ausserschulischen-partnern\\\/\"]}]},{\"@type\":\"BreadcrumbList\",\"@id\":\"https:\\\/\\\/www.lohschule-datteln.de\\\/index.php\\\/10-zusammenarbeit-mit-ausserschulischen-partnern\\\/#breadcrumb\",\"itemListElement\":[{\"@type\":\"ListItem\",\"position\":1,\"name\":\"Startseite\",\"item\":\"https:\\\/\\\/www.lohschule-datteln.de\\\/\"},{\"@type\":\"ListItem\",\"position\":2,\"name\":\"Zusammenarbeit mit au\u00dferschulischen Partnern\"}]},{\"@type\":\"WebSite\",\"@id\":\"https:\\\/\\\/www.lohschule-datteln.de\\\/#website\",\"url\":\"https:\\\/\\\/www.lohschule-datteln.de\\\/\",\"name\":\"Lohschule Datteln\",\"description\":\"kath. Grundschule\",\"publisher\":{\"@id\":\"https:\\\/\\\/www.lohschule-datteln.de\\\/#organization\"},\"potentialAction\":[{\"@type\":\"SearchAction\",\"target\":{\"@type\":\"EntryPoint\",\"urlTemplate\":\"https:\\\/\\\/www.lohschule-datteln.de\\\/?s={search_term_string}\"},\"query-input\":{\"@type\":\"PropertyValueSpecification\",\"valueRequired\":true,\"valueName\":\"search_term_string\"}}],\"inLanguage\":\"de\"},{\"@type\":\"Organization\",\"@id\":\"https:\\\/\\\/www.lohschule-datteln.de\\\/#organization\",\"name\":\"Lohschule -katholische Grundschule Datteln\",\"url\":\"https:\\\/\\\/www.lohschule-datteln.de\\\/\",\"logo\":{\"@type\":\"ImageObject\",\"inLanguage\":\"de\",\"@id\":\"https:\\\/\\\/www.lohschule-datteln.de\\\/#\\\/schema\\\/logo\\\/image\\\/\",\"url\":\"http:\\\/\\\/www.lohschule-datteln.de\\\/wp-content\\\/uploads\\\/2016\\\/02\\\/Loh-neu-2016.jpg\",\"contentUrl\":\"http:\\\/\\\/www.lohschule-datteln.de\\\/wp-content\\\/uploads\\\/2016\\\/02\\\/Loh-neu-2016.jpg\",\"width\":448,\"height\":252,\"caption\":\"Lohschule -katholische Grundschule Datteln\"},\"image\":{\"@id\":\"https:\\\/\\\/www.lohschule-datteln.de\\\/#\\\/schema\\\/logo\\\/image\\\/\"}}]}<\/script>\n<!-- \/ Yoast SEO plugin. -->","yoast_head_json":{"title":"Zusammenarbeit mit au\u00dferschulischen Partnern - Lohschule Datteln","robots":{"index":"index","follow":"follow","max-snippet":"max-snippet:-1","max-image-preview":"max-image-preview:large","max-video-preview":"max-video-preview:-1"},"canonical":"https:\/\/www.lohschule-datteln.de\/index.php\/10-zusammenarbeit-mit-ausserschulischen-partnern\/","og_locale":"de_DE","og_type":"article","og_title":"Zusammenarbeit mit au\u00dferschulischen Partnern - Lohschule Datteln","og_description":"Unserer Lohschule ist die Vernetzung zu au\u00dferschulischen Partnern sehr wichtig. So arbeiten wir mit verschiedenen Institutionen zusammen: Kirchengemeinde Sankt Amandus Die Zusammenarbeit mit der Kirchengemeinde Sankt Amandus liegt uns sehr am Herzen. Einzelheiten zu unserer Zusammenarbeit k\u00f6nnen Sie dem Punkt 3.8 unseres Lohschul-Schulprogramms entnehmen. Kindertageseinrichtungen Die Lohschule arbeitet eng mit den Kindertagesst\u00e4tten in ihrem Einzugsgebiet [&hellip;]","og_url":"https:\/\/www.lohschule-datteln.de\/index.php\/10-zusammenarbeit-mit-ausserschulischen-partnern\/","og_site_name":"Lohschule Datteln","article_modified_time":"2024-08-13T10:27:02+00:00","twitter_card":"summary_large_image","twitter_misc":{"Gesch\u00e4tzte Lesezeit":"4\u00a0Minuten"},"schema":{"@context":"https:\/\/schema.org","@graph":[{"@type":"WebPage","@id":"https:\/\/www.lohschule-datteln.de\/index.php\/10-zusammenarbeit-mit-ausserschulischen-partnern\/","url":"https:\/\/www.lohschule-datteln.de\/index.php\/10-zusammenarbeit-mit-ausserschulischen-partnern\/","name":"Zusammenarbeit mit au\u00dferschulischen Partnern - Lohschule Datteln","isPartOf":{"@id":"https:\/\/www.lohschule-datteln.de\/#website"},"datePublished":"2020-06-25T21:56:51+00:00","dateModified":"2024-08-13T10:27:02+00:00","breadcrumb":{"@id":"https:\/\/www.lohschule-datteln.de\/index.php\/10-zusammenarbeit-mit-ausserschulischen-partnern\/#breadcrumb"},"inLanguage":"de","potentialAction":[{"@type":"ReadAction","target":["https:\/\/www.lohschule-datteln.de\/index.php\/10-zusammenarbeit-mit-ausserschulischen-partnern\/"]}]},{"@type":"BreadcrumbList","@id":"https:\/\/www.lohschule-datteln.de\/index.php\/10-zusammenarbeit-mit-ausserschulischen-partnern\/#breadcrumb","itemListElement":[{"@type":"ListItem","position":1,"name":"Startseite","item":"https:\/\/www.lohschule-datteln.de\/"},{"@type":"ListItem","position":2,"name":"Zusammenarbeit mit au\u00dferschulischen Partnern"}]},{"@type":"WebSite","@id":"https:\/\/www.lohschule-datteln.de\/#website","url":"https:\/\/www.lohschule-datteln.de\/","name":"Lohschule Datteln","description":"kath. Grundschule","publisher":{"@id":"https:\/\/www.lohschule-datteln.de\/#organization"},"potentialAction":[{"@type":"SearchAction","target":{"@type":"EntryPoint","urlTemplate":"https:\/\/www.lohschule-datteln.de\/?s={search_term_string}"},"query-input":{"@type":"PropertyValueSpecification","valueRequired":true,"valueName":"search_term_string"}}],"inLanguage":"de"},{"@type":"Organization","@id":"https:\/\/www.lohschule-datteln.de\/#organization","name":"Lohschule -katholische Grundschule Datteln","url":"https:\/\/www.lohschule-datteln.de\/","logo":{"@type":"ImageObject","inLanguage":"de","@id":"https:\/\/www.lohschule-datteln.de\/#\/schema\/logo\/image\/","url":"http:\/\/www.lohschule-datteln.de\/wp-content\/uploads\/2016\/02\/Loh-neu-2016.jpg","contentUrl":"http:\/\/www.lohschule-datteln.de\/wp-content\/uploads\/2016\/02\/Loh-neu-2016.jpg","width":448,"height":252,"caption":"Lohschule -katholische Grundschule Datteln"},"image":{"@id":"https:\/\/www.lohschule-datteln.de\/#\/schema\/logo\/image\/"}}]}},"_links":{"self":[{"href":"https:\/\/www.lohschule-datteln.de\/index.php\/wp-json\/wp\/v2\/pages\/9219","targetHints":{"allow":["GET"]}}],"collection":[{"href":"https:\/\/www.lohschule-datteln.de\/index.php\/wp-json\/wp\/v2\/pages"}],"about":[{"href":"https:\/\/www.lohschule-datteln.de\/index.php\/wp-json\/wp\/v2\/types\/page"}],"author":[{"embeddable":true,"href":"https:\/\/www.lohschule-datteln.de\/index.php\/wp-json\/wp\/v2\/users\/3"}],"replies":[{"embeddable":true,"href":"https:\/\/www.lohschule-datteln.de\/index.php\/wp-json\/wp\/v2\/comments?post=9219"}],"version-history":[{"count":18,"href":"https:\/\/www.lohschule-datteln.de\/index.php\/wp-json\/wp\/v2\/pages\/9219\/revisions"}],"predecessor-version":[{"id":13922,"href":"https:\/\/www.lohschule-datteln.de\/index.php\/wp-json\/wp\/v2\/pages\/9219\/revisions\/13922"}],"wp:attachment":[{"href":"https:\/\/www.lohschule-datteln.de\/index.php\/wp-json\/wp\/v2\/media?parent=9219"}],"curies":[{"name":"wp","href":"https:\/\/api.w.org\/{rel}","templated":true}]}}