{"id":9705,"date":"2020-11-20T15:27:53","date_gmt":"2020-11-20T14:27:53","guid":{"rendered":"http:\/\/www.lohschule-datteln.de\/?page_id=9705"},"modified":"2020-11-20T19:22:49","modified_gmt":"2020-11-20T18:22:49","slug":"vorlesetag-2020","status":"publish","type":"page","link":"https:\/\/www.lohschule-datteln.de\/index.php\/vorlesetag-2020\/","title":{"rendered":"Vorlesetag 2020"},"content":{"rendered":"\n<div class=\"wp-block-image\"><figure class=\"aligncenter size-large\"><img decoding=\"async\" src=\"https:\/\/www.lohschule-datteln.de\/wp-content\/uploads\/2020\/11\/Vorlesetag-2020.jpeg\" alt=\"\" class=\"wp-image-9701\"\/><\/figure><\/div>\n\n\n<p><span style=\"color: #808080;\">Am Freitag, den 20.11.2020, war Vorlesetag. Endlich mal wieder ein Highlight am Unterrichtsvormittag!<\/span><\/p>\n<p><span style=\"color: #808080;\">Wenn in den letzten Monaten viele Aktivit\u00e4ten auch nicht stattfinden konnten, der Vorlesemorgen musste <em>nicht<\/em> ausfallen. Viele Kinder kamen am Morgen mit einer Extra-Tasche zur Schule. In dieser war meist ein kleines Kissen, denn wer wollte, durfte es sich in der Vorlesezeit gem\u00fctlich machen. Wohlgemerkt: Wer wollte&#8230; Es war keine Pflicht.<\/span><\/p>\n<p><span style=\"color: #808080;\">Manche Kinder fragten schon am Tag zuvor, ob sie denn beim Zuh\u00f6ren auch malen d\u00fcrften. Sicherlich war auch das m\u00f6glich. Wichtig war, dass jedes Kind eine m\u00f6glichst sch\u00f6ne Zeit beim Zuh\u00f6ren hatte.<\/span><\/p>\n<p><span style=\"color: #808080;\">Da in diesem Jahr nur klassenweise vorgelesen werden konnte, kam es nicht &#8222;auf die Minute&#8220; an, da ja niemand wieder in seine eigene Klasse zur\u00fcckkehren musste. So wurde hier und da auch schon einmal etwas l\u00e4nger vorgelesen, oder es gab den ganzen Vormittag \u00fcber immer wieder kleinere Vorlesezeiten. In manchen Klassen konnten die Kinder auch in verschiedene B\u00fccherwelten eintauchen.<\/span><\/p>\n<p><span style=\"color: #808080;\">Es hat den Kindern in <em>diesem<\/em> Jahr bestimmt <em>besonders gutgetan<\/em>, sich in die Buchwelt entf\u00fchren lassen zu k\u00f6nnen, denn da gab es mit Sicherheit niemanden, der sagte: &#8222;Setz bitte deine Maske auf und halte Abstand.&#8220;<\/span><\/p>\n\n\n<div class=\"wp-block-image\"><figure class=\"aligncenter size-large is-resized\"><img loading=\"lazy\" decoding=\"async\" src=\"https:\/\/www.lohschule-datteln.de\/wp-content\/uploads\/2020\/11\/Vorlesetag-2020-Teil-2.jpeg\" alt=\"\" class=\"wp-image-9718\" width=\"250\" height=\"352\"\/><\/figure><\/div>\n\n\n\n<figure class=\"wp-block-gallery columns-0 is-cropped wp-block-gallery-1 is-layout-flex wp-block-gallery-is-layout-flex\"><ul class=\"blocks-gallery-grid\"><\/ul><\/figure>\n\n\n\n<p><\/p>\n\n\n\n<p><\/p>\n\n\n\n<p><\/p>\n\n\n\n<p><\/p>\n\n\n\n<p><\/p>\n","protected":false},"excerpt":{"rendered":"<p>Am Freitag, den 20.11.2020, war Vorlesetag. Endlich mal wieder ein Highlight am Unterrichtsvormittag! Wenn in den letzten Monaten viele Aktivit\u00e4ten auch nicht stattfinden konnten, der Vorlesemorgen musste nicht ausfallen. Viele Kinder kamen am Morgen mit einer Extra-Tasche zur Schule. In dieser war meist ein kleines Kissen, denn wer wollte, durfte es sich in der Vorlesezeit [&hellip;]<\/p>\n","protected":false},"author":3,"featured_media":0,"parent":0,"menu_order":0,"comment_status":"closed","ping_status":"closed","template":"","meta":{"footnotes":""},"class_list":["post-9705","page","type-page","status-publish","hentry"],"yoast_head":"<!-- This site is optimized with the Yoast SEO plugin v27.5 - https:\/\/yoast.com\/product\/yoast-seo-wordpress\/ -->\n<title>Vorlesetag 2020 - Lohschule Datteln<\/title>\n<meta name=\"robots\" content=\"index, follow, max-snippet:-1, max-image-preview:large, max-video-preview:-1\" \/>\n<link rel=\"canonical\" href=\"https:\/\/www.lohschule-datteln.de\/index.php\/vorlesetag-2020\/\" \/>\n<meta property=\"og:locale\" content=\"de_DE\" \/>\n<meta property=\"og:type\" content=\"article\" \/>\n<meta property=\"og:title\" content=\"Vorlesetag 2020 - Lohschule Datteln\" \/>\n<meta property=\"og:description\" content=\"Am Freitag, den 20.11.2020, war Vorlesetag. Endlich mal wieder ein Highlight am Unterrichtsvormittag! Wenn in den letzten Monaten viele Aktivit\u00e4ten auch nicht stattfinden konnten, der Vorlesemorgen musste nicht ausfallen. Viele Kinder kamen am Morgen mit einer Extra-Tasche zur Schule. In dieser war meist ein kleines Kissen, denn wer wollte, durfte es sich in der Vorlesezeit [&hellip;]\" \/>\n<meta property=\"og:url\" content=\"https:\/\/www.lohschule-datteln.de\/index.php\/vorlesetag-2020\/\" \/>\n<meta property=\"og:site_name\" content=\"Lohschule Datteln\" \/>\n<meta property=\"article:modified_time\" content=\"2020-11-20T18:22:49+00:00\" \/>\n<meta property=\"og:image\" content=\"http:\/\/www.lohschule-datteln.de\/wp-content\/uploads\/2020\/11\/Vorlesetag-2020.jpeg\" \/>\n<meta name=\"twitter:card\" content=\"summary_large_image\" \/>\n<meta name=\"twitter:label1\" content=\"Gesch\u00e4tzte Lesezeit\" \/>\n\t<meta name=\"twitter:data1\" content=\"1\u00a0Minute\" \/>\n<script type=\"application\/ld+json\" class=\"yoast-schema-graph\">{\"@context\":\"https:\\\/\\\/schema.org\",\"@graph\":[{\"@type\":\"WebPage\",\"@id\":\"https:\\\/\\\/www.lohschule-datteln.de\\\/index.php\\\/vorlesetag-2020\\\/\",\"url\":\"https:\\\/\\\/www.lohschule-datteln.de\\\/index.php\\\/vorlesetag-2020\\\/\",\"name\":\"Vorlesetag 2020 - Lohschule Datteln\",\"isPartOf\":{\"@id\":\"https:\\\/\\\/www.lohschule-datteln.de\\\/#website\"},\"primaryImageOfPage\":{\"@id\":\"https:\\\/\\\/www.lohschule-datteln.de\\\/index.php\\\/vorlesetag-2020\\\/#primaryimage\"},\"image\":{\"@id\":\"https:\\\/\\\/www.lohschule-datteln.de\\\/index.php\\\/vorlesetag-2020\\\/#primaryimage\"},\"thumbnailUrl\":\"http:\\\/\\\/www.lohschule-datteln.de\\\/wp-content\\\/uploads\\\/2020\\\/11\\\/Vorlesetag-2020.jpeg\",\"datePublished\":\"2020-11-20T14:27:53+00:00\",\"dateModified\":\"2020-11-20T18:22:49+00:00\",\"breadcrumb\":{\"@id\":\"https:\\\/\\\/www.lohschule-datteln.de\\\/index.php\\\/vorlesetag-2020\\\/#breadcrumb\"},\"inLanguage\":\"de\",\"potentialAction\":[{\"@type\":\"ReadAction\",\"target\":[\"https:\\\/\\\/www.lohschule-datteln.de\\\/index.php\\\/vorlesetag-2020\\\/\"]}]},{\"@type\":\"ImageObject\",\"inLanguage\":\"de\",\"@id\":\"https:\\\/\\\/www.lohschule-datteln.de\\\/index.php\\\/vorlesetag-2020\\\/#primaryimage\",\"url\":\"http:\\\/\\\/www.lohschule-datteln.de\\\/wp-content\\\/uploads\\\/2020\\\/11\\\/Vorlesetag-2020.jpeg\",\"contentUrl\":\"http:\\\/\\\/www.lohschule-datteln.de\\\/wp-content\\\/uploads\\\/2020\\\/11\\\/Vorlesetag-2020.jpeg\"},{\"@type\":\"BreadcrumbList\",\"@id\":\"https:\\\/\\\/www.lohschule-datteln.de\\\/index.php\\\/vorlesetag-2020\\\/#breadcrumb\",\"itemListElement\":[{\"@type\":\"ListItem\",\"position\":1,\"name\":\"Startseite\",\"item\":\"https:\\\/\\\/www.lohschule-datteln.de\\\/\"},{\"@type\":\"ListItem\",\"position\":2,\"name\":\"Vorlesetag 2020\"}]},{\"@type\":\"WebSite\",\"@id\":\"https:\\\/\\\/www.lohschule-datteln.de\\\/#website\",\"url\":\"https:\\\/\\\/www.lohschule-datteln.de\\\/\",\"name\":\"Lohschule Datteln\",\"description\":\"kath. Grundschule\",\"publisher\":{\"@id\":\"https:\\\/\\\/www.lohschule-datteln.de\\\/#organization\"},\"potentialAction\":[{\"@type\":\"SearchAction\",\"target\":{\"@type\":\"EntryPoint\",\"urlTemplate\":\"https:\\\/\\\/www.lohschule-datteln.de\\\/?s={search_term_string}\"},\"query-input\":{\"@type\":\"PropertyValueSpecification\",\"valueRequired\":true,\"valueName\":\"search_term_string\"}}],\"inLanguage\":\"de\"},{\"@type\":\"Organization\",\"@id\":\"https:\\\/\\\/www.lohschule-datteln.de\\\/#organization\",\"name\":\"Lohschule -katholische Grundschule Datteln\",\"url\":\"https:\\\/\\\/www.lohschule-datteln.de\\\/\",\"logo\":{\"@type\":\"ImageObject\",\"inLanguage\":\"de\",\"@id\":\"https:\\\/\\\/www.lohschule-datteln.de\\\/#\\\/schema\\\/logo\\\/image\\\/\",\"url\":\"http:\\\/\\\/www.lohschule-datteln.de\\\/wp-content\\\/uploads\\\/2016\\\/02\\\/Loh-neu-2016.jpg\",\"contentUrl\":\"http:\\\/\\\/www.lohschule-datteln.de\\\/wp-content\\\/uploads\\\/2016\\\/02\\\/Loh-neu-2016.jpg\",\"width\":448,\"height\":252,\"caption\":\"Lohschule -katholische Grundschule Datteln\"},\"image\":{\"@id\":\"https:\\\/\\\/www.lohschule-datteln.de\\\/#\\\/schema\\\/logo\\\/image\\\/\"}}]}<\/script>\n<!-- \/ Yoast SEO plugin. -->","yoast_head_json":{"title":"Vorlesetag 2020 - Lohschule Datteln","robots":{"index":"index","follow":"follow","max-snippet":"max-snippet:-1","max-image-preview":"max-image-preview:large","max-video-preview":"max-video-preview:-1"},"canonical":"https:\/\/www.lohschule-datteln.de\/index.php\/vorlesetag-2020\/","og_locale":"de_DE","og_type":"article","og_title":"Vorlesetag 2020 - Lohschule Datteln","og_description":"Am Freitag, den 20.11.2020, war Vorlesetag. Endlich mal wieder ein Highlight am Unterrichtsvormittag! Wenn in den letzten Monaten viele Aktivit\u00e4ten auch nicht stattfinden konnten, der Vorlesemorgen musste nicht ausfallen. Viele Kinder kamen am Morgen mit einer Extra-Tasche zur Schule. In dieser war meist ein kleines Kissen, denn wer wollte, durfte es sich in der Vorlesezeit [&hellip;]","og_url":"https:\/\/www.lohschule-datteln.de\/index.php\/vorlesetag-2020\/","og_site_name":"Lohschule Datteln","article_modified_time":"2020-11-20T18:22:49+00:00","og_image":[{"url":"http:\/\/www.lohschule-datteln.de\/wp-content\/uploads\/2020\/11\/Vorlesetag-2020.jpeg","type":"","width":"","height":""}],"twitter_card":"summary_large_image","twitter_misc":{"Gesch\u00e4tzte Lesezeit":"1\u00a0Minute"},"schema":{"@context":"https:\/\/schema.org","@graph":[{"@type":"WebPage","@id":"https:\/\/www.lohschule-datteln.de\/index.php\/vorlesetag-2020\/","url":"https:\/\/www.lohschule-datteln.de\/index.php\/vorlesetag-2020\/","name":"Vorlesetag 2020 - Lohschule Datteln","isPartOf":{"@id":"https:\/\/www.lohschule-datteln.de\/#website"},"primaryImageOfPage":{"@id":"https:\/\/www.lohschule-datteln.de\/index.php\/vorlesetag-2020\/#primaryimage"},"image":{"@id":"https:\/\/www.lohschule-datteln.de\/index.php\/vorlesetag-2020\/#primaryimage"},"thumbnailUrl":"http:\/\/www.lohschule-datteln.de\/wp-content\/uploads\/2020\/11\/Vorlesetag-2020.jpeg","datePublished":"2020-11-20T14:27:53+00:00","dateModified":"2020-11-20T18:22:49+00:00","breadcrumb":{"@id":"https:\/\/www.lohschule-datteln.de\/index.php\/vorlesetag-2020\/#breadcrumb"},"inLanguage":"de","potentialAction":[{"@type":"ReadAction","target":["https:\/\/www.lohschule-datteln.de\/index.php\/vorlesetag-2020\/"]}]},{"@type":"ImageObject","inLanguage":"de","@id":"https:\/\/www.lohschule-datteln.de\/index.php\/vorlesetag-2020\/#primaryimage","url":"http:\/\/www.lohschule-datteln.de\/wp-content\/uploads\/2020\/11\/Vorlesetag-2020.jpeg","contentUrl":"http:\/\/www.lohschule-datteln.de\/wp-content\/uploads\/2020\/11\/Vorlesetag-2020.jpeg"},{"@type":"BreadcrumbList","@id":"https:\/\/www.lohschule-datteln.de\/index.php\/vorlesetag-2020\/#breadcrumb","itemListElement":[{"@type":"ListItem","position":1,"name":"Startseite","item":"https:\/\/www.lohschule-datteln.de\/"},{"@type":"ListItem","position":2,"name":"Vorlesetag 2020"}]},{"@type":"WebSite","@id":"https:\/\/www.lohschule-datteln.de\/#website","url":"https:\/\/www.lohschule-datteln.de\/","name":"Lohschule Datteln","description":"kath. Grundschule","publisher":{"@id":"https:\/\/www.lohschule-datteln.de\/#organization"},"potentialAction":[{"@type":"SearchAction","target":{"@type":"EntryPoint","urlTemplate":"https:\/\/www.lohschule-datteln.de\/?s={search_term_string}"},"query-input":{"@type":"PropertyValueSpecification","valueRequired":true,"valueName":"search_term_string"}}],"inLanguage":"de"},{"@type":"Organization","@id":"https:\/\/www.lohschule-datteln.de\/#organization","name":"Lohschule -katholische Grundschule Datteln","url":"https:\/\/www.lohschule-datteln.de\/","logo":{"@type":"ImageObject","inLanguage":"de","@id":"https:\/\/www.lohschule-datteln.de\/#\/schema\/logo\/image\/","url":"http:\/\/www.lohschule-datteln.de\/wp-content\/uploads\/2016\/02\/Loh-neu-2016.jpg","contentUrl":"http:\/\/www.lohschule-datteln.de\/wp-content\/uploads\/2016\/02\/Loh-neu-2016.jpg","width":448,"height":252,"caption":"Lohschule -katholische Grundschule Datteln"},"image":{"@id":"https:\/\/www.lohschule-datteln.de\/#\/schema\/logo\/image\/"}}]}},"_links":{"self":[{"href":"https:\/\/www.lohschule-datteln.de\/index.php\/wp-json\/wp\/v2\/pages\/9705","targetHints":{"allow":["GET"]}}],"collection":[{"href":"https:\/\/www.lohschule-datteln.de\/index.php\/wp-json\/wp\/v2\/pages"}],"about":[{"href":"https:\/\/www.lohschule-datteln.de\/index.php\/wp-json\/wp\/v2\/types\/page"}],"author":[{"embeddable":true,"href":"https:\/\/www.lohschule-datteln.de\/index.php\/wp-json\/wp\/v2\/users\/3"}],"replies":[{"embeddable":true,"href":"https:\/\/www.lohschule-datteln.de\/index.php\/wp-json\/wp\/v2\/comments?post=9705"}],"version-history":[{"count":8,"href":"https:\/\/www.lohschule-datteln.de\/index.php\/wp-json\/wp\/v2\/pages\/9705\/revisions"}],"predecessor-version":[{"id":9721,"href":"https:\/\/www.lohschule-datteln.de\/index.php\/wp-json\/wp\/v2\/pages\/9705\/revisions\/9721"}],"wp:attachment":[{"href":"https:\/\/www.lohschule-datteln.de\/index.php\/wp-json\/wp\/v2\/media?parent=9705"}],"curies":[{"name":"wp","href":"https:\/\/api.w.org\/{rel}","templated":true}]}}

<div class="wp-block-image"><figure class="aligncenter size-large"><img decoding="async" src="https://www.lohschule-datteln.de/wp-content/uploads/2020/11/Vorlesetag-2020.jpeg" alt="" class="wp-image-9701"/></figure></div>


<p><span style="color: #808080;">Am Freitag, den 20.11.2020, war Vorlesetag. Endlich mal wieder ein Highlight am Unterrichtsvormittag!</span></p>
<p><span style="color: #808080;">Wenn in den letzten Monaten viele Aktivitäten auch nicht stattfinden konnten, der Vorlesemorgen musste <em>nicht</em> ausfallen. Viele Kinder kamen am Morgen mit einer Extra-Tasche zur Schule. In dieser war meist ein kleines Kissen, denn wer wollte, durfte es sich in der Vorlesezeit gemütlich machen. Wohlgemerkt: Wer wollte&#8230; Es war keine Pflicht.</span></p>
<p><span style="color: #808080;">Manche Kinder fragten schon am Tag zuvor, ob sie denn beim Zuhören auch malen dürften. Sicherlich war auch das möglich. Wichtig war, dass jedes Kind eine möglichst schöne Zeit beim Zuhören hatte.</span></p>
<p><span style="color: #808080;">Da in diesem Jahr nur klassenweise vorgelesen werden konnte, kam es nicht &#8222;auf die Minute&#8220; an, da ja niemand wieder in seine eigene Klasse zurückkehren musste. So wurde hier und da auch schon einmal etwas länger vorgelesen, oder es gab den ganzen Vormittag über immer wieder kleinere Vorlesezeiten. In manchen Klassen konnten die Kinder auch in verschiedene Bücherwelten eintauchen.</span></p>
<p><span style="color: #808080;">Es hat den Kindern in <em>diesem</em> Jahr bestimmt <em>besonders gutgetan</em>, sich in die Buchwelt entführen lassen zu können, denn da gab es mit Sicherheit niemanden, der sagte: &#8222;Setz bitte deine Maske auf und halte Abstand.&#8220;</span></p>


<div class="wp-block-image"><figure class="aligncenter size-large is-resized"><img loading="lazy" decoding="async" src="https://www.lohschule-datteln.de/wp-content/uploads/2020/11/Vorlesetag-2020-Teil-2.jpeg" alt="" class="wp-image-9718" width="250" height="352"/></figure></div>



<figure class="wp-block-gallery columns-0 is-cropped wp-block-gallery-1 is-layout-flex wp-block-gallery-is-layout-flex"><ul class="blocks-gallery-grid"></ul></figure>



<p></p>



<p></p>



<p></p>



<p></p>



<p></p>

<p>Am Freitag, den 20.11.2020, war Vorlesetag. Endlich mal wieder ein Highlight am Unterrichtsvormittag! Wenn in den letzten Monaten viele Aktivitäten auch nicht stattfinden konnten, der Vorlesemorgen musste nicht ausfallen. Viele Kinder kamen am Morgen mit einer Extra-Tasche zur Schule. In dieser war meist ein kleines Kissen, denn wer wollte, durfte es sich in der Vorlesezeit [&hellip;]</p>

<!-- This site is optimized with the Yoast SEO plugin v27.5 - https://yoast.com/product/yoast-seo-wordpress/ -->
<title>Vorlesetag 2020 - Lohschule Datteln</title>
<meta name="robots" content="index, follow, max-snippet:-1, max-image-preview:large, max-video-preview:-1" />
<link rel="canonical" href="https://www.lohschule-datteln.de/index.php/vorlesetag-2020/" />
<meta property="og:locale" content="de_DE" />
<meta property="og:type" content="article" />
<meta property="og:title" content="Vorlesetag 2020 - Lohschule Datteln" />
<meta property="og:description" content="Am Freitag, den 20.11.2020, war Vorlesetag. Endlich mal wieder ein Highlight am Unterrichtsvormittag! Wenn in den letzten Monaten viele Aktivitäten auch nicht stattfinden konnten, der Vorlesemorgen musste nicht ausfallen. Viele Kinder kamen am Morgen mit einer Extra-Tasche zur Schule. In dieser war meist ein kleines Kissen, denn wer wollte, durfte es sich in der Vorlesezeit [&hellip;]" />
<meta property="og:url" content="https://www.lohschule-datteln.de/index.php/vorlesetag-2020/" />
<meta property="og:site_name" content="Lohschule Datteln" />
<meta property="article:modified_time" content="2020-11-20T18:22:49+00:00" />
<meta property="og:image" content="http://www.lohschule-datteln.de/wp-content/uploads/2020/11/Vorlesetag-2020.jpeg" />
<meta name="twitter:card" content="summary_large_image" />
<meta name="twitter:label1" content="Geschätzte Lesezeit" />
	<meta name="twitter:data1" content="1 Minute" />
<script type="application/ld+json" class="yoast-schema-graph">{"@context":"https:\/\/schema.org","@graph":[{"@type":"WebPage","@id":"https:\/\/www.lohschule-datteln.de\/index.php\/vorlesetag-2020\/","url":"https:\/\/www.lohschule-datteln.de\/index.php\/vorlesetag-2020\/","name":"Vorlesetag 2020 - Lohschule Datteln","isPartOf":{"@id":"https:\/\/www.lohschule-datteln.de\/#website"},"primaryImageOfPage":{"@id":"https:\/\/www.lohschule-datteln.de\/index.php\/vorlesetag-2020\/#primaryimage"},"image":{"@id":"https:\/\/www.lohschule-datteln.de\/index.php\/vorlesetag-2020\/#primaryimage"},"thumbnailUrl":"http:\/\/www.lohschule-datteln.de\/wp-content\/uploads\/2020\/11\/Vorlesetag-2020.jpeg","datePublished":"2020-11-20T14:27:53+00:00","dateModified":"2020-11-20T18:22:49+00:00","breadcrumb":{"@id":"https:\/\/www.lohschule-datteln.de\/index.php\/vorlesetag-2020\/#breadcrumb"},"inLanguage":"de","potentialAction":[{"@type":"ReadAction","target":["https:\/\/www.lohschule-datteln.de\/index.php\/vorlesetag-2020\/"]}]},{"@type":"ImageObject","inLanguage":"de","@id":"https:\/\/www.lohschule-datteln.de\/index.php\/vorlesetag-2020\/#primaryimage","url":"http:\/\/www.lohschule-datteln.de\/wp-content\/uploads\/2020\/11\/Vorlesetag-2020.jpeg","contentUrl":"http:\/\/www.lohschule-datteln.de\/wp-content\/uploads\/2020\/11\/Vorlesetag-2020.jpeg"},{"@type":"BreadcrumbList","@id":"https:\/\/www.lohschule-datteln.de\/index.php\/vorlesetag-2020\/#breadcrumb","itemListElement":[{"@type":"ListItem","position":1,"name":"Startseite","item":"https:\/\/www.lohschule-datteln.de\/"},{"@type":"ListItem","position":2,"name":"Vorlesetag 2020"}]},{"@type":"WebSite","@id":"https:\/\/www.lohschule-datteln.de\/#website","url":"https:\/\/www.lohschule-datteln.de\/","name":"Lohschule Datteln","description":"kath. Grundschule","publisher":{"@id":"https:\/\/www.lohschule-datteln.de\/#organization"},"potentialAction":[{"@type":"SearchAction","target":{"@type":"EntryPoint","urlTemplate":"https:\/\/www.lohschule-datteln.de\/?s={search_term_string}"},"query-input":{"@type":"PropertyValueSpecification","valueRequired":true,"valueName":"search_term_string"}}],"inLanguage":"de"},{"@type":"Organization","@id":"https:\/\/www.lohschule-datteln.de\/#organization","name":"Lohschule -katholische Grundschule Datteln","url":"https:\/\/www.lohschule-datteln.de\/","logo":{"@type":"ImageObject","inLanguage":"de","@id":"https:\/\/www.lohschule-datteln.de\/#\/schema\/logo\/image\/","url":"http:\/\/www.lohschule-datteln.de\/wp-content\/uploads\/2016\/02\/Loh-neu-2016.jpg","contentUrl":"http:\/\/www.lohschule-datteln.de\/wp-content\/uploads\/2016\/02\/Loh-neu-2016.jpg","width":448,"height":252,"caption":"Lohschule -katholische Grundschule Datteln"},"image":{"@id":"https:\/\/www.lohschule-datteln.de\/#\/schema\/logo\/image\/"}}]}</script>
<!-- / Yoast SEO plugin. -->

Am Freitag, den 20.11.2020, war Vorlesetag. Endlich mal wieder ein Highlight am Unterrichtsvormittag! Wenn in den letzten Monaten viele Aktivitäten auch nicht stattfinden konnten, der Vorlesemorgen musste nicht ausfallen. Viele Kinder kamen am Morgen mit einer Extra-Tasche zur Schule. In dieser war meist ein kleines Kissen, denn wer wollte, durfte es sich in der Vorlesezeit [&hellip;]
